{"id":25,"date":"2020-09-01T22:07:07","date_gmt":"2020-09-01T20:07:07","guid":{"rendered":"https:\/\/vittra.se\/kopieringsunderlag\/?page_id=25"},"modified":"2026-03-18T11:57:35","modified_gmt":"2026-03-18T10:57:35","slug":"grundskola","status":"publish","type":"page","link":"https:\/\/vittra.se\/sodermalm\/om\/grundskola\/","title":{"rendered":"Grundskola"},"content":{"rendered":"\n\t\n\t\n\t\n\n\t\n\t\n\t\t\n<section  class=\"c-block l-stacked  \" data-color-scheme=\"\">\n\t<div class=\"ams-fifty ams-fifty--container ams-fifty--right ams-fifty--bottom l-container u-pt-fluid-2xl-4xl u-pb-fluid-md-xl\">\n\t\t<div class=\"ams-fifty__content l-stack l-stack-xl is-left is-left@lg\">\n\t\t\t<div class=\"ams-fifty__text l-stack l-stack-lg\">\n\t\t\t\t\t\n\t<h2\n\tclass=\"c-heading u-font-title-1 \"\n\tstyle=\"\">\n\t\t\n\t\t\t\t\t\t\t\t\tVittra S\u00f6dermalms grundskola\n\t\t\t\t<span class=\"c-heading__sub is-below u-font-title-3\">\n\t\t\t\t\tMellanstadium och h\u00f6gstadium p\u00e5 S\u00f6dermalm\n\t\t\t\t<\/span>\n\t\t\t\t\t\t\t\n\t<\/h2>\n\n\t\t\t\t\t\t\t\t\t<div class=\"text l-stack u-font-body\">\n\t\t\t\t\t\t<p>P\u00e5 v\u00e5r grundskola p\u00e5 S\u00f6dermalm g\u00e5r elever fr\u00e5n \u00e5rskurs 4\u20139. Inom Vittra st\u00e5r det medvetna l\u00e4randet i fokus \u2013 att eleverna f\u00f6rst blir medvetna om sig sj\u00e4lva och sin utveckling, f\u00f6r att d\u00e4refter l\u00e4ra sig om samh\u00e4llet och hur de kan p\u00e5verka det. Lite l\u00e4ngre ner p\u00e5 denna sidan kan du l\u00e4sa mer om v\u00e5r unika pedagogik och vad den inneb\u00e4r.<\/p>\n\n\t\t\t\t\t<\/div>\n\t\t\t\t\t\t\t<\/div>\n\n\t\t\t\t\t<\/div>\n\n\t\t <div class=\"ams-fifty__media u-ratio-landscape\">\n\t\t \t\t\t\t\t<img decoding=\"async\" width=\"600\" height=\"400\" src=\"https:\/\/vittra.se\/wp-content\/uploads\/sites\/22\/2024\/04\/vittra-skola-stockholm-sodermalm-202204-600x400.jpg\" class=\"attachment-md size-md\" alt=\"Tre mellanstadieelever p\u00e5 Vittra sitter i klassrummet och skriver, en l\u00e4rare sitter bredvid och hj\u00e4lper till.\" sizes=\"(min-width: 64em) 600px, calc(100vw - 160px)\" srcset=\"https:\/\/vittra.se\/wp-content\/uploads\/sites\/22\/2024\/04\/vittra-skola-stockholm-sodermalm-202204-600x400.jpg 600w, https:\/\/vittra.se\/wp-content\/uploads\/sites\/22\/2024\/04\/vittra-skola-stockholm-sodermalm-202204-300x200.jpg 300w, https:\/\/vittra.se\/wp-content\/uploads\/sites\/22\/2024\/04\/vittra-skola-stockholm-sodermalm-202204-400x267.jpg 400w, https:\/\/vittra.se\/wp-content\/uploads\/sites\/22\/2024\/04\/vittra-skola-stockholm-sodermalm-202204-800x533.jpg 800w, https:\/\/vittra.se\/wp-content\/uploads\/sites\/22\/2024\/04\/vittra-skola-stockholm-sodermalm-202204-1024x683.jpg 1024w, https:\/\/vittra.se\/wp-content\/uploads\/sites\/22\/2024\/04\/vittra-skola-stockholm-sodermalm-202204-1200x800.jpg 1200w, https:\/\/vittra.se\/wp-content\/uploads\/sites\/22\/2024\/04\/vittra-skola-stockholm-sodermalm-202204.jpg 1980w\" \/>\n\t\t\t\n\t\t\t\n\t\t\t\t\t<\/div>\n\t<\/div>\n\n\t\t\n\n<\/section>\n\n\n\n\t\n\t\n\t\n\n\t\n\t\n\t\t\n<section  class=\"c-block l-stacked  \" data-color-scheme=\"primar2\">\n\t<div class=\"ams-fifty ams-fifty--container ams-fifty--right ams-fifty--bottom l-container u-pt-fluid-2xl-4xl u-pb-fluid-2xl-4xl\">\n\t\t<div class=\"ams-fifty__content l-stack l-stack-xl is-left is-left@lg\">\n\t\t\t<div class=\"ams-fifty__text l-stack l-stack-lg\">\n\t\t\t\t\t\n\t<h1\n\tclass=\"c-heading u-font-title-1 \"\n\tstyle=\"\">\n\t\t\n\t\t\t\t\t\t\t\t\tEn vanlig dag \n\t\t\t\t<span class=\"c-heading__sub is-below u-font-title-3\">\n\t\t\t\t\tP\u00e5 v\u00e5rt mellanstadium\n\t\t\t\t<\/span>\n\t\t\t\t\t\t\t\n\t<\/h1>\n\n\t\t\t\t\t\t\t\t\t<div class=\"text l-stack u-font-body\">\n\t\t\t\t\t\t<p><b>Vi startar upp dagen med fokus och struktur<\/b><b><br \/>\n<\/b><span style=\"font-weight: 400;\">Varje dag b\u00f6rjar i hemklassrummet, d\u00e4r vi tillsammans skapar struktur och lugn. Det f\u00f6rsta eleverna g\u00f6r \u00e4r att l\u00e4mna in sina mobiltelefoner i mobilsk\u00e5pet \u2013 en enkel vana som hj\u00e4lper oss att fokusera. Dagen startar med en gemensam genomg\u00e5ng d\u00e4r eleverna f\u00e5r veta vad som v\u00e4ntar, vilken lunch som serveras och om n\u00e5got s\u00e4rskilt h\u00e4nder just idag.\u00a0<\/span><\/p>\n<p><strong>En plan f\u00f6r varje vecka<\/strong><b><br \/>\n<\/b><span style=\"font-weight: 400;\">P\u00e5 m\u00e5ndagar har eleverna sovmorgon och b\u00f6rjar inte f\u00f6rr\u00e4n 9:30. Sedan startar vi med att planera veckan i Vittraboken, vad som kommer h\u00e4nda och vad den enskilda eleven ska jobba med. F\u00f6r att p\u00e5 fredagen utv\u00e4rdera vad vi har l\u00e4rt oss och reflektera \u00f6ver veckan som g\u00e5tt.<\/span><\/p>\n<p><b>L\u00e4rande som varvas med r\u00f6relse<\/b><b><br \/>\n<\/b><span style=\"font-weight: 400;\">Varje dag inneh\u00e5ller minst ett praktiskt \u00e4mne, vilket g\u00f6r skoldagen b\u00e5de varierad och kreativ. V\u00e5ra raster tillbringar vi alltid utomhus, d\u00e4r vi spelar fotboll, basket, gungar eller leker. En g\u00e5ng i veckan har vi rast i sl\u00f6jdsalen eller biblioteket \u2013 en stund f\u00f6r skapande eller lugn l\u00e4sning mitt i skoldagen.<\/span><\/p>\n<p><b>Varierad skolmat<\/b><b><br \/>\n<\/b><span style=\"font-weight: 400;\">Vid 11-tiden \u00e4r det dags f\u00f6r lunch, d\u00e4r vi varje dag m\u00f6ts av god skolmat och ett delibord fyllt med f\u00e4rska gr\u00f6nsaker och olika r\u00f6ror. Det finns alltid n\u00e5got som passar, och m\u00e5ltiden blir en viktig stund av gemenskap.<\/span><\/p>\n<p><b>St\u00f6d och tid f\u00f6r att komma ikapp<\/b><b><br \/>\n<\/b><span style=\"font-weight: 400;\">F\u00f6r den som vill eller beh\u00f6ver finns Studiestuga tv\u00e5 till tre g\u00e5nger i veckan. D\u00e4r f\u00e5r eleverna hj\u00e4lp med sina skoluppgifter, f\u00f6rdjupa sin kunskap eller ta igen n\u00e5got de har missat.<\/span><\/p>\n\n\t\t\t\t\t<\/div>\n\t\t\t\t\t\t\t<\/div>\n\n\t\t\t\t\t<\/div>\n\n\t\t <div class=\"ams-fifty__media u-ratio-square\">\n\t\t \t\t\t\t\t<img decoding=\"async\" width=\"600\" height=\"400\" src=\"https:\/\/vittra.se\/wp-content\/uploads\/sites\/22\/2023\/09\/vittravallentunafotoak525ret.jpg\" class=\"attachment-md size-md\" alt=\"Sex glada elever g\u00e5r i Vittras korridorer\" sizes=\"(min-width: 64em) 600px, calc(100vw - 160px)\" srcset=\"https:\/\/vittra.se\/wp-content\/uploads\/sites\/22\/2023\/09\/vittravallentunafotoak525ret.jpg 1980w, https:\/\/vittra.se\/wp-content\/uploads\/sites\/22\/2023\/09\/vittravallentunafotoak525ret-300x200.jpg 300w, https:\/\/vittra.se\/wp-content\/uploads\/sites\/22\/2023\/09\/vittravallentunafotoak525ret-1024x683.jpg 1024w, https:\/\/vittra.se\/wp-content\/uploads\/sites\/22\/2023\/09\/vittravallentunafotoak525ret-768x512.jpg 768w, https:\/\/vittra.se\/wp-content\/uploads\/sites\/22\/2023\/09\/vittravallentunafotoak525ret-1536x1024.jpg 1536w, https:\/\/vittra.se\/wp-content\/uploads\/sites\/22\/2023\/09\/vittravallentunafotoak525ret-1920x1280.jpg 1920w, https:\/\/vittra.se\/wp-content\/uploads\/sites\/22\/2023\/09\/vittravallentunafotoak525ret-500x333.jpg 500w, https:\/\/vittra.se\/wp-content\/uploads\/sites\/22\/2023\/09\/vittravallentunafotoak525ret-340x227.jpg 340w, https:\/\/vittra.se\/wp-content\/uploads\/sites\/22\/2023\/09\/vittravallentunafotoak525ret-1100x733.jpg 1100w, https:\/\/vittra.se\/wp-content\/uploads\/sites\/22\/2023\/09\/vittravallentunafotoak525ret-1000x667.jpg 1000w\" \/>\n\t\t\t\n\t\t\t\n\t\t\t\t\t<\/div>\n\t<\/div>\n\n\t\t\n\n<\/section>\n\n\n\n\t\n\t\n\t\n\n\t\n\t\n\t\t\n<section  class=\"c-block l-stacked  \" data-color-scheme=\"primar2\">\n\t<div class=\"ams-fifty ams-fifty--container ams-fifty--left ams-fifty--bottom l-container u-pt-fluid-2xl-4xl u-pb-fluid-2xl-4xl\">\n\t\t<div class=\"ams-fifty__content l-stack l-stack-xl is-left is-left@lg\">\n\t\t\t<div class=\"ams-fifty__text l-stack l-stack-lg\">\n\t\t\t\t\t\n\t<h1\n\tclass=\"c-heading u-font-title-1 \"\n\tstyle=\"\">\n\t\t\n\t\t\t\t\t\t\t\t\tEn vanlig dag \n\t\t\t\t<span class=\"c-heading__sub is-below u-font-title-3\">\n\t\t\t\t\tP\u00e5 v\u00e5rt h\u00f6gstadium\n\t\t\t\t<\/span>\n\t\t\t\t\t\t\t\n\t<\/h1>\n\n\t\t\t\t\t\t\t\t\t<div class=\"text l-stack u-font-body\">\n\t\t\t\t\t\t<p><b>En tydlig start p\u00e5 dagen<\/b><b><br \/>\n<\/b><span style=\"font-weight: 400;\">Eleverna p\u00e5 v\u00e5rt h\u00f6gstadium b\u00f6rjar och slutar varje skoldag i sitt ansvarsrum \u2013 en trygg plats d\u00e4r de samlas med sin ansvarspedagog. Eleverna l\u00e4mnar in sina mobiler i mobilsk\u00e5pet f\u00f6r att kunna fokusera helt p\u00e5 dagen. D\u00e5 ges ocks\u00e5 information om dagen, om det \u00e4r n\u00e5got s\u00e4rskilt som h\u00e4nder eller bara en chans att landa tillsammans innan lektionerna b\u00f6rjar. M\u00e5ndagar startar mjukt \u2013 d\u00e5 har eleverna sovmorgon och b\u00f6rjar f\u00f6rst klockan 9:30.\u00a0<\/span><\/p>\n<p><b>Varierad undervisning med utrymme att skapa<\/b><b><br \/>\n<\/b><span style=\"font-weight: 400;\">Under dagen har vi fem till sex lektioner, och n\u00e4stan varje dag f\u00e5r eleverna arbeta med ett praktiskt \u00e4mne. Tv\u00e5 till tre g\u00e5nger i veckan har de samling med sin ansvarspedagog. D\u00e5 arbetar eleverna i Vittraboken, har klassr\u00e5d eller g\u00f6r andra saker som st\u00e4rker deras gemenskap och bygger v\u00e5r klasskultur.<\/span><\/p>\n<p><b>Skolmat med delibord <\/b><b><br \/>\n<\/b><span style=\"font-weight: 400;\">Lunchen serveras vid 11-tiden, och eleverna m\u00f6ts alltid av god skolmat och ett gener\u00f6st delibord med gr\u00f6nsaker, r\u00f6ror och alternativ som passar alla. Det \u00e4r l\u00e4tt att hitta n\u00e5got man gillar, och m\u00e5ltiden blir en stund att se fram emot.<\/span><\/p>\n<p><b>Aktiva raster och st\u00f6d n\u00e4r det beh\u00f6vs<\/b><b><br \/>\n<\/b><span style=\"font-weight: 400;\">P\u00e5 rasterna fylls skolg\u00e5rden av liv \u2013 eleverna spelar fotboll, basket, umg\u00e5s eller spelar spel. Ibland kan de ocks\u00e5 vara i musiksalen, sl\u00f6jdsalen eller biblioteket. Flera g\u00e5nger i veckan har eleverna Studiestuga, d\u00e4r de f\u00e5r m\u00f6jlighet till st\u00f6d i skolarbetet, komma ikapp eller bara f\u00e5 lite extra lugn och fokus.<\/span><\/p>\n\n\t\t\t\t\t<\/div>\n\t\t\t\t\t\t\t<\/div>\n\n\t\t\t\t\t<\/div>\n\n\t\t <div class=\"ams-fifty__media u-ratio-square\">\n\t\t \t\t\t\t\t<img decoding=\"async\" width=\"600\" height=\"400\" src=\"https:\/\/vittra.se\/wp-content\/uploads\/sites\/22\/2023\/04\/vittrasamsetfotoak692ret.jpg\" class=\"attachment-md size-md\" alt=\"En pedagog hj\u00e4lper elever som sitter med sina skoldatorer och g\u00f6r skolarbete\" sizes=\"(min-width: 64em) 600px, calc(100vw - 160px)\" srcset=\"https:\/\/vittra.se\/wp-content\/uploads\/sites\/22\/2023\/04\/vittrasamsetfotoak692ret.jpg 1980w, https:\/\/vittra.se\/wp-content\/uploads\/sites\/22\/2023\/04\/vittrasamsetfotoak692ret-300x200.jpg 300w, https:\/\/vittra.se\/wp-content\/uploads\/sites\/22\/2023\/04\/vittrasamsetfotoak692ret-1024x683.jpg 1024w, https:\/\/vittra.se\/wp-content\/uploads\/sites\/22\/2023\/04\/vittrasamsetfotoak692ret-768x512.jpg 768w, https:\/\/vittra.se\/wp-content\/uploads\/sites\/22\/2023\/04\/vittrasamsetfotoak692ret-1536x1024.jpg 1536w, https:\/\/vittra.se\/wp-content\/uploads\/sites\/22\/2023\/04\/vittrasamsetfotoak692ret-1920x1280.jpg 1920w, https:\/\/vittra.se\/wp-content\/uploads\/sites\/22\/2023\/04\/vittrasamsetfotoak692ret-500x333.jpg 500w, https:\/\/vittra.se\/wp-content\/uploads\/sites\/22\/2023\/04\/vittrasamsetfotoak692ret-340x227.jpg 340w, https:\/\/vittra.se\/wp-content\/uploads\/sites\/22\/2023\/04\/vittrasamsetfotoak692ret-1100x733.jpg 1100w, https:\/\/vittra.se\/wp-content\/uploads\/sites\/22\/2023\/04\/vittrasamsetfotoak692ret-1000x667.jpg 1000w\" \/>\n\t\t\t\n\t\t\t\n\t\t\t\t\t<\/div>\n\t<\/div>\n\n\t\t\n\n<\/section>\n\n\n\n\n<section  class=\"ams-cta ams-cta--stacked c-block l-stacked\">\n\t<div class=\"l-container l-stack l-stack-fluid-2xl u-pt-fluid-3xl-6xl u-pb-fluid-3xl-6xl is-center is-center@md\">\n\t\t\t\t\t<div class=\"ams-cta__intro l-stack l-stack-lg\">\n\t\t\t\t\t\n\t<h2\n\tclass=\"c-heading u-font-title-1 \"\n\tstyle=\"\">\n\t\t\n\t\t\t\t\tVill du l\u00e4sa mer om hur vi jobbar?\n\t\t\t\t\n\t<\/h2>\n\n\t\t\t\t\t\t\t<\/div>\n\t\t\n\t\t\n\t\t\t<div class=\"ams-cta__action u-inline-items\">\n\t\t\t\t\t\t\t\n\n\n<a href=\"https:\/\/vittra.se\/sodermalm\/om\/\"\n\t\n\tclass=\"c-btn \"\n\tdata-style=\"round\"\n\tdata-size=\"md\"\n\tdata-width=\"full-mobile\"\n\tdata-variant=\"default\"\n\ttarget=\"_self\">\n\t\t\t<span class=\"label\"> Om skolan och v\u00e5r pedagogik<\/span>\n\t\t\t<\/a>\n\t\t\t<\/div>\n\t<\/div>\n\n\t\t\n\n<\/section>\n\n\n<div   id=\"page-relative-menu\" class=\"site__font-monospace   container_width--full_width_conIcon   d-lg-none  \">\n\n\t\t\t\n<\/div>\n","protected":false},"excerpt":{"rendered":"","protected":false},"author":1,"featured_media":0,"parent":20,"menu_order":0,"comment_status":"closed","ping_status":"closed","template":"","meta":{"footnotes":""},"yoast_head":"<!-- This site is optimized with the Yoast SEO plugin v22.0 - https:\/\/yoast.com\/wordpress\/plugins\/seo\/ -->\n<title>Vittra | Grundskola p\u00e5 S\u00f6dermalm<\/title>\n<meta name=\"description\" content=\"Vittra \u00e4r en grundskola p\u00e5 S\u00f6dermalm. Vi har akademisk standard med struktur och medvetet l\u00e4rande som st\u00e4rker elevens personliga utveckling.\" \/>\n<meta name=\"robots\" content=\"index, follow, max-snippet:-1, max-image-preview:large, max-video-preview:-1\" \/>\n<link rel=\"canonical\" href=\"https:\/\/vittra.se\/sodermalm\/om\/grundskola\/\" \/>\n<meta property=\"og:locale\" content=\"sv_SE\" \/>\n<meta property=\"og:type\" content=\"article\" \/>\n<meta property=\"og:title\" content=\"Vittra | Grundskola p\u00e5 S\u00f6dermalm\" \/>\n<meta property=\"og:description\" content=\"Vittra \u00e4r en grundskola p\u00e5 S\u00f6dermalm. Vi har akademisk standard med struktur och medvetet l\u00e4rande som st\u00e4rker elevens personliga utveckling.\" \/>\n<meta property=\"og:url\" content=\"https:\/\/vittra.se\/sodermalm\/om\/grundskola\/\" \/>\n<meta property=\"og:site_name\" content=\"S\u00f6dermalm\" \/>\n<meta property=\"article:modified_time\" content=\"2026-03-18T10:57:35+00:00\" \/>\n<meta name=\"twitter:card\" content=\"summary_large_image\" \/>\n<meta name=\"twitter:title\" content=\"Vittra | Grundskola p\u00e5 S\u00f6dermalm\" \/>\n<meta name=\"twitter:description\" content=\"Vittra \u00e4r en grundskola p\u00e5 S\u00f6dermalm. Vi har akademisk standard med struktur och medvetet l\u00e4rande som st\u00e4rker elevens personliga utveckling.\" \/>\n<script type=\"application\/ld+json\" class=\"yoast-schema-graph\">{\"@context\":\"https:\/\/schema.org\",\"@graph\":[{\"@type\":\"WebPage\",\"@id\":\"https:\/\/vittra.se\/sodermalm\/om\/grundskola\/\",\"url\":\"https:\/\/vittra.se\/sodermalm\/om\/grundskola\/\",\"name\":\"Vittra | Grundskola p\u00e5 S\u00f6dermalm\",\"isPartOf\":{\"@id\":\"https:\/\/vittra.se\/sodermalm\/#website\"},\"datePublished\":\"2020-09-01T20:07:07+00:00\",\"dateModified\":\"2026-03-18T10:57:35+00:00\",\"description\":\"Vittra \u00e4r en grundskola p\u00e5 S\u00f6dermalm. Vi har akademisk standard med struktur och medvetet l\u00e4rande som st\u00e4rker elevens personliga utveckling.\",\"breadcrumb\":{\"@id\":\"https:\/\/vittra.se\/sodermalm\/om\/grundskola\/#breadcrumb\"},\"inLanguage\":\"sv-SE\",\"potentialAction\":[{\"@type\":\"ReadAction\",\"target\":[\"https:\/\/vittra.se\/sodermalm\/om\/grundskola\/\"]}]},{\"@type\":\"BreadcrumbList\",\"@id\":\"https:\/\/vittra.se\/sodermalm\/om\/grundskola\/#breadcrumb\",\"itemListElement\":[{\"@type\":\"ListItem\",\"position\":1,\"name\":\"Start\",\"item\":\"https:\/\/vittra.se\/sodermalm\/\"},{\"@type\":\"ListItem\",\"position\":2,\"name\":\"Om skolan\",\"item\":\"https:\/\/vittra.se\/sodermalm\/om\/\"},{\"@type\":\"ListItem\",\"position\":3,\"name\":\"Grundskola\"}]},{\"@type\":\"WebSite\",\"@id\":\"https:\/\/vittra.se\/sodermalm\/#website\",\"url\":\"https:\/\/vittra.se\/sodermalm\/\",\"name\":\"S\u00f6dermalm\",\"description\":\"Kunskap att f\u00f6r\u00e4ndra. Mod att p\u00e5verka.\",\"potentialAction\":[{\"@type\":\"SearchAction\",\"target\":{\"@type\":\"EntryPoint\",\"urlTemplate\":\"https:\/\/vittra.se\/sodermalm\/?s={search_term_string}\"},\"query-input\":\"required name=search_term_string\"}],\"inLanguage\":\"sv-SE\"}]}<\/script>\n<!-- \/ Yoast SEO plugin. -->","yoast_head_json":{"title":"Vittra | Grundskola p\u00e5 S\u00f6dermalm","description":"Vittra \u00e4r en grundskola p\u00e5 S\u00f6dermalm. Vi har akademisk standard med struktur och medvetet l\u00e4rande som st\u00e4rker elevens personliga utveckling.","robots":{"index":"index","follow":"follow","max-snippet":"max-snippet:-1","max-image-preview":"max-image-preview:large","max-video-preview":"max-video-preview:-1"},"canonical":"https:\/\/vittra.se\/sodermalm\/om\/grundskola\/","og_locale":"sv_SE","og_type":"article","og_title":"Vittra | Grundskola p\u00e5 S\u00f6dermalm","og_description":"Vittra \u00e4r en grundskola p\u00e5 S\u00f6dermalm. Vi har akademisk standard med struktur och medvetet l\u00e4rande som st\u00e4rker elevens personliga utveckling.","og_url":"https:\/\/vittra.se\/sodermalm\/om\/grundskola\/","og_site_name":"S\u00f6dermalm","article_modified_time":"2026-03-18T10:57:35+00:00","twitter_card":"summary_large_image","twitter_title":"Vittra | Grundskola p\u00e5 S\u00f6dermalm","twitter_description":"Vittra \u00e4r en grundskola p\u00e5 S\u00f6dermalm. Vi har akademisk standard med struktur och medvetet l\u00e4rande som st\u00e4rker elevens personliga utveckling.","schema":{"@context":"https:\/\/schema.org","@graph":[{"@type":"WebPage","@id":"https:\/\/vittra.se\/sodermalm\/om\/grundskola\/","url":"https:\/\/vittra.se\/sodermalm\/om\/grundskola\/","name":"Vittra | Grundskola p\u00e5 S\u00f6dermalm","isPartOf":{"@id":"https:\/\/vittra.se\/sodermalm\/#website"},"datePublished":"2020-09-01T20:07:07+00:00","dateModified":"2026-03-18T10:57:35+00:00","description":"Vittra \u00e4r en grundskola p\u00e5 S\u00f6dermalm. Vi har akademisk standard med struktur och medvetet l\u00e4rande som st\u00e4rker elevens personliga utveckling.","breadcrumb":{"@id":"https:\/\/vittra.se\/sodermalm\/om\/grundskola\/#breadcrumb"},"inLanguage":"sv-SE","potentialAction":[{"@type":"ReadAction","target":["https:\/\/vittra.se\/sodermalm\/om\/grundskola\/"]}]},{"@type":"BreadcrumbList","@id":"https:\/\/vittra.se\/sodermalm\/om\/grundskola\/#breadcrumb","itemListElement":[{"@type":"ListItem","position":1,"name":"Start","item":"https:\/\/vittra.se\/sodermalm\/"},{"@type":"ListItem","position":2,"name":"Om skolan","item":"https:\/\/vittra.se\/sodermalm\/om\/"},{"@type":"ListItem","position":3,"name":"Grundskola"}]},{"@type":"WebSite","@id":"https:\/\/vittra.se\/sodermalm\/#website","url":"https:\/\/vittra.se\/sodermalm\/","name":"S\u00f6dermalm","description":"Kunskap att f\u00f6r\u00e4ndra. Mod att p\u00e5verka.","potentialAction":[{"@type":"SearchAction","target":{"@type":"EntryPoint","urlTemplate":"https:\/\/vittra.se\/sodermalm\/?s={search_term_string}"},"query-input":"required name=search_term_string"}],"inLanguage":"sv-SE"}]}},"_links":{"self":[{"href":"https:\/\/vittra.se\/sodermalm\/wp-json\/wp\/v2\/pages\/25"}],"collection":[{"href":"https:\/\/vittra.se\/sodermalm\/wp-json\/wp\/v2\/pages"}],"about":[{"href":"https:\/\/vittra.se\/sodermalm\/wp-json\/wp\/v2\/types\/page"}],"author":[{"embeddable":true,"href":"https:\/\/vittra.se\/sodermalm\/wp-json\/wp\/v2\/users\/1"}],"replies":[{"embeddable":true,"href":"https:\/\/vittra.se\/sodermalm\/wp-json\/wp\/v2\/comments?post=25"}],"version-history":[{"count":9,"href":"https:\/\/vittra.se\/sodermalm\/wp-json\/wp\/v2\/pages\/25\/revisions"}],"predecessor-version":[{"id":1785,"href":"https:\/\/vittra.se\/sodermalm\/wp-json\/wp\/v2\/pages\/25\/revisions\/1785"}],"up":[{"embeddable":true,"href":"https:\/\/vittra.se\/sodermalm\/wp-json\/wp\/v2\/pages\/20"}],"wp:attachment":[{"href":"https:\/\/vittra.se\/sodermalm\/wp-json\/wp\/v2\/media?parent=25"}],"curies":[{"name":"wp","href":"https:\/\/api.w.org\/{rel}","templated":true}]}}