{"id":23,"date":"2020-09-01T22:06:54","date_gmt":"2020-09-01T20:06:54","guid":{"rendered":"https:\/\/vittra.se\/kopieringsunderlag\/?page_id=23"},"modified":"2026-03-19T10:06:29","modified_gmt":"2026-03-19T09:06:29","slug":"forskola","status":"publish","type":"page","link":"https:\/\/vittra.se\/samset\/om\/forskola\/","title":{"rendered":"F\u00f6rskola"},"content":{"rendered":"\n\t\n\t\n\t\n\n\t\n\t\n\t\t\n<section  class=\"c-block l-stacked  \" data-color-scheme=\"transparent\">\n\t<div class=\"ams-fifty ams-fifty--container ams-fifty--right ams-fifty--bottom l-container u-pt-fluid-2xl-4xl u-pb-fluid-md-xl\">\n\t\t<div class=\"ams-fifty__content l-stack l-stack-xl is-left is-left@lg\">\n\t\t\t<div class=\"ams-fifty__text l-stack l-stack-lg\">\n\t\t\t\t\t\n\t<h1\n\tclass=\"c-heading u-font-title-1 \"\n\tstyle=\"\">\n\t\t\n\t\t\t\t\tVittra Samsets f\u00f6rskola i J\u00f6nk\u00f6ping\n\t\t\t\t\n\t<\/h1>\n\n\t\t\t\t\t\t\t\t\t<div class=\"text l-stack u-font-body\">\n\t\t\t\t\t\t<p data-pm-slice=\"1 1 []\">V\u00e5r f\u00f6rskola i J\u00f6nk\u00f6ping best\u00e5r av tre avdelningar med sagotema. Trollskogen med 1-2-\u00e5ringar, denna avdelning \u00e4r uppdelad i tv\u00e5 olika hemvister, Kottarna och Trollsl\u00e4ndorna. V\u00e5r andra avdelning \u00e4r \u00c4lvornas sal med v\u00e5ra 2-3-\u00e5ringar, och Tomtarnas sal med 4-\u00e5ringar och 5-\u00e5ringar.<\/p>\n\n\t\t\t\t\t<\/div>\n\t\t\t\t\t\t\t<\/div>\n\n\t\t\t\t\t<\/div>\n\n\t\t <div class=\"ams-fifty__media u-ratio-widescreen\">\n\t\t \t\t\t\t\t<img decoding=\"async\" width=\"600\" height=\"400\" src=\"https:\/\/vittra.se\/wp-content\/uploads\/sites\/20\/2025\/11\/vittraadolfsberg202404forskola4-600x400.jpg\" class=\"attachment-md size-md\" alt=\"Barn och pedagog som l\u00e4ser.\" sizes=\"(min-width: 64em) 600px, calc(100vw - 160px)\" srcset=\"https:\/\/vittra.se\/wp-content\/uploads\/sites\/20\/2025\/11\/vittraadolfsberg202404forskola4-600x400.jpg 600w, https:\/\/vittra.se\/wp-content\/uploads\/sites\/20\/2025\/11\/vittraadolfsberg202404forskola4-300x200.jpg 300w, https:\/\/vittra.se\/wp-content\/uploads\/sites\/20\/2025\/11\/vittraadolfsberg202404forskola4-400x267.jpg 400w, https:\/\/vittra.se\/wp-content\/uploads\/sites\/20\/2025\/11\/vittraadolfsberg202404forskola4-800x533.jpg 800w, https:\/\/vittra.se\/wp-content\/uploads\/sites\/20\/2025\/11\/vittraadolfsberg202404forskola4-1024x682.jpg 1024w, https:\/\/vittra.se\/wp-content\/uploads\/sites\/20\/2025\/11\/vittraadolfsberg202404forskola4-1200x800.jpg 1200w, https:\/\/vittra.se\/wp-content\/uploads\/sites\/20\/2025\/11\/vittraadolfsberg202404forskola4.jpg 2000w\" \/>\n\t\t\t\n\t\t\t\n\t\t\t\t\t<\/div>\n\t<\/div>\n\n\t\t\n\n<\/section>\n\n\n\n\t\n\t\n\t\n\n\t\n\t\n\t\t\n<section id=vanlig-dag class=\"c-block l-stacked  \" data-color-scheme=\"primar2\">\n\t<div class=\"ams-fifty ams-fifty--container ams-fifty--right ams-fifty--bottom l-container u-pt-fluid-2xl-4xl u-pb-fluid-2xl-4xl\">\n\t\t<div class=\"ams-fifty__content l-stack l-stack-xl is-left is-left@lg\">\n\t\t\t<div class=\"ams-fifty__text l-stack l-stack-lg\">\n\t\t\t\t\t\n\t<h1\n\tclass=\"c-heading u-font-title-1 \"\n\tstyle=\"\">\n\t\t\n\t\t\t\t\t\t\t\t\tEn vanlig dag \n\t\t\t\t<span class=\"c-heading__sub is-below u-font-title-3\">\n\t\t\t\t\tp\u00e5 Vittra Samsets f\u00f6rskola\n\t\t\t\t<\/span>\n\t\t\t\t\t\t\t\n\t<\/h1>\n\n\t\t\t\t\t\t\t\t\t<div class=\"text l-stack u-font-body\">\n\t\t\t\t\t\t<p><strong>Lugn och lekfull morgon<\/strong><br \/>\n06:00 \u00f6ppnar f\u00f6rskolan och barnen v\u00e4lkomnas in i en lugn milj\u00f6 med planerade aktiviteter som bjuder in till en harmonisk men lekfull morgonstund. Vid 07:30 \u00e4ter barnen frukost p\u00e5 respektive avdelning med sina pedagoger. D\u00e4refter forts\u00e4tter dagen med antingen utevistelse eller innevistelse med olika fokusomr\u00e5den som \u00e4r aktuella f\u00f6r dagens utbildning.<\/p>\n<p><strong>Vittrasamling med struktur och bildst\u00f6d<\/strong><br \/>\nAlla avdelningar har en Vittrasamling med fruktstund klockan 09:00. Under samlingen pratar vi till exempel om vilken dag det \u00e4r, hur m\u00e5nga barn som \u00e4r p\u00e5 f\u00f6rskolan just denna dag och med hj\u00e4lp av bildst\u00f6d g\u00e5r vi igenom v\u00e5rt schema f\u00f6r dagen. Efter samlingen sker olika utbildningstillf\u00e4llen som till exempel arbete utifr\u00e5n projekt, spr\u00e5kfokus och h\u00f6gl\u00e4sning i v\u00e5rt egna bibliotek, skapande i ateljen eller kanske en utflykt i n\u00e4romr\u00e5det.<\/p>\n<p><strong>Vila och lugna aktiviteter<\/strong><br \/>\nLunch \u00e4ter vi klockan 11:00 p\u00e5 v\u00e5ra egna avdelningar. Efter lunchen erbjuds alla barnen en vila. De allra minsta barnen brukar sova inomhus p\u00e5 madrasser och vilan f\u00f6r de \u00e4ldre barnen brukar se olika ut men involverar antingen h\u00f6gl\u00e4sning, meditation med lugn musik eller massagecirkel. Efter v\u00e5r vila fokuserar vi p\u00e5 lugn lek en stund som inneb\u00e4r att vi sitter ner med den aktivitet vi valt eller m\u00f6jligtvis delar in barnen i mindre grupper d\u00e4r vissa \u00e4r inne och vissa \u00e4r utomhus.<\/p>\n<p><strong>Gemensam avslutning inf\u00f6r hemg\u00e5ng<\/strong><br \/>\nKlockan 14:00 \u00e4r det dags f\u00f6r mellanm\u00e5l p\u00e5 avdelningarna. Efter mellanm\u00e5let g\u00e5r vi antingen ut och leker p\u00e5 g\u00e5rden eller \u00e4r inne och erbjuder lite friare spontana l\u00e4rtillf\u00e4llen d\u00e4r barnen f\u00e5r v\u00e4lja fritt mellan undervisningsmaterialet vi erbjuder. Vid 16-16:30 g\u00e5r avdelningarna ihop till en gemensam stund inf\u00f6r hemg\u00e5ng och de barn som \u00e4r kvar sent erbjuds en fruktstund.<\/p>\n\n\t\t\t\t\t<\/div>\n\t\t\t\t\t\t\t<\/div>\n\n\t\t\t\t\t<\/div>\n\n\t\t <div class=\"ams-fifty__media u-ratio-square\">\n\t\t \t\t\t\t\t<img decoding=\"async\" width=\"600\" height=\"450\" src=\"https:\/\/vittra.se\/wp-content\/uploads\/sites\/20\/2025\/12\/bild-pa-forskolan-600x450.jpeg\" class=\"attachment-md size-md\" alt=\"Vittra samset\" sizes=\"(min-width: 64em) 600px, calc(100vw - 160px)\" srcset=\"https:\/\/vittra.se\/wp-content\/uploads\/sites\/20\/2025\/12\/bild-pa-forskolan-600x450.jpeg 600w, https:\/\/vittra.se\/wp-content\/uploads\/sites\/20\/2025\/12\/bild-pa-forskolan-300x225.jpeg 300w, https:\/\/vittra.se\/wp-content\/uploads\/sites\/20\/2025\/12\/bild-pa-forskolan-400x300.jpeg 400w, https:\/\/vittra.se\/wp-content\/uploads\/sites\/20\/2025\/12\/bild-pa-forskolan-800x600.jpeg 800w, https:\/\/vittra.se\/wp-content\/uploads\/sites\/20\/2025\/12\/bild-pa-forskolan-1024x768.jpeg 1024w, https:\/\/vittra.se\/wp-content\/uploads\/sites\/20\/2025\/12\/bild-pa-forskolan-1200x900.jpeg 1200w, https:\/\/vittra.se\/wp-content\/uploads\/sites\/20\/2025\/12\/bild-pa-forskolan-768x576.jpeg 768w, https:\/\/vittra.se\/wp-content\/uploads\/sites\/20\/2025\/12\/bild-pa-forskolan.jpeg 1600w\" \/>\n\t\t\t\n\t\t\t\n\t\t\t\t\t<\/div>\n\t<\/div>\n\n\t\t\n\n<\/section>\n\n\n\n<h2 class=\"wp-block-heading has-text-align-center\">Barnens h\u00f6jdpunkt<\/h2>\n\n\n\n<h3 class=\"wp-block-heading has-text-align-center\">Bes\u00f6k av \u00e4ldre elever<\/h3>\n\n\n\n<p class=\"has-text-align-center\">H\u00f6jdpunkten varierar f\u00f6r alla barn men de flesta p\u00e5 f\u00f6rskolan \u00e4lskar vistelse i v\u00e5r atelj\u00e9 och samh\u00f6righeten med b\u00e5de personal och de \u00e4ldre eleverna som finns i skolan, de uppskattar att de \u00e4ldre barnen \u00e4r engagerade i att leka med dem p\u00e5 g\u00e5rden och kommer och har h\u00f6gl\u00e4sning under dagarna.<\/p>\n\n\n\n<div style=\"height:49px\" aria-hidden=\"true\" class=\"wp-block-spacer\"><\/div>\n\n\n\n\n<section  class=\"ams-cta ams-cta--stacked c-block l-stacked\" data-color-scheme=\"primar2\">\n\t<div class=\"l-container l-stack l-stack-fluid-2xl u-pt-fluid-3xl-6xl u-pb-fluid-3xl-6xl is-center is-center@md\">\n\t\t\t\t\t<div class=\"ams-cta__intro l-stack l-stack-lg\">\n\t\t\t\t\t\n\t<h2\n\tclass=\"c-heading u-font-title-1 \"\n\tstyle=\"\">\n\t\t\n\t\t\t\t\tVill du l\u00e4sa mer om hur vi jobbar?\n\t\t\t\t\n\t<\/h2>\n\n\t\t\t\t\t\t\t<\/div>\n\t\t\n\t\t\n\t\t\t<div class=\"ams-cta__action u-inline-items\">\n\t\t\t\t\t\t\t\n\n\n<a href=\"https:\/\/vittra.se\/samset\/om\/\"\n\t\n\tclass=\"c-btn \"\n\tdata-style=\"round\"\n\tdata-size=\"md\"\n\tdata-width=\"full-mobile\"\n\tdata-variant=\"default\"\n\ttarget=\"_self\">\n\t\t\t<span class=\"label\"> L\u00e4s mer om oss och v\u00e5r pedagogik<\/span>\n\t\t\t<\/a>\n\t\t\t<\/div>\n\t<\/div>\n\n\t\t\n\n<\/section>\n","protected":false},"excerpt":{"rendered":"<p>Barnens h\u00f6jdpunkt Bes\u00f6k av \u00e4ldre elever H\u00f6jdpunkten varierar f\u00f6r alla barn men de flesta p\u00e5 f\u00f6rskolan \u00e4lskar vistelse i v\u00e5r atelj\u00e9 och samh\u00f6righeten med b\u00e5de personal och de \u00e4ldre eleverna som finns i skolan, de uppskattar att de \u00e4ldre barnen \u00e4r engagerade i att leka med dem p\u00e5 g\u00e5rden och kommer och har h\u00f6gl\u00e4sning under&#8230;<\/p>\n","protected":false},"author":1,"featured_media":0,"parent":20,"menu_order":0,"comment_status":"closed","ping_status":"closed","template":"","meta":{"footnotes":""},"yoast_head":"<!-- This site is optimized with the Yoast SEO plugin v22.0 - https:\/\/yoast.com\/wordpress\/plugins\/seo\/ -->\n<title>Vittra Samset | F\u00f6rskola i J\u00f6nk\u00f6ping<\/title>\n<meta name=\"description\" content=\"Vittra Samset \u00e4r en f\u00f6rskola i J\u00f6nk\u00f6ping. Vi har en samh\u00e4llsf\u00f6rankrad pedagogik som ger trygga och modiga individer med f\u00f6rm\u00e5ga att samarbeta.\" \/>\n<meta name=\"robots\" content=\"index, follow, max-snippet:-1, max-image-preview:large, max-video-preview:-1\" \/>\n<link rel=\"canonical\" href=\"https:\/\/vittra.se\/samset\/om\/forskola\/\" \/>\n<meta property=\"og:locale\" content=\"sv_SE\" \/>\n<meta property=\"og:type\" content=\"article\" \/>\n<meta property=\"og:title\" content=\"Vittra Samset | F\u00f6rskola i J\u00f6nk\u00f6ping\" \/>\n<meta property=\"og:description\" content=\"Vittra Samset \u00e4r en f\u00f6rskola i J\u00f6nk\u00f6ping. Vi har en samh\u00e4llsf\u00f6rankrad pedagogik som ger trygga och modiga individer med f\u00f6rm\u00e5ga att samarbeta.\" \/>\n<meta property=\"og:url\" content=\"https:\/\/vittra.se\/samset\/om\/forskola\/\" \/>\n<meta property=\"og:site_name\" content=\"Samset\" \/>\n<meta property=\"article:modified_time\" content=\"2026-03-19T09:06:29+00:00\" \/>\n<meta name=\"twitter:card\" content=\"summary_large_image\" \/>\n<meta name=\"twitter:title\" content=\"Vittra Samset | F\u00f6rskola i J\u00f6nk\u00f6ping\" \/>\n<meta name=\"twitter:description\" content=\"Vittra Samset \u00e4r en f\u00f6rskola i J\u00f6nk\u00f6ping. Vi har en samh\u00e4llsf\u00f6rankrad pedagogik som ger trygga och modiga individer med f\u00f6rm\u00e5ga att samarbeta.\" \/>\n<meta name=\"twitter:label1\" content=\"Ber\u00e4knad l\u00e4stid\" \/>\n\t<meta name=\"twitter:data1\" content=\"1 minut\" \/>\n<script type=\"application\/ld+json\" class=\"yoast-schema-graph\">{\"@context\":\"https:\/\/schema.org\",\"@graph\":[{\"@type\":\"WebPage\",\"@id\":\"https:\/\/vittra.se\/samset\/om\/forskola\/\",\"url\":\"https:\/\/vittra.se\/samset\/om\/forskola\/\",\"name\":\"Vittra Samset | F\u00f6rskola i J\u00f6nk\u00f6ping\",\"isPartOf\":{\"@id\":\"https:\/\/vittra.se\/samset\/#website\"},\"datePublished\":\"2020-09-01T20:06:54+00:00\",\"dateModified\":\"2026-03-19T09:06:29+00:00\",\"description\":\"Vittra Samset \u00e4r en f\u00f6rskola i J\u00f6nk\u00f6ping. Vi har en samh\u00e4llsf\u00f6rankrad pedagogik som ger trygga och modiga individer med f\u00f6rm\u00e5ga att samarbeta.\",\"breadcrumb\":{\"@id\":\"https:\/\/vittra.se\/samset\/om\/forskola\/#breadcrumb\"},\"inLanguage\":\"sv-SE\",\"potentialAction\":[{\"@type\":\"ReadAction\",\"target\":[\"https:\/\/vittra.se\/samset\/om\/forskola\/\"]}]},{\"@type\":\"BreadcrumbList\",\"@id\":\"https:\/\/vittra.se\/samset\/om\/forskola\/#breadcrumb\",\"itemListElement\":[{\"@type\":\"ListItem\",\"position\":1,\"name\":\"Start\",\"item\":\"https:\/\/vittra.se\/samset\/\"},{\"@type\":\"ListItem\",\"position\":2,\"name\":\"Om skolan\",\"item\":\"https:\/\/vittra.se\/samset\/om\/\"},{\"@type\":\"ListItem\",\"position\":3,\"name\":\"F\u00f6rskola\"}]},{\"@type\":\"WebSite\",\"@id\":\"https:\/\/vittra.se\/samset\/#website\",\"url\":\"https:\/\/vittra.se\/samset\/\",\"name\":\"Samset\",\"description\":\"Kunskap att f\u00f6r\u00e4ndra. Mod att p\u00e5verka.\",\"potentialAction\":[{\"@type\":\"SearchAction\",\"target\":{\"@type\":\"EntryPoint\",\"urlTemplate\":\"https:\/\/vittra.se\/samset\/?s={search_term_string}\"},\"query-input\":\"required name=search_term_string\"}],\"inLanguage\":\"sv-SE\"}]}<\/script>\n<!-- \/ Yoast SEO plugin. -->","yoast_head_json":{"title":"Vittra Samset | F\u00f6rskola i J\u00f6nk\u00f6ping","description":"Vittra Samset \u00e4r en f\u00f6rskola i J\u00f6nk\u00f6ping. Vi har en samh\u00e4llsf\u00f6rankrad pedagogik som ger trygga och modiga individer med f\u00f6rm\u00e5ga att samarbeta.","robots":{"index":"index","follow":"follow","max-snippet":"max-snippet:-1","max-image-preview":"max-image-preview:large","max-video-preview":"max-video-preview:-1"},"canonical":"https:\/\/vittra.se\/samset\/om\/forskola\/","og_locale":"sv_SE","og_type":"article","og_title":"Vittra Samset | F\u00f6rskola i J\u00f6nk\u00f6ping","og_description":"Vittra Samset \u00e4r en f\u00f6rskola i J\u00f6nk\u00f6ping. Vi har en samh\u00e4llsf\u00f6rankrad pedagogik som ger trygga och modiga individer med f\u00f6rm\u00e5ga att samarbeta.","og_url":"https:\/\/vittra.se\/samset\/om\/forskola\/","og_site_name":"Samset","article_modified_time":"2026-03-19T09:06:29+00:00","twitter_card":"summary_large_image","twitter_title":"Vittra Samset | F\u00f6rskola i J\u00f6nk\u00f6ping","twitter_description":"Vittra Samset \u00e4r en f\u00f6rskola i J\u00f6nk\u00f6ping. Vi har en samh\u00e4llsf\u00f6rankrad pedagogik som ger trygga och modiga individer med f\u00f6rm\u00e5ga att samarbeta.","twitter_misc":{"Ber\u00e4knad l\u00e4stid":"1 minut"},"schema":{"@context":"https:\/\/schema.org","@graph":[{"@type":"WebPage","@id":"https:\/\/vittra.se\/samset\/om\/forskola\/","url":"https:\/\/vittra.se\/samset\/om\/forskola\/","name":"Vittra Samset | F\u00f6rskola i J\u00f6nk\u00f6ping","isPartOf":{"@id":"https:\/\/vittra.se\/samset\/#website"},"datePublished":"2020-09-01T20:06:54+00:00","dateModified":"2026-03-19T09:06:29+00:00","description":"Vittra Samset \u00e4r en f\u00f6rskola i J\u00f6nk\u00f6ping. Vi har en samh\u00e4llsf\u00f6rankrad pedagogik som ger trygga och modiga individer med f\u00f6rm\u00e5ga att samarbeta.","breadcrumb":{"@id":"https:\/\/vittra.se\/samset\/om\/forskola\/#breadcrumb"},"inLanguage":"sv-SE","potentialAction":[{"@type":"ReadAction","target":["https:\/\/vittra.se\/samset\/om\/forskola\/"]}]},{"@type":"BreadcrumbList","@id":"https:\/\/vittra.se\/samset\/om\/forskola\/#breadcrumb","itemListElement":[{"@type":"ListItem","position":1,"name":"Start","item":"https:\/\/vittra.se\/samset\/"},{"@type":"ListItem","position":2,"name":"Om skolan","item":"https:\/\/vittra.se\/samset\/om\/"},{"@type":"ListItem","position":3,"name":"F\u00f6rskola"}]},{"@type":"WebSite","@id":"https:\/\/vittra.se\/samset\/#website","url":"https:\/\/vittra.se\/samset\/","name":"Samset","description":"Kunskap att f\u00f6r\u00e4ndra. Mod att p\u00e5verka.","potentialAction":[{"@type":"SearchAction","target":{"@type":"EntryPoint","urlTemplate":"https:\/\/vittra.se\/samset\/?s={search_term_string}"},"query-input":"required name=search_term_string"}],"inLanguage":"sv-SE"}]}},"_links":{"self":[{"href":"https:\/\/vittra.se\/samset\/wp-json\/wp\/v2\/pages\/23"}],"collection":[{"href":"https:\/\/vittra.se\/samset\/wp-json\/wp\/v2\/pages"}],"about":[{"href":"https:\/\/vittra.se\/samset\/wp-json\/wp\/v2\/types\/page"}],"author":[{"embeddable":true,"href":"https:\/\/vittra.se\/samset\/wp-json\/wp\/v2\/users\/1"}],"replies":[{"embeddable":true,"href":"https:\/\/vittra.se\/samset\/wp-json\/wp\/v2\/comments?post=23"}],"version-history":[{"count":9,"href":"https:\/\/vittra.se\/samset\/wp-json\/wp\/v2\/pages\/23\/revisions"}],"predecessor-version":[{"id":1733,"href":"https:\/\/vittra.se\/samset\/wp-json\/wp\/v2\/pages\/23\/revisions\/1733"}],"up":[{"embeddable":true,"href":"https:\/\/vittra.se\/samset\/wp-json\/wp\/v2\/pages\/20"}],"wp:attachment":[{"href":"https:\/\/vittra.se\/samset\/wp-json\/wp\/v2\/media?parent=23"}],"curies":[{"name":"wp","href":"https:\/\/api.w.org\/{rel}","templated":true}]}}