{"id":1131,"date":"2023-10-17T15:18:24","date_gmt":"2023-10-17T13:18:24","guid":{"rendered":"https:\/\/vittra.se\/samset\/?page_id=1131"},"modified":"2024-03-21T10:55:59","modified_gmt":"2024-03-21T09:55:59","slug":"det-fria-skolvalet","status":"publish","type":"page","link":"https:\/\/vittra.se\/samset\/det-fria-skolvalet\/","title":{"rendered":"Det fria skolvalet"},"content":{"rendered":"\n\t<div class=\"module_wrapper ams_remote_pages_module \">\n\t\t\n\t\n\t\n\t\n\n\t\n\t\n\t\t\n<section  class=\"c-block l-stacked  \" data-color-scheme=\"transparent\">\n\t<div class=\"ams-fifty ams-fifty--container ams-fifty--right ams-fifty--bottom l-container u-pt-fluid-3xl-6xl u-pb-fluid-3xl-6xl\">\n\t\t<div class=\"ams-fifty__content l-stack l-stack-xl is-left is-left@lg\">\n\t\t\t<div class=\"ams-fifty__text l-stack l-stack-lg\">\n\t\t\t\t\t\n\t<h1\n\tclass=\"c-heading u-font-title-1 \"\n\tstyle=\"\">\n\t\t\n\t\t\t\t\tAtt v\u00e4lja skola\n\t\t\t\t\n\t<\/h1>\n\n\t\t\t\t\t\t\t\t\t<div class=\"text l-stack u-font-body\">\n\t\t\t\t\t\t<p>Tack vare det fria skolvalet har elever och f\u00f6r\u00e4ldrar r\u00e4tt att s\u00f6ka till vilka skolor de vill.<\/p>\n<p>Det fria skolvalet inneb\u00e4r att du som f\u00f6r\u00e4lder eller elev har b\u00e5de r\u00e4tten och friheten att v\u00e4lja den skola som b\u00e4st m\u00f6ter elevens individuella behov och \u00f6nskem\u00e5l oavsett vart skolan ligger.<\/p>\n<p>P\u00e5 Vittra har vi tv\u00e5 olika k\u00f6er till v\u00e5ra f\u00f6rskolor och grundskolor. V\u00e5ra grundskolor tar som regel emot nya elever till augusti eller i samband med skolloven. Hur sj\u00e4lva skolvalet g\u00e5r till varierar fr\u00e5n kommun till kommun, s\u00e5 kontakta den Vittraskola du och ditt barn \u00e4r intresserade av f\u00f6r att f\u00e5 veta mer.<\/p>\n\n\t\t\t\t\t<\/div>\n\t\t\t\t\t\t\t<\/div>\n\n\t\t\t\t\t<\/div>\n\n\t\t <div class=\"ams-fifty__media u-ratio-widescreen\">\n\t\t \t\n\t\t\t\n\t\t\t\t\t\t\t<lite-youtube videoid=\"oF96FU0gZoc\" style=\"background-image: url('https:\/\/i.ytimg.com\/vi\/oF96FU0gZoc\/hqdefault.jpg');\">\n\t\t\t\t\t\t<button href=\"https:\/\/youtube.com\/watch?v=oF96FU0gZoc\" class=\"lty-playbtn\" title=\"Play Video\">\n\t\t\t\t\t\t\t<span class=\"lyt-visually-hidden\">Play Video<\/span>\n\t\t\t\t\t\t<\/button>\n\t\t\t\t\t<\/lite-youtube>\n\t\t\t\t\t<\/div>\n\t<\/div>\n\n\t\t\n\n<\/section>\n\n\n<section  class=\"ams-cta ams-cta--stacked c-block l-stacked\" data-color-scheme=\"nyans1_av_p2\">\n\t<div class=\"l-container-narrow l-stack l-stack-fluid-2xl u-pt-fluid-3xl-6xl u-pb-fluid-3xl-6xl is-left is-left@md\">\n\t\t\t\t\t<div class=\"ams-cta__intro l-stack l-stack-lg\">\n\t\t\t\t\t\n\t<h2\n\tclass=\"c-heading u-font-title-1 \"\n\tstyle=\"\">\n\t\t\n\t\t\t\t\t3 tips inf\u00f6r skolvalet\n\t\t\t\t\n\t<\/h2>\n\n\t\t\t\t\t\t\t\t\t<div class=\"c-text l-stack u-cs-xl u-font-body\">\n\t\t\t\t\t\t<h3>1. L\u00e4s p\u00e5 om skolans arbetss\u00e4tt<\/h3>\n<p>Du vet b\u00e4st vad som motiverar ditt barn och vilka arbetss\u00e4tt som passar hen b\u00e4st. L\u00e4s d\u00e4rf\u00f6r p\u00e5 om Vittras arbetss\u00e4tt och avg\u00f6r om ditt barn kommer stimuleras av att bland annat arbeta med Vittraboken, Kvartersm\u00e5len och Vittraf\u00f6rm\u00e5gorna.<\/p>\n<h3>2. G\u00e5 p\u00e5 \u00f6ppet hus eller personlig visning<\/h3>\n<p>Hur mycket du \u00e4n l\u00e4ser p\u00e5 om skolan bildar du dig den b\u00e4sta uppfattningen p\u00e5 plats. G\u00e5 p\u00e5 \u00f6ppet hus eller boka in en personlig visning och upplev lokalerna och st\u00e4mningen.<\/p>\n<h3>3. Prata med elever och l\u00e4rare<\/h3>\n<p>Under ditt bes\u00f6k p\u00e5 skolan, passa p\u00e5 att prata med dem som spenderar mest tid h\u00e4r \u2013 eleverna och l\u00e4rarna. Ta reda p\u00e5 hur eleverna trivs p\u00e5 sin skola och fr\u00e5ga l\u00e4rarna mer om arbetss\u00e4ttet och skolans l\u00e5ngsiktiga plan.<\/p>\n\n\t\t\t\t\t<\/div>\n\t\t\t\t\t\t\t<\/div>\n\t\t\n\t\t\n\t\t\t<\/div>\n\n\t\t\n\n<\/section>\n\t<\/div>\n\n\t\n\n\n\t<div class=\"module_wrapper ams_remote_pages_module \">\n\t\t\n\n<section  class=\"ams-cta ams-cta--stacked c-block l-stacked\" data-color-scheme=\"nyans1_av_cta\">\n\t<div class=\"l-container l-stack l-stack-fluid-2xl u-pt-fluid-3xl-6xl u-pb-fluid-3xl-6xl is-center is-center@md\">\n\t\t\t\t\t<div class=\"ams-cta__intro l-stack l-stack-lg\">\n\t\t\t\t\t\n\t<h2\n\tclass=\"c-heading u-font-title-1 \"\n\tstyle=\"\">\n\t\t\n\t\t\t\t\tSt\u00e4ll ditt barn i k\u00f6 till Vittra Samset\n\t\t\t\t\n\t<\/h2>\n\n\t\t\t\t\t\t\t\t\t<div class=\"c-text l-stack u-cs-xl u-font-body\">\n\t\t\t\t\t\t<p>Skolvalet \u00e4r viktigt och det g\u00e4ller att hitta skolan som ger de b\u00e4sta f\u00f6ruts\u00e4ttningarna f\u00f6r just ditt barn. St\u00e4ll ditt barn i k\u00f6 till Vittra Samset och b\u00f6rja samla k\u00f6dagar.<\/p>\n\n\t\t\t\t\t<\/div>\n\t\t\t\t\t\t\t<\/div>\n\t\t\n\t\t\n\t\t\t<div class=\"ams-cta__action u-inline-items\">\n\t\t\t\t\t\t\t\n\n\n<a href=\"https:\/\/vittra.se\/samset\/koanmalan\/\"\n\t\n\tclass=\"c-btn \"\n\tdata-style=\"round\"\n\tdata-size=\"md\"\n\tdata-width=\"full-mobile\"\n\tdata-variant=\"default\"\n\ttarget=\"_self\">\n\t\t\t<span class=\"label\"> Till k\u00f6anm\u00e4lan<\/span>\n\t\t\t<\/a>\n\t\t\t<\/div>\n\t<\/div>\n\n\t\t\n\n<\/section>\n\t<\/div>\n\n\t","protected":false},"excerpt":{"rendered":"","protected":false},"author":80,"featured_media":0,"parent":0,"menu_order":0,"comment_status":"closed","ping_status":"closed","template":"","meta":{"footnotes":""},"yoast_head":"<!-- This site is optimized with the Yoast SEO plugin v22.0 - https:\/\/yoast.com\/wordpress\/plugins\/seo\/ -->\n<title>Det fria skolvalet - Vittra Samset<\/title>\n<meta name=\"description\" content=\"H\u00e4r kan du l\u00e4sa mer om hur du v\u00e4ljer r\u00e4tt f\u00f6rskola eller skola f\u00f6r ditt barn och hur du st\u00e4ller ditt barn i k\u00f6 till v\u00e5r skola.\" \/>\n<meta name=\"robots\" content=\"index, follow, max-snippet:-1, max-image-preview:large, max-video-preview:-1\" \/>\n<link rel=\"canonical\" href=\"https:\/\/vittra.se\/samset\/det-fria-skolvalet\/\" \/>\n<meta property=\"og:locale\" content=\"sv_SE\" \/>\n<meta property=\"og:type\" content=\"article\" \/>\n<meta property=\"og:title\" content=\"Det fria skolvalet - Vittra Samset\" \/>\n<meta property=\"og:description\" content=\"H\u00e4r kan du l\u00e4sa mer om hur du v\u00e4ljer r\u00e4tt f\u00f6rskola eller skola f\u00f6r ditt barn och hur du st\u00e4ller ditt barn i k\u00f6 till v\u00e5r skola.\" \/>\n<meta property=\"og:url\" content=\"https:\/\/vittra.se\/samset\/det-fria-skolvalet\/\" \/>\n<meta property=\"og:site_name\" content=\"Samset\" \/>\n<meta property=\"article:modified_time\" content=\"2024-03-21T09:55:59+00:00\" \/>\n<meta name=\"twitter:card\" content=\"summary_large_image\" \/>\n<meta name=\"twitter:title\" content=\"Det fria skolvalet - Vittra Samset\" \/>\n<meta name=\"twitter:description\" content=\"H\u00e4r kan du l\u00e4sa mer om hur du v\u00e4ljer r\u00e4tt f\u00f6rskola eller skola f\u00f6r ditt barn och hur du st\u00e4ller ditt barn i k\u00f6 till v\u00e5r skola.\" \/>\n<script type=\"application\/ld+json\" class=\"yoast-schema-graph\">{\"@context\":\"https:\/\/schema.org\",\"@graph\":[{\"@type\":\"WebPage\",\"@id\":\"https:\/\/vittra.se\/samset\/det-fria-skolvalet\/\",\"url\":\"https:\/\/vittra.se\/samset\/det-fria-skolvalet\/\",\"name\":\"Det fria skolvalet - Vittra Samset\",\"isPartOf\":{\"@id\":\"https:\/\/vittra.se\/samset\/#website\"},\"datePublished\":\"2023-10-17T13:18:24+00:00\",\"dateModified\":\"2024-03-21T09:55:59+00:00\",\"description\":\"H\u00e4r kan du l\u00e4sa mer om hur du v\u00e4ljer r\u00e4tt f\u00f6rskola eller skola f\u00f6r ditt barn och hur du st\u00e4ller ditt barn i k\u00f6 till v\u00e5r skola.\",\"breadcrumb\":{\"@id\":\"https:\/\/vittra.se\/samset\/det-fria-skolvalet\/#breadcrumb\"},\"inLanguage\":\"sv-SE\",\"potentialAction\":[{\"@type\":\"ReadAction\",\"target\":[\"https:\/\/vittra.se\/samset\/det-fria-skolvalet\/\"]}]},{\"@type\":\"BreadcrumbList\",\"@id\":\"https:\/\/vittra.se\/samset\/det-fria-skolvalet\/#breadcrumb\",\"itemListElement\":[{\"@type\":\"ListItem\",\"position\":1,\"name\":\"Start\",\"item\":\"https:\/\/vittra.se\/samset\/\"},{\"@type\":\"ListItem\",\"position\":2,\"name\":\"Det fria skolvalet\"}]},{\"@type\":\"WebSite\",\"@id\":\"https:\/\/vittra.se\/samset\/#website\",\"url\":\"https:\/\/vittra.se\/samset\/\",\"name\":\"Samset\",\"description\":\"Kunskap att f\u00f6r\u00e4ndra. Mod att p\u00e5verka.\",\"potentialAction\":[{\"@type\":\"SearchAction\",\"target\":{\"@type\":\"EntryPoint\",\"urlTemplate\":\"https:\/\/vittra.se\/samset\/?s={search_term_string}\"},\"query-input\":\"required name=search_term_string\"}],\"inLanguage\":\"sv-SE\"}]}<\/script>\n<!-- \/ Yoast SEO plugin. -->","yoast_head_json":{"title":"Det fria skolvalet - Vittra Samset","description":"H\u00e4r kan du l\u00e4sa mer om hur du v\u00e4ljer r\u00e4tt f\u00f6rskola eller skola f\u00f6r ditt barn och hur du st\u00e4ller ditt barn i k\u00f6 till v\u00e5r skola.","robots":{"index":"index","follow":"follow","max-snippet":"max-snippet:-1","max-image-preview":"max-image-preview:large","max-video-preview":"max-video-preview:-1"},"canonical":"https:\/\/vittra.se\/samset\/det-fria-skolvalet\/","og_locale":"sv_SE","og_type":"article","og_title":"Det fria skolvalet - Vittra Samset","og_description":"H\u00e4r kan du l\u00e4sa mer om hur du v\u00e4ljer r\u00e4tt f\u00f6rskola eller skola f\u00f6r ditt barn och hur du st\u00e4ller ditt barn i k\u00f6 till v\u00e5r skola.","og_url":"https:\/\/vittra.se\/samset\/det-fria-skolvalet\/","og_site_name":"Samset","article_modified_time":"2024-03-21T09:55:59+00:00","twitter_card":"summary_large_image","twitter_title":"Det fria skolvalet - Vittra Samset","twitter_description":"H\u00e4r kan du l\u00e4sa mer om hur du v\u00e4ljer r\u00e4tt f\u00f6rskola eller skola f\u00f6r ditt barn och hur du st\u00e4ller ditt barn i k\u00f6 till v\u00e5r skola.","schema":{"@context":"https:\/\/schema.org","@graph":[{"@type":"WebPage","@id":"https:\/\/vittra.se\/samset\/det-fria-skolvalet\/","url":"https:\/\/vittra.se\/samset\/det-fria-skolvalet\/","name":"Det fria skolvalet - Vittra Samset","isPartOf":{"@id":"https:\/\/vittra.se\/samset\/#website"},"datePublished":"2023-10-17T13:18:24+00:00","dateModified":"2024-03-21T09:55:59+00:00","description":"H\u00e4r kan du l\u00e4sa mer om hur du v\u00e4ljer r\u00e4tt f\u00f6rskola eller skola f\u00f6r ditt barn och hur du st\u00e4ller ditt barn i k\u00f6 till v\u00e5r skola.","breadcrumb":{"@id":"https:\/\/vittra.se\/samset\/det-fria-skolvalet\/#breadcrumb"},"inLanguage":"sv-SE","potentialAction":[{"@type":"ReadAction","target":["https:\/\/vittra.se\/samset\/det-fria-skolvalet\/"]}]},{"@type":"BreadcrumbList","@id":"https:\/\/vittra.se\/samset\/det-fria-skolvalet\/#breadcrumb","itemListElement":[{"@type":"ListItem","position":1,"name":"Start","item":"https:\/\/vittra.se\/samset\/"},{"@type":"ListItem","position":2,"name":"Det fria skolvalet"}]},{"@type":"WebSite","@id":"https:\/\/vittra.se\/samset\/#website","url":"https:\/\/vittra.se\/samset\/","name":"Samset","description":"Kunskap att f\u00f6r\u00e4ndra. Mod att p\u00e5verka.","potentialAction":[{"@type":"SearchAction","target":{"@type":"EntryPoint","urlTemplate":"https:\/\/vittra.se\/samset\/?s={search_term_string}"},"query-input":"required name=search_term_string"}],"inLanguage":"sv-SE"}]}},"_links":{"self":[{"href":"https:\/\/vittra.se\/samset\/wp-json\/wp\/v2\/pages\/1131"}],"collection":[{"href":"https:\/\/vittra.se\/samset\/wp-json\/wp\/v2\/pages"}],"about":[{"href":"https:\/\/vittra.se\/samset\/wp-json\/wp\/v2\/types\/page"}],"author":[{"embeddable":true,"href":"https:\/\/vittra.se\/samset\/wp-json\/wp\/v2\/users\/80"}],"replies":[{"embeddable":true,"href":"https:\/\/vittra.se\/samset\/wp-json\/wp\/v2\/comments?post=1131"}],"version-history":[{"count":4,"href":"https:\/\/vittra.se\/samset\/wp-json\/wp\/v2\/pages\/1131\/revisions"}],"predecessor-version":[{"id":1290,"href":"https:\/\/vittra.se\/samset\/wp-json\/wp\/v2\/pages\/1131\/revisions\/1290"}],"wp:attachment":[{"href":"https:\/\/vittra.se\/samset\/wp-json\/wp\/v2\/media?parent=1131"}],"curies":[{"name":"wp","href":"https:\/\/api.w.org\/{rel}","templated":true}]}}