{"id":1926,"date":"2023-11-13T13:27:55","date_gmt":"2023-11-13T12:27:55","guid":{"rendered":"https:\/\/vittra.se\/rosjotorp-international\/?page_id=1926"},"modified":"2026-01-13T08:37:11","modified_gmt":"2026-01-13T07:37:11","slug":"school-choice","status":"publish","type":"page","link":"https:\/\/vittra.se\/rosjotorp-international\/school-choice\/","title":{"rendered":"School choice"},"content":{"rendered":"\n\n<section  class=\"ams-cta ams-cta--stacked c-block l-stacked\" data-color-scheme=\"transparent\">\n\t<div class=\"l-container l-stack l-stack-fluid-2xl u-pt-fluid-md-xl u-pb-fluid-None is-right is-right@md\">\n\t\t\t\t\t<div class=\"ams-cta__intro l-stack l-stack-lg\">\n\t\t\t\t\n\t\t\t\t\t\t\t\t\t<div class=\"c-text l-stack u-cs-xl u-font-small\">\n\t\t\t\t\t\t<p><a href=\"https:\/\/vittra.se\/rosjotorp\/det-fria-skolvalet\/\">L\u00e4s den h\u00e4r sidan p\u00e5 svenska.<\/a><\/p>\n\n\t\t\t\t\t<\/div>\n\t\t\t\t\t\t\t<\/div>\n\t\t\n\t\t\n\t\t\t<\/div>\n\n\t\t\n\n<\/section>\n\n\n\n\t\n\t\n\t\n\n\t\n\t\n\t\t\n<section  class=\"c-block l-stacked  \" data-color-scheme=\"transparent\">\n\t<div class=\"ams-fifty ams-fifty--container ams-fifty--right ams-fifty--bottom l-container u-pt-fluid-3xl-6xl u-pb-fluid-3xl-6xl\">\n\t\t<div class=\"ams-fifty__content l-stack l-stack-xl is-left is-left@lg\">\n\t\t\t<div class=\"ams-fifty__text l-stack l-stack-lg\">\n\t\t\t\t\t\n\t<h1\n\tclass=\"c-heading u-font-title-1 \"\n\tstyle=\"\">\n\t\t\n\t\t\t\t\tTo choose a school\n\t\t\t\t\n\t<\/h1>\n\n\t\t\t\t\t\t\t\t\t<div class=\"text l-stack u-font-body\">\n\t\t\t\t\t\t<p>Thanks to the free school choice, students and parents have the right to apply to whichever schools they want.<\/p>\n<p>The free choice of school means that you as a parent or student have both the right and the freedom to choose the school that best meets the student&#8217;s individual needs and wishes, regardless of where the school is located.<\/p>\n<p>At Vittra, we have two separate queues for our preschools and primary schools. Typically, our primary schools admit new students in August or during school breaks. The process of school choice varies from county to county, so please contact the Vittra school you and your child are interested in to learn more.<\/p>\n\n\t\t\t\t\t<\/div>\n\t\t\t\t\t\t\t<\/div>\n\n\t\t\t\t\t<\/div>\n\n\t\t <div class=\"ams-fifty__media u-ratio-square\">\n\t\t \t\t\t\t\t<img decoding=\"async\" width=\"600\" height=\"400\" src=\"https:\/\/vittra.se\/wp-content\/uploads\/sites\/28\/2023\/11\/vittraforsglantanfotofsk14ret.jpg\" class=\"attachment-md size-md\" alt=\"L\u00e4rare sitter i ett klassrum vid ett bord med f\u00f6rskoleelever som ler\" sizes=\"(min-width: 64em) 600px, calc(100vw - 160px)\" srcset=\"https:\/\/vittra.se\/wp-content\/uploads\/sites\/28\/2023\/11\/vittraforsglantanfotofsk14ret.jpg 1980w, https:\/\/vittra.se\/wp-content\/uploads\/sites\/28\/2023\/11\/vittraforsglantanfotofsk14ret-300x200.jpg 300w, https:\/\/vittra.se\/wp-content\/uploads\/sites\/28\/2023\/11\/vittraforsglantanfotofsk14ret-1024x683.jpg 1024w, https:\/\/vittra.se\/wp-content\/uploads\/sites\/28\/2023\/11\/vittraforsglantanfotofsk14ret-768x512.jpg 768w, https:\/\/vittra.se\/wp-content\/uploads\/sites\/28\/2023\/11\/vittraforsglantanfotofsk14ret-1536x1024.jpg 1536w, https:\/\/vittra.se\/wp-content\/uploads\/sites\/28\/2023\/11\/vittraforsglantanfotofsk14ret-1920x1280.jpg 1920w, https:\/\/vittra.se\/wp-content\/uploads\/sites\/28\/2023\/11\/vittraforsglantanfotofsk14ret-500x333.jpg 500w, https:\/\/vittra.se\/wp-content\/uploads\/sites\/28\/2023\/11\/vittraforsglantanfotofsk14ret-340x227.jpg 340w, https:\/\/vittra.se\/wp-content\/uploads\/sites\/28\/2023\/11\/vittraforsglantanfotofsk14ret-1100x733.jpg 1100w, https:\/\/vittra.se\/wp-content\/uploads\/sites\/28\/2023\/11\/vittraforsglantanfotofsk14ret-1000x667.jpg 1000w\" \/>\n\t\t\t\n\t\t\t\n\t\t\t\t\t<\/div>\n\t<\/div>\n\n\t\t\n\n<\/section>\n\n\n\n\n<section  class=\"ams-cta ams-cta--stacked c-block l-stacked\" data-color-scheme=\"nyans1_av_p2\">\n\t<div class=\"l-container-narrow l-stack l-stack-fluid-2xl u-pt-fluid-3xl-6xl u-pb-fluid-3xl-6xl is-left is-left@md\">\n\t\t\t\t\t<div class=\"ams-cta__intro l-stack l-stack-lg\">\n\t\t\t\t\t\n\t<h2\n\tclass=\"c-heading u-font-title-1 \"\n\tstyle=\"\">\n\t\t\n\t\t\t\t\t3 tips for choosing a school\n\t\t\t\t\n\t<\/h2>\n\n\t\t\t\t\t\t\t\t\t<div class=\"c-text l-stack u-cs-xl u-font-body\">\n\t\t\t\t\t\t<h3>1. Learn about the school&#8217;s methods<\/h3>\n<p>You know best what motivates your child and what methods suit them the best. Therefore, read about Vittra\u2019s methods and determine if your child will be stimulated by working with resources such as the Vittra book, Community goals, and the Vittra skills.<\/p>\n<h3>2. Visit an open house or book a personal viewing<\/h3>\n<p>No matter how much you read about the school, the best impression is formed on-site. Attend an open house or schedule a personal tour to experience the facilities and atmosphere.<\/p>\n<h3>3. Speak to students and teachers<\/h3>\n<p>During your visit to the school, take the opportunity to talk to those who spend the most time there &#8211; students and teachers. Find out how students enjoy their school and ask teachers more about the methods and the school\u2019s long-term plan.<\/p>\n\n\t\t\t\t\t<\/div>\n\t\t\t\t\t\t\t<\/div>\n\t\t\n\t\t\n\t\t\t<\/div>\n\n\t\t\n\n<\/section>\n\n\n\n\t<div class=\"module_wrapper ams_remote_pages_module \">\n\t\t\n\n<section  class=\"ams-cta ams-cta--stacked c-block l-stacked\" data-color-scheme=\"nyans1_av_cta\">\n\t<div class=\"l-container l-stack l-stack-fluid-2xl u-pt-fluid-3xl-6xl u-pb-fluid-3xl-6xl is-center is-center@md\">\n\t\t\t\t\t<div class=\"ams-cta__intro l-stack l-stack-lg\">\n\t\t\t\t\t\n\t<h2\n\tclass=\"c-heading u-font-title-1 \"\n\tstyle=\"\">\n\t\t\n\t\t\t\t\tApply to Vittra R\u00f6sj\u00f6torp\n\t\t\t\t\n\t<\/h2>\n\n\t\t\t\t\t\t\t\t\t<div class=\"c-text l-stack u-cs-xl u-font-body\">\n\t\t\t\t\t\t<p>The choice of school is an important decision. Apply to Vittra R\u00f6sj\u00f6torp and start collecting queue days.<\/p>\n\n\t\t\t\t\t<\/div>\n\t\t\t\t\t\t\t<\/div>\n\t\t\n\t\t\n\t\t\t<div class=\"ams-cta__action u-inline-items\">\n\t\t\t\t\t\t\t\n\n\n<a href=\"https:\/\/vittra.se\/rosjotorp-international\/application\/\"\n\t\n\tclass=\"c-btn \"\n\tdata-style=\"round\"\n\tdata-size=\"md\"\n\tdata-width=\"full-mobile\"\n\tdata-variant=\"default\"\n\ttarget=\"_self\">\n\t\t\t<span class=\"label\"> Application<\/span>\n\t\t\t<\/a>\n\t\t\t<\/div>\n\t<\/div>\n\n\t\t\n\n<\/section>\n\t<\/div>\n\n\t","protected":false},"excerpt":{"rendered":"","protected":false},"author":1,"featured_media":0,"parent":0,"menu_order":0,"comment_status":"closed","ping_status":"closed","template":"","meta":{"footnotes":""},"yoast_head":"<!-- This site is optimized with the Yoast SEO plugin v22.0 - https:\/\/yoast.com\/wordpress\/plugins\/seo\/ -->\n<title>R\u00f6sj\u00f6torp International<\/title>\n<meta name=\"description\" content=\"Here, you can read more about how to choose the right preschool or school for your child and how to place your child in line for our school.\" \/>\n<meta name=\"robots\" content=\"index, follow, max-snippet:-1, max-image-preview:large, max-video-preview:-1\" \/>\n<link rel=\"canonical\" href=\"https:\/\/vittra.se\/rosjotorp-international\/school-choice\/\" \/>\n<meta property=\"og:locale\" content=\"sv_SE\" \/>\n<meta property=\"og:type\" content=\"article\" \/>\n<meta property=\"og:description\" content=\"Here, you can read more about how to choose the right preschool or school for your child and how to place your child in line for our school.\" \/>\n<meta property=\"og:url\" content=\"https:\/\/vittra.se\/rosjotorp-international\/school-choice\/\" \/>\n<meta property=\"og:site_name\" content=\"R\u00f6sj\u00f6torp International\" \/>\n<meta property=\"article:modified_time\" content=\"2026-01-13T07:37:11+00:00\" \/>\n<meta name=\"twitter:card\" content=\"summary_large_image\" \/>\n<meta name=\"twitter:description\" content=\"Here, you can read more about how to choose the right preschool or school for your child and how to place your child in line for our school.\" \/>\n<script type=\"application\/ld+json\" class=\"yoast-schema-graph\">{\"@context\":\"https:\/\/schema.org\",\"@graph\":[{\"@type\":\"WebPage\",\"@id\":\"https:\/\/vittra.se\/rosjotorp-international\/school-choice\/\",\"url\":\"https:\/\/vittra.se\/rosjotorp-international\/school-choice\/\",\"name\":\"School choice - R\u00f6sj\u00f6torp International\",\"isPartOf\":{\"@id\":\"https:\/\/vittra.se\/rosjotorp-international\/#website\"},\"datePublished\":\"2023-11-13T12:27:55+00:00\",\"dateModified\":\"2026-01-13T07:37:11+00:00\",\"description\":\"Here, you can read more about how to choose the right preschool or school for your child and how to place your child in line for our school.\",\"breadcrumb\":{\"@id\":\"https:\/\/vittra.se\/rosjotorp-international\/school-choice\/#breadcrumb\"},\"inLanguage\":\"sv-SE\",\"potentialAction\":[{\"@type\":\"ReadAction\",\"target\":[\"https:\/\/vittra.se\/rosjotorp-international\/school-choice\/\"]}]},{\"@type\":\"BreadcrumbList\",\"@id\":\"https:\/\/vittra.se\/rosjotorp-international\/school-choice\/#breadcrumb\",\"itemListElement\":[{\"@type\":\"ListItem\",\"position\":1,\"name\":\"Start\",\"item\":\"https:\/\/vittra.se\/rosjotorp-international\/\"},{\"@type\":\"ListItem\",\"position\":2,\"name\":\"School choice\"}]},{\"@type\":\"WebSite\",\"@id\":\"https:\/\/vittra.se\/rosjotorp-international\/#website\",\"url\":\"https:\/\/vittra.se\/rosjotorp-international\/\",\"name\":\"R\u00f6sj\u00f6torp International\",\"description\":\"Vittra R\u00f6sj\u00f6torp\",\"potentialAction\":[{\"@type\":\"SearchAction\",\"target\":{\"@type\":\"EntryPoint\",\"urlTemplate\":\"https:\/\/vittra.se\/rosjotorp-international\/?s={search_term_string}\"},\"query-input\":\"required name=search_term_string\"}],\"inLanguage\":\"sv-SE\"}]}<\/script>\n<!-- \/ Yoast SEO plugin. -->","yoast_head_json":{"title":"R\u00f6sj\u00f6torp International","description":"Here, you can read more about how to choose the right preschool or school for your child and how to place your child in line for our school.","robots":{"index":"index","follow":"follow","max-snippet":"max-snippet:-1","max-image-preview":"max-image-preview:large","max-video-preview":"max-video-preview:-1"},"canonical":"https:\/\/vittra.se\/rosjotorp-international\/school-choice\/","og_locale":"sv_SE","og_type":"article","og_description":"Here, you can read more about how to choose the right preschool or school for your child and how to place your child in line for our school.","og_url":"https:\/\/vittra.se\/rosjotorp-international\/school-choice\/","og_site_name":"R\u00f6sj\u00f6torp International","article_modified_time":"2026-01-13T07:37:11+00:00","twitter_card":"summary_large_image","twitter_description":"Here, you can read more about how to choose the right preschool or school for your child and how to place your child in line for our school.","schema":{"@context":"https:\/\/schema.org","@graph":[{"@type":"WebPage","@id":"https:\/\/vittra.se\/rosjotorp-international\/school-choice\/","url":"https:\/\/vittra.se\/rosjotorp-international\/school-choice\/","name":"School choice - R\u00f6sj\u00f6torp International","isPartOf":{"@id":"https:\/\/vittra.se\/rosjotorp-international\/#website"},"datePublished":"2023-11-13T12:27:55+00:00","dateModified":"2026-01-13T07:37:11+00:00","description":"Here, you can read more about how to choose the right preschool or school for your child and how to place your child in line for our school.","breadcrumb":{"@id":"https:\/\/vittra.se\/rosjotorp-international\/school-choice\/#breadcrumb"},"inLanguage":"sv-SE","potentialAction":[{"@type":"ReadAction","target":["https:\/\/vittra.se\/rosjotorp-international\/school-choice\/"]}]},{"@type":"BreadcrumbList","@id":"https:\/\/vittra.se\/rosjotorp-international\/school-choice\/#breadcrumb","itemListElement":[{"@type":"ListItem","position":1,"name":"Start","item":"https:\/\/vittra.se\/rosjotorp-international\/"},{"@type":"ListItem","position":2,"name":"School choice"}]},{"@type":"WebSite","@id":"https:\/\/vittra.se\/rosjotorp-international\/#website","url":"https:\/\/vittra.se\/rosjotorp-international\/","name":"R\u00f6sj\u00f6torp International","description":"Vittra R\u00f6sj\u00f6torp","potentialAction":[{"@type":"SearchAction","target":{"@type":"EntryPoint","urlTemplate":"https:\/\/vittra.se\/rosjotorp-international\/?s={search_term_string}"},"query-input":"required name=search_term_string"}],"inLanguage":"sv-SE"}]}},"_links":{"self":[{"href":"https:\/\/vittra.se\/rosjotorp-international\/wp-json\/wp\/v2\/pages\/1926"}],"collection":[{"href":"https:\/\/vittra.se\/rosjotorp-international\/wp-json\/wp\/v2\/pages"}],"about":[{"href":"https:\/\/vittra.se\/rosjotorp-international\/wp-json\/wp\/v2\/types\/page"}],"author":[{"embeddable":true,"href":"https:\/\/vittra.se\/rosjotorp-international\/wp-json\/wp\/v2\/users\/1"}],"replies":[{"embeddable":true,"href":"https:\/\/vittra.se\/rosjotorp-international\/wp-json\/wp\/v2\/comments?post=1926"}],"version-history":[{"count":10,"href":"https:\/\/vittra.se\/rosjotorp-international\/wp-json\/wp\/v2\/pages\/1926\/revisions"}],"predecessor-version":[{"id":2391,"href":"https:\/\/vittra.se\/rosjotorp-international\/wp-json\/wp\/v2\/pages\/1926\/revisions\/2391"}],"wp:attachment":[{"href":"https:\/\/vittra.se\/rosjotorp-international\/wp-json\/wp\/v2\/media?parent=1926"}],"curies":[{"name":"wp","href":"https:\/\/api.w.org\/{rel}","templated":true}]}}