{"id":34,"date":"2020-09-01T22:08:40","date_gmt":"2020-09-01T20:08:40","guid":{"rendered":"https:\/\/vittra.se\/kopieringsunderlag\/?page_id=34"},"modified":"2023-11-20T16:18:00","modified_gmt":"2023-11-20T15:18:00","slug":"skolmat","status":"publish","type":"page","link":"https:\/\/vittra.se\/orebro\/om\/skolmat\/","title":{"rendered":"V\u00e5r mat"},"content":{"rendered":"\n<div class=\"wp-block-columns is-layout-flex wp-container-core-columns-layout-1 wp-block-columns-is-layout-flex\">\n<div class=\"wp-block-column is-layout-flow wp-block-column-is-layout-flow\" style=\"flex-basis:66.66%\">\n<h1 class=\"wp-block-heading\">V\u00e5r mat<\/h1>\n\n\n\n<p   class=\"site__ingress container text-left  site__text-color--dark  site__free_text--ingress p-0\">\n\tH\u00e4r kan du l\u00e4sa mer om skolmaten, v\u00e5r matsal och hur du anm\u00e4ler specialkost.<\/p>\n\n\n\n\n\n<p>Ansvaret f\u00f6r skolm\u00e5ltiderna p\u00e5 Vittra \u00d6rebro har tilldelats m\u00e5ltidsf\u00f6retaget Svea Cater, som sedan 2015 har serverat mat till frist\u00e5ende och kommunala f\u00f6rskolor och skolor runt om i landet. M\u00e5ltiderna till Vittra \u00d6rebro tillagas p\u00e5 Restaurang Mersmak i \u00d6rebro. N\u00e4r det \u00e4r dags f\u00f6r skollunch kan eleverna v\u00e4lja mellan en huvudr\u00e4tt eller en vegetarisk r\u00e4tt, kompletterat med salladsbord i sex varianter, m\u00e5ltidsdryck och kn\u00e4ckebr\u00f6d.&nbsp;<\/p>\n\n\n\n<p>En g\u00e5ng per termin anordnas matr\u00e5d tillsammans med elever och skolpersonal.&nbsp;<\/p>\n\n\n\n<p>En g\u00e5ng per termin bjuder k\u00f6ket in till temavecka.&nbsp;<\/p>\n\n\n\n<p>Alla r\u00e5varor kommer fr\u00e5n av Svea Cater kvalitetscertifierade stabila leverant\u00f6rer som uppfyller krav p\u00e5 s\u00e4kra transporter, sp\u00e5rbarhet och milj\u00f6medvetenhet.<\/p>\n\n\n\n<p><meta charset=\"utf-8\"><img decoding=\"async\" class=\"wp-image-716\" style=\"width: 150px;\" src=\"https:\/\/vittra.se\/wp-content\/uploads\/sites\/23\/2021\/09\/eu-logo-skolmjolk.jpeg\" alt=\"\"><\/p>\n<\/div>\n\n\n\n<div class=\"wp-block-column is-layout-flow wp-block-column-is-layout-flow\" style=\"flex-basis:33.33%\"><div   id=\"page-relative-menu\" class=\"site__font-monospace   container_width--full_width_conIcon   d-none d-lg-block  \">\n\n\t\t\t\n<\/div>\n<\/div>\n<\/div>\n\n\n<div   id=\"page-relative-menu\" class=\"site__font-monospace   container_width--full_width_conIcon   d-lg-none  \">\n\n\t\t\t\n<\/div>\n","protected":false},"excerpt":{"rendered":"<p>V\u00e5r mat Ansvaret f\u00f6r skolm\u00e5ltiderna p\u00e5 Vittra \u00d6rebro har tilldelats m\u00e5ltidsf\u00f6retaget Svea Cater, som sedan 2015 har serverat mat till frist\u00e5ende och kommunala f\u00f6rskolor och skolor runt om i landet. M\u00e5ltiderna till Vittra \u00d6rebro tillagas p\u00e5 Restaurang Mersmak i \u00d6rebro. N\u00e4r det \u00e4r dags f\u00f6r skollunch kan eleverna v\u00e4lja mellan en huvudr\u00e4tt eller en vegetarisk&#8230;<\/p>\n","protected":false},"author":1,"featured_media":0,"parent":20,"menu_order":0,"comment_status":"closed","ping_status":"closed","template":"","meta":{"footnotes":""},"yoast_head":"<!-- This site is optimized with the Yoast SEO plugin v22.0 - https:\/\/yoast.com\/wordpress\/plugins\/seo\/ -->\n<title>\u00d6rebro<\/title>\n<meta name=\"description\" content=\"L\u00e4s om skolmaten h\u00e4r! Ta reda p\u00e5 serveringstider, hitta veckomatsedeln och anm\u00e4l specialkost.\" \/>\n<meta name=\"robots\" content=\"index, follow, max-snippet:-1, max-image-preview:large, max-video-preview:-1\" \/>\n<link rel=\"canonical\" href=\"https:\/\/vittra.se\/orebro\/om\/skolmat\/\" \/>\n<meta property=\"og:locale\" content=\"sv_SE\" \/>\n<meta property=\"og:type\" content=\"article\" \/>\n<meta property=\"og:description\" content=\"L\u00e4s om skolmaten h\u00e4r! Ta reda p\u00e5 serveringstider, hitta veckomatsedeln och anm\u00e4l specialkost.\" \/>\n<meta property=\"og:url\" content=\"https:\/\/vittra.se\/orebro\/om\/skolmat\/\" \/>\n<meta property=\"og:site_name\" content=\"\u00d6rebro\" \/>\n<meta property=\"article:modified_time\" content=\"2023-11-20T15:18:00+00:00\" \/>\n<meta property=\"og:image\" content=\"https:\/\/vittra.se\/wp-content\/uploads\/sites\/23\/2021\/09\/eu-logo-skolmjolk.jpeg\" \/>\n<meta name=\"twitter:card\" content=\"summary_large_image\" \/>\n<meta name=\"twitter:description\" content=\"L\u00e4s om skolmaten h\u00e4r! Ta reda p\u00e5 serveringstider, hitta veckomatsedeln och anm\u00e4l specialkost.\" \/>\n<meta name=\"twitter:label1\" content=\"Ber\u00e4knad l\u00e4stid\" \/>\n\t<meta name=\"twitter:data1\" content=\"1 minut\" \/>\n<script type=\"application\/ld+json\" class=\"yoast-schema-graph\">{\"@context\":\"https:\/\/schema.org\",\"@graph\":[{\"@type\":\"WebPage\",\"@id\":\"https:\/\/vittra.se\/orebro\/om\/skolmat\/\",\"url\":\"https:\/\/vittra.se\/orebro\/om\/skolmat\/\",\"name\":\"V\u00e5r mat - \u00d6rebro\",\"isPartOf\":{\"@id\":\"https:\/\/vittra.se\/orebro\/#website\"},\"datePublished\":\"2020-09-01T20:08:40+00:00\",\"dateModified\":\"2023-11-20T15:18:00+00:00\",\"description\":\"L\u00e4s om skolmaten h\u00e4r! Ta reda p\u00e5 serveringstider, hitta veckomatsedeln och anm\u00e4l specialkost.\",\"breadcrumb\":{\"@id\":\"https:\/\/vittra.se\/orebro\/om\/skolmat\/#breadcrumb\"},\"inLanguage\":\"sv-SE\",\"potentialAction\":[{\"@type\":\"ReadAction\",\"target\":[\"https:\/\/vittra.se\/orebro\/om\/skolmat\/\"]}]},{\"@type\":\"BreadcrumbList\",\"@id\":\"https:\/\/vittra.se\/orebro\/om\/skolmat\/#breadcrumb\",\"itemListElement\":[{\"@type\":\"ListItem\",\"position\":1,\"name\":\"Start\",\"item\":\"https:\/\/vittra.se\/orebro\/\"},{\"@type\":\"ListItem\",\"position\":2,\"name\":\"Om skolan\",\"item\":\"https:\/\/vittra.se\/orebro\/om\/\"},{\"@type\":\"ListItem\",\"position\":3,\"name\":\"V\u00e5r mat\"}]},{\"@type\":\"WebSite\",\"@id\":\"https:\/\/vittra.se\/orebro\/#website\",\"url\":\"https:\/\/vittra.se\/orebro\/\",\"name\":\"\u00d6rebro\",\"description\":\"Kunskap att f\u00f6r\u00e4ndra. Mod att p\u00e5verka.\",\"potentialAction\":[{\"@type\":\"SearchAction\",\"target\":{\"@type\":\"EntryPoint\",\"urlTemplate\":\"https:\/\/vittra.se\/orebro\/?s={search_term_string}\"},\"query-input\":\"required name=search_term_string\"}],\"inLanguage\":\"sv-SE\"}]}<\/script>\n<!-- \/ Yoast SEO plugin. -->","yoast_head_json":{"title":"\u00d6rebro","description":"L\u00e4s om skolmaten h\u00e4r! Ta reda p\u00e5 serveringstider, hitta veckomatsedeln och anm\u00e4l specialkost.","robots":{"index":"index","follow":"follow","max-snippet":"max-snippet:-1","max-image-preview":"max-image-preview:large","max-video-preview":"max-video-preview:-1"},"canonical":"https:\/\/vittra.se\/orebro\/om\/skolmat\/","og_locale":"sv_SE","og_type":"article","og_description":"L\u00e4s om skolmaten h\u00e4r! Ta reda p\u00e5 serveringstider, hitta veckomatsedeln och anm\u00e4l specialkost.","og_url":"https:\/\/vittra.se\/orebro\/om\/skolmat\/","og_site_name":"\u00d6rebro","article_modified_time":"2023-11-20T15:18:00+00:00","og_image":[{"url":"https:\/\/vittra.se\/wp-content\/uploads\/sites\/23\/2021\/09\/eu-logo-skolmjolk.jpeg"}],"twitter_card":"summary_large_image","twitter_description":"L\u00e4s om skolmaten h\u00e4r! Ta reda p\u00e5 serveringstider, hitta veckomatsedeln och anm\u00e4l specialkost.","twitter_misc":{"Ber\u00e4knad l\u00e4stid":"1 minut"},"schema":{"@context":"https:\/\/schema.org","@graph":[{"@type":"WebPage","@id":"https:\/\/vittra.se\/orebro\/om\/skolmat\/","url":"https:\/\/vittra.se\/orebro\/om\/skolmat\/","name":"V\u00e5r mat - \u00d6rebro","isPartOf":{"@id":"https:\/\/vittra.se\/orebro\/#website"},"datePublished":"2020-09-01T20:08:40+00:00","dateModified":"2023-11-20T15:18:00+00:00","description":"L\u00e4s om skolmaten h\u00e4r! Ta reda p\u00e5 serveringstider, hitta veckomatsedeln och anm\u00e4l specialkost.","breadcrumb":{"@id":"https:\/\/vittra.se\/orebro\/om\/skolmat\/#breadcrumb"},"inLanguage":"sv-SE","potentialAction":[{"@type":"ReadAction","target":["https:\/\/vittra.se\/orebro\/om\/skolmat\/"]}]},{"@type":"BreadcrumbList","@id":"https:\/\/vittra.se\/orebro\/om\/skolmat\/#breadcrumb","itemListElement":[{"@type":"ListItem","position":1,"name":"Start","item":"https:\/\/vittra.se\/orebro\/"},{"@type":"ListItem","position":2,"name":"Om skolan","item":"https:\/\/vittra.se\/orebro\/om\/"},{"@type":"ListItem","position":3,"name":"V\u00e5r mat"}]},{"@type":"WebSite","@id":"https:\/\/vittra.se\/orebro\/#website","url":"https:\/\/vittra.se\/orebro\/","name":"\u00d6rebro","description":"Kunskap att f\u00f6r\u00e4ndra. Mod att p\u00e5verka.","potentialAction":[{"@type":"SearchAction","target":{"@type":"EntryPoint","urlTemplate":"https:\/\/vittra.se\/orebro\/?s={search_term_string}"},"query-input":"required name=search_term_string"}],"inLanguage":"sv-SE"}]}},"_links":{"self":[{"href":"https:\/\/vittra.se\/orebro\/wp-json\/wp\/v2\/pages\/34"}],"collection":[{"href":"https:\/\/vittra.se\/orebro\/wp-json\/wp\/v2\/pages"}],"about":[{"href":"https:\/\/vittra.se\/orebro\/wp-json\/wp\/v2\/types\/page"}],"author":[{"embeddable":true,"href":"https:\/\/vittra.se\/orebro\/wp-json\/wp\/v2\/users\/1"}],"replies":[{"embeddable":true,"href":"https:\/\/vittra.se\/orebro\/wp-json\/wp\/v2\/comments?post=34"}],"version-history":[{"count":10,"href":"https:\/\/vittra.se\/orebro\/wp-json\/wp\/v2\/pages\/34\/revisions"}],"predecessor-version":[{"id":1828,"href":"https:\/\/vittra.se\/orebro\/wp-json\/wp\/v2\/pages\/34\/revisions\/1828"}],"up":[{"embeddable":true,"href":"https:\/\/vittra.se\/orebro\/wp-json\/wp\/v2\/pages\/20"}],"wp:attachment":[{"href":"https:\/\/vittra.se\/orebro\/wp-json\/wp\/v2\/media?parent=34"}],"curies":[{"name":"wp","href":"https:\/\/api.w.org\/{rel}","templated":true}]}}

Vår mat

<div class="wp-block-columns is-layout-flex wp-container-core-columns-layout-1 wp-block-columns-is-layout-flex">
<div class="wp-block-column is-layout-flow wp-block-column-is-layout-flow" style="flex-basis:66.66%">
<h1 class="wp-block-heading">Vår mat</h1>



<p   class="site__ingress container text-left  site__text-color--dark  site__free_text--ingress p-0">
	Här kan du läsa mer om skolmaten, vår matsal och hur du anmäler specialkost.</p>





<p>Ansvaret för skolmåltiderna på Vittra Örebro har tilldelats måltidsföretaget Svea Cater, som sedan 2015 har serverat mat till fristående och kommunala förskolor och skolor runt om i landet. Måltiderna till Vittra Örebro tillagas på Restaurang Mersmak i Örebro. När det är dags för skollunch kan eleverna välja mellan en huvudrätt eller en vegetarisk rätt, kompletterat med salladsbord i sex varianter, måltidsdryck och knäckebröd.&nbsp;</p>



<p>En gång per termin anordnas matråd tillsammans med elever och skolpersonal.&nbsp;</p>



<p>En gång per termin bjuder köket in till temavecka.&nbsp;</p>



<p>Alla råvaror kommer från av Svea Cater kvalitetscertifierade stabila leverantörer som uppfyller krav på säkra transporter, spårbarhet och miljömedvetenhet.</p>



<p><meta charset="utf-8"><img decoding="async" class="wp-image-716" style="width: 150px;" src="https://vittra.se/wp-content/uploads/sites/23/2021/09/eu-logo-skolmjolk.jpeg" alt=""></p>
</div>



<div class="wp-block-column is-layout-flow wp-block-column-is-layout-flow" style="flex-basis:33.33%"><div   id="page-relative-menu" class="site__font-monospace   container_width--full_width_conIcon   d-none d-lg-block  ">

			
</div>
</div>
</div>


<div   id="page-relative-menu" class="site__font-monospace   container_width--full_width_conIcon   d-lg-none  ">

			
</div>

<p>Vår mat Ansvaret för skolmåltiderna på Vittra Örebro har tilldelats måltidsföretaget Svea Cater, som sedan 2015 har serverat mat till fristående och kommunala förskolor och skolor runt om i landet. Måltiderna till Vittra Örebro tillagas på Restaurang Mersmak i Örebro. När det är dags för skollunch kan eleverna välja mellan en huvudrätt eller en vegetarisk&#8230;</p>

<!-- This site is optimized with the Yoast SEO plugin v22.0 - https://yoast.com/wordpress/plugins/seo/ -->
<title>Örebro</title>
<meta name="description" content="Läs om skolmaten här! Ta reda på serveringstider, hitta veckomatsedeln och anmäl specialkost." />
<meta name="robots" content="index, follow, max-snippet:-1, max-image-preview:large, max-video-preview:-1" />
<link rel="canonical" href="https://vittra.se/orebro/om/skolmat/" />
<meta property="og:locale" content="sv_SE" />
<meta property="og:type" content="article" />
<meta property="og:description" content="Läs om skolmaten här! Ta reda på serveringstider, hitta veckomatsedeln och anmäl specialkost." />
<meta property="og:url" content="https://vittra.se/orebro/om/skolmat/" />
<meta property="og:site_name" content="Örebro" />
<meta property="article:modified_time" content="2023-11-20T15:18:00+00:00" />
<meta property="og:image" content="https://vittra.se/wp-content/uploads/sites/23/2021/09/eu-logo-skolmjolk.jpeg" />
<meta name="twitter:card" content="summary_large_image" />
<meta name="twitter:description" content="Läs om skolmaten här! Ta reda på serveringstider, hitta veckomatsedeln och anmäl specialkost." />
<meta name="twitter:label1" content="Beräknad lästid" />
	<meta name="twitter:data1" content="1 minut" />
<script type="application/ld+json" class="yoast-schema-graph">{"@context":"https://schema.org","@graph":[{"@type":"WebPage","@id":"https://vittra.se/orebro/om/skolmat/","url":"https://vittra.se/orebro/om/skolmat/","name":"Vår mat - Örebro","isPartOf":{"@id":"https://vittra.se/orebro/#website"},"datePublished":"2020-09-01T20:08:40+00:00","dateModified":"2023-11-20T15:18:00+00:00","description":"Läs om skolmaten här! Ta reda på serveringstider, hitta veckomatsedeln och anmäl specialkost.","breadcrumb":{"@id":"https://vittra.se/orebro/om/skolmat/#breadcrumb"},"inLanguage":"sv-SE","potentialAction":[{"@type":"ReadAction","target":["https://vittra.se/orebro/om/skolmat/"]}]},{"@type":"BreadcrumbList","@id":"https://vittra.se/orebro/om/skolmat/#breadcrumb","itemListElement":[{"@type":"ListItem","position":1,"name":"Start","item":"https://vittra.se/orebro/"},{"@type":"ListItem","position":2,"name":"Om skolan","item":"https://vittra.se/orebro/om/"},{"@type":"ListItem","position":3,"name":"Vår mat"}]},{"@type":"WebSite","@id":"https://vittra.se/orebro/#website","url":"https://vittra.se/orebro/","name":"Örebro","description":"Kunskap att förändra. Mod att påverka.","potentialAction":[{"@type":"SearchAction","target":{"@type":"EntryPoint","urlTemplate":"https://vittra.se/orebro/?s={search_term_string}"},"query-input":"required name=search_term_string"}],"inLanguage":"sv-SE"}]}</script>
<!-- / Yoast SEO plugin. -->

Örebro

Läs om skolmaten här! Ta reda på serveringstider, hitta veckomatsedeln och anmäl specialkost.

Vår mat - Örebro

Kunskap att förändra. Mod att påverka.
