{"id":1913,"date":"2026-03-12T13:49:10","date_gmt":"2026-03-12T12:49:10","guid":{"rendered":"https:\/\/vittra.se\/luma-park\/?page_id=1913"},"modified":"2026-03-12T13:49:11","modified_gmt":"2026-03-12T12:49:11","slug":"inskolning-pa-forskolan","status":"publish","type":"page","link":"https:\/\/vittra.se\/luma-park\/inskolning-pa-forskolan\/","title":{"rendered":"Inskolning p\u00e5 f\u00f6rskolan"},"content":{"rendered":"\n\t\n\t\n\t\n\n\t\n\t\n\t\t\n<section  class=\"c-block l-stacked  \" data-color-scheme=\"transparent\">\n\t<div class=\"ams-fifty ams-fifty--container ams-fifty--right ams-fifty--bottom l-container u-pt-fluid-2xl-4xl u-pb-fluid-md-xl\">\n\t\t<div class=\"ams-fifty__content l-stack l-stack-xl is-left is-left@lg\">\n\t\t\t<div class=\"ams-fifty__text l-stack l-stack-lg\">\n\t\t\t\t\t\n\t<h2\n\tclass=\"c-heading u-font-title-1 \"\n\tstyle=\"\">\n\t\t\n\t\t\t\t\tInskolning p\u00e5 f\u00f6rskolan\n\t\t\t\t\n\t<\/h2>\n\n\t\t\t\t\t\t\t\t\t<div class=\"text l-stack u-font-body\">\n\t\t\t\t\t\t<p data-start=\"280\" data-end=\"597\">Vi b\u00f6rjar med en tre dagar l\u00e5ng f\u00f6r\u00e4ldraaktiv inskolning. Under de tv\u00e5 f\u00f6rsta dagarna \u00e4r du tillsammans med ditt barn p\u00e5 f\u00f6rskolan mellan klockan 9.00 och 10.30. Den tredje dagen stannar ni till klockan 11.30. Under dessa dagar f\u00e5r ditt barn i lugn och ro l\u00e4ra k\u00e4nna v\u00e5ra pedagoger, v\u00e5ra rutiner och f\u00f6rskolans milj\u00f6.<\/p>\n<p data-start=\"599\" data-end=\"728\">Du \u00e4r aktiv i verksamheten tillsammans med ditt barn under inskolningen och ansvarar f\u00f6r ditt barns omsorg under tiden ni \u00e4r h\u00e4r.<\/p>\n<p data-start=\"730\" data-end=\"920\">Den fj\u00e4rde och femte dagen l\u00e4mnar du ditt barn klockan 9.00 och h\u00e4mtar klockan 15.00. Under dessa dagar \u00e4r det viktigt att du finns tillg\u00e4nglig och snabbt kan komma till f\u00f6rskolan vid behov.<\/p>\n<p data-start=\"922\" data-end=\"1117\">Under den f\u00f6ljande veckan rekommenderar vi att barnet g\u00e5r mellan klockan 9.00 och 15.00. Det ger en lugn start och hj\u00e4lper barnet att stegvis v\u00e4nja sig vid v\u00e5r verksamhet och vardag p\u00e5 f\u00f6rskolan.<\/p>\n<p data-start=\"1119\" data-end=\"1411\">Inskolningen anpassas alltid efter barnets individuella behov. Vissa barn beh\u00f6ver lite mer tid f\u00f6r att k\u00e4nna sig helt trygga i den nya milj\u00f6n, medan andra snabbt finner sig till r\u00e4tta. Efter ett par veckor bokar vi in ett uppf\u00f6ljningssamtal d\u00e4r vi tillsammans pratar om hur starten har varit.<\/p>\n<h3 data-section-id=\"ue3a86\" data-start=\"1413\" data-end=\"1437\">Avgifter och maxtaxa<\/h3>\n<p data-start=\"1439\" data-end=\"1641\">F\u00f6r att ha ditt barn i f\u00f6rskola eller fritidshem betalar varje hush\u00e5ll en avgift. Hur mycket du betalar beror p\u00e5 hush\u00e5llets inkomster, upp till ett fastst\u00e4llt inkomsttak. Inkomsttaket justeras varje \u00e5r.<\/p>\n<p data-start=\"1643\" data-end=\"1811\">V\u00e5ra \u00f6ppettider kan anpassas efter v\u00e5rdnadshavares omsorgsbehov. Vi f\u00f6ljer Stockholms stads ramtider och har \u00f6ppet tidigast klockan 06.30 och senast till klockan 18.30.<\/p>\n<p data-start=\"1813\" data-end=\"1901\">Vill du veta mer om maxtaxa och avgifter kan du l\u00e4sa vidare p\u00e5 <a href=\"https:\/\/forskola.stockholm\/avgifter\/\"><span style=\"font-family: -apple-system, BlinkMacSystemFont, 'Segoe UI', Roboto, 'Helvetica Neue', Arial, 'Noto Sans', 'Liberation Sans', sans-serif, 'Apple Color Emoji', 'Segoe UI Emoji', 'Segoe UI Symbol', 'Noto Color Emoji'; font-size: 1rem;\">S<\/span>tockholm stads hemsida<span style=\"font-family: -apple-system, BlinkMacSystemFont, 'Segoe UI', Roboto, 'Helvetica Neue', Arial, 'Noto Sans', 'Liberation Sans', sans-serif, 'Apple Color Emoji', 'Segoe UI Emoji', 'Segoe UI Symbol', 'Noto Color Emoji'; font-size: 1rem;\">.<\/span><\/a><\/p>\n\n\t\t\t\t\t<\/div>\n\t\t\t\t\t\t\t<\/div>\n\n\t\t\t\t\t<\/div>\n\n\t\t <div class=\"ams-fifty__media u-ratio-square\">\n\t\t \t\t\t\t\t<img decoding=\"async\" width=\"600\" height=\"400\" src=\"https:\/\/vittra.se\/wp-content\/uploads\/sites\/17\/2022\/10\/vittrahalmstadfotoforskola7ret-e1665408731456.jpg\" class=\"attachment-md size-md\" alt=\"Tv\u00e5 f\u00f6rskolebarn sitter med en f\u00f6rskoll\u00e4rare p\u00e5 Vittras f\u00f6rskola.\" sizes=\"(min-width: 64em) 600px, calc(100vw - 160px)\" srcset=\"https:\/\/vittra.se\/wp-content\/uploads\/sites\/17\/2022\/10\/vittrahalmstadfotoforskola7ret-e1665408731456.jpg 1980w, https:\/\/vittra.se\/wp-content\/uploads\/sites\/17\/2022\/10\/vittrahalmstadfotoforskola7ret-e1665408731456-300x200.jpg 300w, https:\/\/vittra.se\/wp-content\/uploads\/sites\/17\/2022\/10\/vittrahalmstadfotoforskola7ret-e1665408731456-1024x683.jpg 1024w, https:\/\/vittra.se\/wp-content\/uploads\/sites\/17\/2022\/10\/vittrahalmstadfotoforskola7ret-e1665408731456-768x512.jpg 768w, https:\/\/vittra.se\/wp-content\/uploads\/sites\/17\/2022\/10\/vittrahalmstadfotoforskola7ret-e1665408731456-1536x1024.jpg 1536w, https:\/\/vittra.se\/wp-content\/uploads\/sites\/17\/2022\/10\/vittrahalmstadfotoforskola7ret-e1665408731456-1920x1280.jpg 1920w, https:\/\/vittra.se\/wp-content\/uploads\/sites\/17\/2022\/10\/vittrahalmstadfotoforskola7ret-e1665408731456-500x333.jpg 500w, https:\/\/vittra.se\/wp-content\/uploads\/sites\/17\/2022\/10\/vittrahalmstadfotoforskola7ret-e1665408731456-340x227.jpg 340w, https:\/\/vittra.se\/wp-content\/uploads\/sites\/17\/2022\/10\/vittrahalmstadfotoforskola7ret-e1665408731456-1100x733.jpg 1100w, https:\/\/vittra.se\/wp-content\/uploads\/sites\/17\/2022\/10\/vittrahalmstadfotoforskola7ret-e1665408731456-1000x667.jpg 1000w\" \/>\n\t\t\t\n\t\t\t\n\t\t\t\t\t<\/div>\n\t<\/div>\n\n\t\t\n\n<\/section>\n\n\n\n\t\n\t\n\t\n\n\t\n\t\n\t\t\n<section  class=\"c-block l-stacked  \" data-color-scheme=\"\">\n\t<div class=\"ams-fifty ams-fifty--container ams-fifty--left ams-fifty--bottom l-container u-pt-fluid-md-xl u-pb-fluid-2xl-4xl\">\n\t\t<div class=\"ams-fifty__content l-stack l-stack-xl is-left is-left@lg\">\n\t\t\t<div class=\"ams-fifty__text l-stack l-stack-lg\">\n\t\t\t\t\t\n\t<h2\n\tclass=\"c-heading u-font-title-1 \"\n\tstyle=\"\">\n\t\t\n\t\t\t\t\tDet h\u00e4r \u00e4r bra att ha med\n\t\t\t\t\n\t<\/h2>\n\n\t\t\t\t\t\t\t\t\t<div class=\"text l-stack u-font-body\">\n\t\t\t\t\t\t<p data-start=\"1030\" data-end=\"1088\">F\u00f6r att dagarna ska fungera smidigt \u00e4r det bra att ta med:<\/p>\n<ul>\n<li data-start=\"1092\" data-end=\"1112\">Bl\u00f6jor (vid behov).<\/li>\n<li data-start=\"1092\" data-end=\"1112\">Extrakl\u00e4der, till exempel regnkl\u00e4der och gummist\u00f6vlar.<\/li>\n<li data-start=\"1173\" data-end=\"1231\">Ett ombyte (strumpor, underkl\u00e4der, \u00f6verdel och underdel).<\/li>\n<li>Vagn om ditt barn sover ute under dagen.<\/li>\n<li data-start=\"1276\" data-end=\"1326\">\n<p data-start=\"1278\" data-end=\"1326\">Snuttefilt och napp, om ditt barn anv\u00e4nder det.<\/p>\n<\/li>\n<\/ul>\n<p data-start=\"1328\" data-end=\"1512\" data-is-last-node=\"\" data-is-only-node=\"\">Har du fr\u00e5gor om hur inskolningen g\u00e5r till \u00e4r du alltid varmt v\u00e4lkommen att kontakta oss. Vi ber\u00e4ttar g\u00e4rna mer om hur vi skapar en trygg, nyfiken och omsorgsfull start i f\u00f6rskolan.<\/p>\n\n\t\t\t\t\t<\/div>\n\t\t\t\t\t\t\t<\/div>\n\n\t\t\t\t<div class=\"ams-fifty__action u-inline-items\">\n\t\t\t\t\t\t\t\n\n\n<a href=\"https:\/\/vittra.se\/luma-park\/kontakt\/\"\n\t\n\tclass=\"c-btn \"\n\tdata-style=\"round\"\n\tdata-size=\"md\"\n\tdata-width=\"full-mobile\"\n\tdata-variant=\"default\"\n\ttarget=\"_self\">\n\t\t\t<span class=\"label\"> Kontakta oss<\/span>\n\t\t\t<\/a>\n\t\t\t<\/div>\n\t\t<\/div>\n\n\t\t <div class=\"ams-fifty__media u-ratio-landscape\">\n\t\t \t\t\t\t\t<img decoding=\"async\" width=\"600\" height=\"450\" src=\"https:\/\/vittra.se\/wp-content\/uploads\/sites\/17\/2025\/10\/img8674-600x450.jpeg\" class=\"attachment-md size-md\" alt=\"Tv\u00e5 barn p\u00e5 f\u00f6rskolan leker med ballonger\" sizes=\"(min-width: 64em) 600px, calc(100vw - 160px)\" srcset=\"https:\/\/vittra.se\/wp-content\/uploads\/sites\/17\/2025\/10\/img8674-600x450.jpeg 600w, https:\/\/vittra.se\/wp-content\/uploads\/sites\/17\/2025\/10\/img8674-300x225.jpeg 300w, https:\/\/vittra.se\/wp-content\/uploads\/sites\/17\/2025\/10\/img8674-400x300.jpeg 400w, https:\/\/vittra.se\/wp-content\/uploads\/sites\/17\/2025\/10\/img8674-800x600.jpeg 800w, https:\/\/vittra.se\/wp-content\/uploads\/sites\/17\/2025\/10\/img8674-1024x768.jpeg 1024w, https:\/\/vittra.se\/wp-content\/uploads\/sites\/17\/2025\/10\/img8674-1200x900.jpeg 1200w, https:\/\/vittra.se\/wp-content\/uploads\/sites\/17\/2025\/10\/img8674-768x576.jpeg 768w\" \/>\n\t\t\t\n\t\t\t\n\t\t\t\t\t<\/div>\n\t<\/div>\n\n\t\t\n\n<\/section>\n\n\n\n\n<section  class=\"ams-cta ams-cta--stacked c-block l-stacked\" data-color-scheme=\"primar2\">\n\t<div class=\"l-container l-stack l-stack-fluid-2xl u-pt-fluid-2xl-4xl u-pb-fluid-2xl-4xl is-center is-center@md\">\n\t\t\t\t\t<div class=\"ams-cta__intro l-stack l-stack-lg\">\n\t\t\t\t\t\n\t<h2\n\tclass=\"c-heading u-font-title-1 \"\n\tstyle=\"\">\n\t\t\n\t\t\t\t\tTillbaka till f\u00f6rskolesidan\n\t\t\t\t\n\t<\/h2>\n\n\t\t\t\t\t\t\t<\/div>\n\t\t\n\t\t\n\t\t\t<div class=\"ams-cta__action u-inline-items\">\n\t\t\t\t\t\t\t\n\n\n<a href=\"https:\/\/vittra.se\/luma-park\/om\/forskola\/\"\n\t\n\tclass=\"c-btn \"\n\tdata-style=\"round\"\n\tdata-size=\"md\"\n\tdata-width=\"full-mobile\"\n\tdata-variant=\"default\"\n\ttarget=\"_self\">\n\t\t\t<span class=\"label\"> Om v\u00e5r f\u00f6rskola<\/span>\n\t\t\t<\/a>\n\t\t\t<\/div>\n\t<\/div>\n\n\t\t\n\n<\/section>\n","protected":false},"excerpt":{"rendered":"","protected":false},"author":103,"featured_media":0,"parent":0,"menu_order":0,"comment_status":"closed","ping_status":"closed","template":"","meta":{"footnotes":""},"yoast_head":"<!-- This site is optimized with the Yoast SEO plugin v22.0 - https:\/\/yoast.com\/wordpress\/plugins\/seo\/ -->\n<title>S\u00e5 fungerar inskolningen p\u00e5 v\u00e5r f\u00f6rskola | Vittra Luma Park<\/title>\n<meta name=\"description\" content=\"Hur g\u00e5r inskolningen till p\u00e5 Vittra Luma Park? L\u00e4s om v\u00e5r trygga och individuellt anpassade start i f\u00f6rskolan.\" \/>\n<meta name=\"robots\" content=\"index, follow, max-snippet:-1, max-image-preview:large, max-video-preview:-1\" \/>\n<link rel=\"canonical\" href=\"https:\/\/vittra.se\/luma-park\/inskolning-pa-forskolan\/\" \/>\n<meta property=\"og:locale\" content=\"sv_SE\" \/>\n<meta property=\"og:type\" content=\"article\" \/>\n<meta property=\"og:title\" content=\"S\u00e5 fungerar inskolningen p\u00e5 v\u00e5r f\u00f6rskola | Vittra Luma Park\" \/>\n<meta property=\"og:description\" content=\"Hur g\u00e5r inskolningen till p\u00e5 Vittra Luma Park? L\u00e4s om v\u00e5r trygga och individuellt anpassade start i f\u00f6rskolan.\" \/>\n<meta property=\"og:url\" content=\"https:\/\/vittra.se\/luma-park\/inskolning-pa-forskolan\/\" \/>\n<meta property=\"og:site_name\" content=\"Luma Park\" \/>\n<meta property=\"article:modified_time\" content=\"2026-03-12T12:49:11+00:00\" \/>\n<meta name=\"twitter:card\" content=\"summary_large_image\" \/>\n<meta name=\"twitter:title\" content=\"S\u00e5 fungerar inskolningen p\u00e5 v\u00e5r f\u00f6rskola | Vittra Luma Park\" \/>\n<meta name=\"twitter:description\" content=\"Hur g\u00e5r inskolningen till p\u00e5 Vittra Luma Park? L\u00e4s om v\u00e5r trygga och individuellt anpassade start i f\u00f6rskolan.\" \/>\n<script type=\"application\/ld+json\" class=\"yoast-schema-graph\">{\"@context\":\"https:\/\/schema.org\",\"@graph\":[{\"@type\":\"WebPage\",\"@id\":\"https:\/\/vittra.se\/luma-park\/inskolning-pa-forskolan\/\",\"url\":\"https:\/\/vittra.se\/luma-park\/inskolning-pa-forskolan\/\",\"name\":\"S\u00e5 fungerar inskolningen p\u00e5 v\u00e5r f\u00f6rskola | Vittra Luma Park\",\"isPartOf\":{\"@id\":\"https:\/\/vittra.se\/luma-park\/#website\"},\"datePublished\":\"2026-03-12T12:49:10+00:00\",\"dateModified\":\"2026-03-12T12:49:11+00:00\",\"description\":\"Hur g\u00e5r inskolningen till p\u00e5 Vittra Luma Park? L\u00e4s om v\u00e5r trygga och individuellt anpassade start i f\u00f6rskolan.\",\"breadcrumb\":{\"@id\":\"https:\/\/vittra.se\/luma-park\/inskolning-pa-forskolan\/#breadcrumb\"},\"inLanguage\":\"sv-SE\",\"potentialAction\":[{\"@type\":\"ReadAction\",\"target\":[\"https:\/\/vittra.se\/luma-park\/inskolning-pa-forskolan\/\"]}]},{\"@type\":\"BreadcrumbList\",\"@id\":\"https:\/\/vittra.se\/luma-park\/inskolning-pa-forskolan\/#breadcrumb\",\"itemListElement\":[{\"@type\":\"ListItem\",\"position\":1,\"name\":\"Start\",\"item\":\"https:\/\/vittra.se\/luma-park\/\"},{\"@type\":\"ListItem\",\"position\":2,\"name\":\"Inskolning p\u00e5 f\u00f6rskolan\"}]},{\"@type\":\"WebSite\",\"@id\":\"https:\/\/vittra.se\/luma-park\/#website\",\"url\":\"https:\/\/vittra.se\/luma-park\/\",\"name\":\"Luma Park\",\"description\":\"Kunskap att f\u00f6r\u00e4ndra. Mod att p\u00e5verka.\",\"potentialAction\":[{\"@type\":\"SearchAction\",\"target\":{\"@type\":\"EntryPoint\",\"urlTemplate\":\"https:\/\/vittra.se\/luma-park\/?s={search_term_string}\"},\"query-input\":\"required name=search_term_string\"}],\"inLanguage\":\"sv-SE\"}]}<\/script>\n<!-- \/ Yoast SEO plugin. -->","yoast_head_json":{"title":"S\u00e5 fungerar inskolningen p\u00e5 v\u00e5r f\u00f6rskola | Vittra Luma Park","description":"Hur g\u00e5r inskolningen till p\u00e5 Vittra Luma Park? L\u00e4s om v\u00e5r trygga och individuellt anpassade start i f\u00f6rskolan.","robots":{"index":"index","follow":"follow","max-snippet":"max-snippet:-1","max-image-preview":"max-image-preview:large","max-video-preview":"max-video-preview:-1"},"canonical":"https:\/\/vittra.se\/luma-park\/inskolning-pa-forskolan\/","og_locale":"sv_SE","og_type":"article","og_title":"S\u00e5 fungerar inskolningen p\u00e5 v\u00e5r f\u00f6rskola | Vittra Luma Park","og_description":"Hur g\u00e5r inskolningen till p\u00e5 Vittra Luma Park? L\u00e4s om v\u00e5r trygga och individuellt anpassade start i f\u00f6rskolan.","og_url":"https:\/\/vittra.se\/luma-park\/inskolning-pa-forskolan\/","og_site_name":"Luma Park","article_modified_time":"2026-03-12T12:49:11+00:00","twitter_card":"summary_large_image","twitter_title":"S\u00e5 fungerar inskolningen p\u00e5 v\u00e5r f\u00f6rskola | Vittra Luma Park","twitter_description":"Hur g\u00e5r inskolningen till p\u00e5 Vittra Luma Park? L\u00e4s om v\u00e5r trygga och individuellt anpassade start i f\u00f6rskolan.","schema":{"@context":"https:\/\/schema.org","@graph":[{"@type":"WebPage","@id":"https:\/\/vittra.se\/luma-park\/inskolning-pa-forskolan\/","url":"https:\/\/vittra.se\/luma-park\/inskolning-pa-forskolan\/","name":"S\u00e5 fungerar inskolningen p\u00e5 v\u00e5r f\u00f6rskola | Vittra Luma Park","isPartOf":{"@id":"https:\/\/vittra.se\/luma-park\/#website"},"datePublished":"2026-03-12T12:49:10+00:00","dateModified":"2026-03-12T12:49:11+00:00","description":"Hur g\u00e5r inskolningen till p\u00e5 Vittra Luma Park? L\u00e4s om v\u00e5r trygga och individuellt anpassade start i f\u00f6rskolan.","breadcrumb":{"@id":"https:\/\/vittra.se\/luma-park\/inskolning-pa-forskolan\/#breadcrumb"},"inLanguage":"sv-SE","potentialAction":[{"@type":"ReadAction","target":["https:\/\/vittra.se\/luma-park\/inskolning-pa-forskolan\/"]}]},{"@type":"BreadcrumbList","@id":"https:\/\/vittra.se\/luma-park\/inskolning-pa-forskolan\/#breadcrumb","itemListElement":[{"@type":"ListItem","position":1,"name":"Start","item":"https:\/\/vittra.se\/luma-park\/"},{"@type":"ListItem","position":2,"name":"Inskolning p\u00e5 f\u00f6rskolan"}]},{"@type":"WebSite","@id":"https:\/\/vittra.se\/luma-park\/#website","url":"https:\/\/vittra.se\/luma-park\/","name":"Luma Park","description":"Kunskap att f\u00f6r\u00e4ndra. Mod att p\u00e5verka.","potentialAction":[{"@type":"SearchAction","target":{"@type":"EntryPoint","urlTemplate":"https:\/\/vittra.se\/luma-park\/?s={search_term_string}"},"query-input":"required name=search_term_string"}],"inLanguage":"sv-SE"}]}},"_links":{"self":[{"href":"https:\/\/vittra.se\/luma-park\/wp-json\/wp\/v2\/pages\/1913"}],"collection":[{"href":"https:\/\/vittra.se\/luma-park\/wp-json\/wp\/v2\/pages"}],"about":[{"href":"https:\/\/vittra.se\/luma-park\/wp-json\/wp\/v2\/types\/page"}],"author":[{"embeddable":true,"href":"https:\/\/vittra.se\/luma-park\/wp-json\/wp\/v2\/users\/103"}],"replies":[{"embeddable":true,"href":"https:\/\/vittra.se\/luma-park\/wp-json\/wp\/v2\/comments?post=1913"}],"version-history":[{"count":10,"href":"https:\/\/vittra.se\/luma-park\/wp-json\/wp\/v2\/pages\/1913\/revisions"}],"predecessor-version":[{"id":1928,"href":"https:\/\/vittra.se\/luma-park\/wp-json\/wp\/v2\/pages\/1913\/revisions\/1928"}],"wp:attachment":[{"href":"https:\/\/vittra.se\/luma-park\/wp-json\/wp\/v2\/media?parent=1913"}],"curies":[{"name":"wp","href":"https:\/\/api.w.org\/{rel}","templated":true}]}}