{"id":5,"date":"2020-09-01T22:03:42","date_gmt":"2020-09-01T20:03:42","guid":{"rendered":"https:\/\/vittra.se\/kopieringsunderlag\/?page_id=5"},"modified":"2024-08-20T16:37:59","modified_gmt":"2024-08-20T14:37:59","slug":"startsida","status":"publish","type":"page","link":"https:\/\/vittra.se\/lidingo\/","title":{"rendered":"Startsida"},"content":{"rendered":"\n\t\n\t\n\t\n\t\n\t\n\n<section \n\tclass=\"ams-hero ams-hero--classic ams-hero--default c-block l-stacked  \"\n\tdata-color-scheme=\"hero\"\n\tstyle=\"\">\n\t<div class=\"ams-hero__container u-items-center u-justify-center\">\n\t\t<div\n\t\t\tclass=\"ams-hero__content l-stack l-stack-xl is-center is-center@md\" >\n\t\t\t<div class=\"l-stack l-stack-lg\">\n\t\t\t\t\t\n\t<h1\n\tclass=\"c-heading u-font-large \"\n\tstyle=\"\">\n\t\t\n\t\t\t\t\t\t\t\t\tVittra Liding\u00f6\n\t\t\t\t<span class=\"c-heading__sub is-below u-font-title-2\">\n\t\t\t\t\tNu heter vi Montessori Mondial Liding\u00f6\n\t\t\t\t<\/span>\n\t\t\t\t\t\t\t\n\t<\/h1>\n\n\t\t\t\t\t\t\t\t\t<div class=\"text l-stack u-font-body\">\n\t\t\t\t\t\t<p>Vittra Liding\u00f6 har bytt namn och pedagogisk profil f\u00f6r att bli en f\u00f6r- och grundskola med montessoriinriktning. Fr\u00e5n och med h\u00f6stterminen 2024 heter vi Montessori Mondial Liding\u00f6.<\/p>\n\n\t\t\t\t\t<\/div>\n\t\t\t\t\t\t\t<\/div>\n\n\t\t\t\t<div class=\"ams-hero__action u-inline-items\">\n\t\t\t\t\t\t\t\n\n\n<a href=\"https:\/\/montessorimondial.se\/lidingo\/\"\n\t\n\tclass=\"c-btn \"\n\tdata-style=\"round\"\n\tdata-size=\"md\"\n\tdata-width=\"full-mobile\"\n\tdata-variant=\"default\"\n\ttarget=\"_self\">\n\t\t\t<span class=\"label\"> Till Montessori Mondial Liding\u00f6<\/span>\n\t\t\t<\/a>\n\t\t\t<\/div>\n\t\t<\/div>\n\t<\/div>\n\n\t\n\t\t\t\n\t\t\t\t\t\t\t\n\t\t\t\t<div class=\"c-bg c-bg--img\" data-settings=\"{&quot;desktop_settings&quot;:{&quot;size&quot;:&quot;cover&quot;,&quot;position&quot;:&quot;middle-center&quot;},&quot;mobile_settings&quot;:{&quot;size&quot;:&quot;cover&quot;,&quot;position&quot;:&quot;middle-center&quot;}}\" data-position=\"middle-center\" data-size=\"cover\">\n\t\t\t<img decoding=\"async\" width=\"1620\" height=\"1080\" src=\"https:\/\/vittra.se\/wp-content\/uploads\/sites\/16\/2023\/09\/vittraforsglantanfoto2022-2027-1.jpg\" class=\"attachment-hero-lg size-hero-lg\" alt=\"Fem elever och en pegagog p\u00e5 vittra sitter runt ett bord och utforskar en jordglob\" sizes=\"(max-width: 1620px) 100vw, 1620px\" srcset=\"https:\/\/vittra.se\/wp-content\/uploads\/sites\/16\/2023\/09\/vittraforsglantanfoto2022-2027-1.jpg 1980w, https:\/\/vittra.se\/wp-content\/uploads\/sites\/16\/2023\/09\/vittraforsglantanfoto2022-2027-1-300x200.jpg 300w, https:\/\/vittra.se\/wp-content\/uploads\/sites\/16\/2023\/09\/vittraforsglantanfoto2022-2027-1-1024x683.jpg 1024w, https:\/\/vittra.se\/wp-content\/uploads\/sites\/16\/2023\/09\/vittraforsglantanfoto2022-2027-1-768x512.jpg 768w, https:\/\/vittra.se\/wp-content\/uploads\/sites\/16\/2023\/09\/vittraforsglantanfoto2022-2027-1-1536x1024.jpg 1536w, https:\/\/vittra.se\/wp-content\/uploads\/sites\/16\/2023\/09\/vittraforsglantanfoto2022-2027-1-1920x1280.jpg 1920w, https:\/\/vittra.se\/wp-content\/uploads\/sites\/16\/2023\/09\/vittraforsglantanfoto2022-2027-1-500x333.jpg 500w, https:\/\/vittra.se\/wp-content\/uploads\/sites\/16\/2023\/09\/vittraforsglantanfoto2022-2027-1-340x227.jpg 340w, https:\/\/vittra.se\/wp-content\/uploads\/sites\/16\/2023\/09\/vittraforsglantanfoto2022-2027-1-1100x733.jpg 1100w, https:\/\/vittra.se\/wp-content\/uploads\/sites\/16\/2023\/09\/vittraforsglantanfoto2022-2027-1-1000x667.jpg 1000w\" \/>\n\t\t<\/div>\n\t\n\t<div class=\"c-overlay\" style=\"--overlay-bg: rgba(3,101,109,0.8);\"><\/div>\n<\/section>\n\n\n\n\n\n<section  class=\"ams-article c-block l-stacked js-load-more\" data-color-scheme=\"transparent-card-bakgrund-hover-standard_standard\" data-count=\"3\" data-count-mobile=\"2\">\n\t<div class=\"l-container l-stack l-stack-fluid-2xl u-pt-fluid-3xl-6xl u-pb-fluid-3xl-6xl is-center is-center@md\">\n\t\t\t\t\t<div class=\"ams-article__intro l-stack l-stack-lg\">\n\t\t\t\t\t\n\t<h2\n\tclass=\"c-heading u-font-title-1 \"\n\tstyle=\"\">\n\t\t\n\t\t\t\t\tVill du veta mer om namnbytet?\n\t\t\t\t\n\t<\/h2>\n\n\t\t\t\t\t\t\t<\/div>\n\t\t\n\t\t\t\n\t    \n\t\n\t<ul id=\"ams-article-list-69e4ae6ebf969\" class=\"ams-article__list l-grid u-gap-2xl u-justify-center js-results \" aria-label=\"Artiklar\" data-filter-animation=\"off\">\n\t\t\t\t\t\t\t\t\t\t\t\t\t\t\t\t\t\n\t\t\t\n\t\t\t\n\t\t\t<li class=\"l-col-6@md l-col-4@lg \" data-filter=\"nyhet februari-2024\">\n\t\t\t\t<article class=\"c-card  has-media-zoom  \" data-variant=\"border\" data-style=\"square\" data-click-area>\n\t\t\t\t\t<div class=\"c-card__content l-stack l-stack-sm\">\n\n\t\t\t\t\t\t\t\t\t\t\t\t\t<time class=\"c-card__date u-font-small\" datetime=\"2024-02-01\">1 februari, 2024<\/time>\n\t\t\t\t\t\t\n\t\t\t\t\t\t\t\t\t\t\t\t\t<h3 class=\"c-card__title u-font-title-3\">\n\t\t\t\t\t\t\t\t\t\t\t\t\t\t\t\t\t<a class=\"c-card__link\" href=\"https:\/\/vittra.se\/lidingo\/artikel\/vittra-lidingo-blir-montessori-mondial\/\">\n\t\t\t\t\t\t\t\t\t\tVittra Liding\u00f6 blir Montessori Mondial\n\t\t\t\t\t\t\t\t\t<\/a>\n\t\t\t\t\t\t\t\t\t\t\t\t\t\t\t<\/h3>\n\t\t\t\t\t\t\n\t\t\t\t\t\t\t\t\t\t\t\t\t<p class=\"c-card__text l-stack-xs u-font-body\">\n\t\t\t\t\t\t\t\tTill h\u00f6stterminen 2024 byter vi namn och pedagogisk profil.\n\t\t\t\t\t\t\t<\/p>\n\t\t\t\t\t\t\n\t\t\t\t\t\t\t\t\t\t\t\t\t<ul class=\"c-card__tags l-stack-grow u-list-none u-pt-md\" aria-label=\"Kategorier\">\n\t\t\t\t\t\t\t\t\t\t\t\t\t\t\t\t\t<li><span class=\"c-tag\" data-variant=\"outline\">Nyhet<\/span><\/li>\n\t\t\t\t\t\t\t\t\t\t\t\t\t\t\t<\/ul>\n\t\t\t\t\t\t\n\t\t\t\t\t\t<div class=\"c-card__icon\">\n\t\t\t\t\t\t\t\t\t\t\t\t\t\t<svg class=\"ams-icon ams-icon--arrow-right\" width=\"32\" height=\"32\" viewbox=\"0 0 32 32\" fill=\"currentColor\" aria-hidden=\"true\" xmlns=\"http:\/\/www.w3.org\/2000\/svg\">\n\t\t\t\t\t\t\t\t\t\t\t\t\t\t\t\t<path d=\"M15.4617 0.252159L14.9567 0.75931C14.6219 1.09545 14.6219 1.64048 14.9567 1.97669L27.7062 14.7806H0.857144C0.383786 14.7806 0 15.166 0 15.6414V16.3587C0 16.8341 0.383786 17.2195 0.857144 17.2195H27.7062L14.9567 30.0234C14.6219 30.3595 14.6219 30.9045 14.9567 31.2407L15.4617 31.7479C15.7964 32.084 16.3392 32.084 16.6739 31.7479L31.749 16.6087C32.0837 16.2725 32.0837 15.7275 31.749 15.3913L16.6739 0.252159C16.3392 -0.084053 15.7964 -0.084053 15.4617 0.252159Z\"\/>\n\t\t\t\t\t\t\t\n\t\t\t\t\t\t\t<\/svg>\n\t\t\t\t\t\t<\/div>\n\t\t\t\t\t<\/div>\n\n\t\t\t\t\t<div class=\"c-card__media \" style=\" \">\n\t\t\t\t\t\t<img decoding=\"async\" width=\"400\" height=\"276\" src=\"https:\/\/vittra.se\/wp-content\/uploads\/sites\/16\/2024\/02\/vittra-lidingo-blir-montessori-modial-scaled.jpg\" class=\"attachment-sm size-sm\" alt=\"Vittra Liding\u00f6 blir Montessori Mondial.\" sizes=\"(min-width: 64em) 300px, (min-width: 48em) calc(.50 * (100vw - 224px)), calc(100vw - 160px)\" srcset=\"https:\/\/vittra.se\/wp-content\/uploads\/sites\/16\/2024\/02\/vittra-lidingo-blir-montessori-modial-scaled.jpg 2560w, https:\/\/vittra.se\/wp-content\/uploads\/sites\/16\/2024\/02\/vittra-lidingo-blir-montessori-modial-300x207.jpg 300w, https:\/\/vittra.se\/wp-content\/uploads\/sites\/16\/2024\/02\/vittra-lidingo-blir-montessori-modial-1024x706.jpg 1024w, https:\/\/vittra.se\/wp-content\/uploads\/sites\/16\/2024\/02\/vittra-lidingo-blir-montessori-modial-768x529.jpg 768w, https:\/\/vittra.se\/wp-content\/uploads\/sites\/16\/2024\/02\/vittra-lidingo-blir-montessori-modial-1536x1058.jpg 1536w, https:\/\/vittra.se\/wp-content\/uploads\/sites\/16\/2024\/02\/vittra-lidingo-blir-montessori-modial-2048x1411.jpg 2048w, https:\/\/vittra.se\/wp-content\/uploads\/sites\/16\/2024\/02\/vittra-lidingo-blir-montessori-modial-1920x1323.jpg 1920w, https:\/\/vittra.se\/wp-content\/uploads\/sites\/16\/2024\/02\/vittra-lidingo-blir-montessori-modial-500x345.jpg 500w, https:\/\/vittra.se\/wp-content\/uploads\/sites\/16\/2024\/02\/vittra-lidingo-blir-montessori-modial-332x229.jpg 332w, https:\/\/vittra.se\/wp-content\/uploads\/sites\/16\/2024\/02\/vittra-lidingo-blir-montessori-modial-340x234.jpg 340w, https:\/\/vittra.se\/wp-content\/uploads\/sites\/16\/2024\/02\/vittra-lidingo-blir-montessori-modial-325x225.jpg 325w, https:\/\/vittra.se\/wp-content\/uploads\/sites\/16\/2024\/02\/vittra-lidingo-blir-montessori-modial-1100x758.jpg 1100w, https:\/\/vittra.se\/wp-content\/uploads\/sites\/16\/2024\/02\/vittra-lidingo-blir-montessori-modial-972x670.jpg 972w\" \/>\n\t\t\t\t\t<\/div>\n\t\t\t\t<\/article>\n\t\t\t<\/li>\n\t\t\t<\/ul>\n\n\t<div class=\"no-results u-mt-0 u-hide\" data-filter-fallback-id=\"ams-article-list-69e4ae6ebf969\">\n\t<p>Det finns inga resultat som matchar din filtrering.<\/p>\n<\/div>\n\n\t    <div class=\"ams-article__more u-inline-items js-load-more-btn\">\n        <button href=\"#\"\n                class=\"c-btn\"\n                data-style=\"round\"\n                data-size=\"md\"\n                data-width=\"full-mobile\"\n                data-variant=\"outline\">\n        \tVisa fler resultat\n        <\/button>\n    <\/div>\n\n\n\t\t\n\t\t\t<\/div>\n\n\t\t\n\n<\/section>\n\n\n\n\t<div class=\"module_wrapper ams_remote_pages_module \">\n\t\t\n\t\n\t\n<section  class=\"ams-map ams-map--fifty c-block  media-bottom media-right \" data-color-scheme=\"nyans1_av_p2\" data-locations=\"[{&quot;id&quot;:&quot;291&quot;,&quot;county&quot;:&quot;Stockholm&quot;,&quot;city&quot;:&quot;Liding\\u00f6&quot;,&quot;school&quot;:&quot;Liding\\u00f6&quot;,&quot;title&quot;:&quot;Vittra Liding\\u00f6&quot;,&quot;phone&quot;:&quot;086362870&quot;,&quot;phone_formatted&quot;:&quot;08-6362870&quot;,&quot;email&quot;:&quot;lidingo@montessorimondial.se&quot;,&quot;visiting_address&quot;:{&quot;address&quot;:&quot;Vesslev\\u00e4gen 3&quot;,&quot;zip_code&quot;:&quot;181 45&quot;,&quot;city&quot;:&quot;Liding\\u00f6&quot;},&quot;postal_address&quot;:{&quot;address&quot;:&quot;Vesslev\\u00e4gen 3&quot;,&quot;zip_code&quot;:&quot;181 45&quot;,&quot;city&quot;:&quot;Liding\\u00f6&quot;},&quot;address_map&quot;:&quot;Vittra Liding\\u00f6, Vesslev\\u00e4gen, Liding\\u00f6, Sverige&quot;,&quot;lat&quot;:59.3758249,&quot;lng&quot;:18.1448438,&quot;link&quot;:{&quot;url&quot;:&quot;\\\/lidingo&quot;,&quot;text&quot;:&quot;L\\u00e4s mer om skolan&quot;}}]\">\n\t<div class=\"ams-map__content u-pt-fluid-3xl-6xl u-pb-fluid-3xl-6xl l-stack l-stack-fluid-xl is-left is-left@lg\">\n\t\t\t\n\t<h2\n\tclass=\"c-heading u-font-title-1 \"\n\tstyle=\"\">\n\t\t\n\t\t\t\t\tH\u00e4r finns vi\n\t\t\t\t\n\t<\/h2>\n\n\t\t\n\t\t\t\t\t<div class=\"contact-info l-stack\">\n\t\t\t\t\t\t\t\t\t<div class=\"contact-info__item\">\n\t\t\t\t\t\t<p class=\"contact-info__heading u-font-title-4\">\n\t\t\t\t\t\t\tBes\u00f6ksadress\n\t\t\t\t\t\t<\/p>\n\t\t\t\t\t\t<p>\n\t\t\t\t\t\t\t\t\t\t\t\t\t\t\tVesslev\u00e4gen 3<br \/>\n\t\t\t\t\t\t\t\t\t\t\t\t\t\t181 45 Liding\u00f6\n\t\t\t\t\t\t<\/p>\n\t\t\t\t\t<\/div>\n\t\t\t\t\n\t\t\t\t\n\t\t\t\t\t\t\t\t\t<div class=\"contact-info__item\">\n\t\t\t\t\t\t<p class=\"contact-info__heading u-font-title-4\">\n\t\t\t\t\t\t\tKontakt\n\t\t\t\t\t\t<\/p>\n\t\t\t\t\t\t<p>\n\t\t\t\t\t\t\t\t\t\t\t\t\t\t\t<a href=\"tel:086362870\">08-6362870<\/a><br \/>\n\t\t\t\t\t\t\t\t\t\t\t\t\t\t\t\t\t\t\t\t\t\t<a href=\"mailto:lidingo@montessorimondial.se\">lidingo@montessorimondial.se<\/a>\n\t\t\t\t\t\t\t\t\t\t\t\t\t<\/p>\n\t\t\t\t\t<\/div>\n\t\t\t\t\t\t\t<\/div>\n\t\t\t<\/div>\n\n\t<div class=\"ams-map__media\">\n\t<\/div>\n<\/section>\n\t<\/div>\n\n\t","protected":false},"excerpt":{"rendered":"","protected":false},"author":1,"featured_media":0,"parent":0,"menu_order":0,"comment_status":"closed","ping_status":"closed","template":"","meta":{"footnotes":""},"yoast_head":"<!-- This site is optimized with the Yoast SEO plugin v22.0 - https:\/\/yoast.com\/wordpress\/plugins\/seo\/ -->\n<title>Vittra | Skola p\u00e5 Liding\u00f6<\/title>\n<meta name=\"description\" content=\"Vittra \u00e4r en skola p\u00e5 Liding\u00f6. Vi har engagerade pedagoger som s\u00e4tter tydliga strukturer och motiverar eleverna till l\u00e4rande och utveckling.\" \/>\n<meta name=\"robots\" content=\"index, follow, max-snippet:-1, max-image-preview:large, max-video-preview:-1\" \/>\n<link rel=\"canonical\" href=\"https:\/\/vittra.se\/lidingo\/\" \/>\n<meta property=\"og:locale\" content=\"sv_SE\" \/>\n<meta property=\"og:type\" content=\"article\" \/>\n<meta property=\"og:title\" content=\"Vittra | Skola p\u00e5 Liding\u00f6\" \/>\n<meta property=\"og:description\" content=\"Vittra \u00e4r en skola p\u00e5 Liding\u00f6. Vi har engagerade pedagoger som s\u00e4tter tydliga strukturer och motiverar eleverna till l\u00e4rande och utveckling.\" \/>\n<meta property=\"og:url\" content=\"https:\/\/vittra.se\/lidingo\/\" \/>\n<meta property=\"og:site_name\" content=\"Liding\u00f6\" \/>\n<meta property=\"article:modified_time\" content=\"2024-08-20T14:37:59+00:00\" \/>\n<meta name=\"twitter:card\" content=\"summary_large_image\" \/>\n<meta name=\"twitter:title\" content=\"Vittra | Skola p\u00e5 Liding\u00f6\" \/>\n<meta name=\"twitter:description\" content=\"Vittra \u00e4r en skola p\u00e5 Liding\u00f6. Vi har engagerade pedagoger som s\u00e4tter tydliga strukturer och motiverar eleverna till l\u00e4rande och utveckling.\" \/>\n<script type=\"application\/ld+json\" class=\"yoast-schema-graph\">{\"@context\":\"https:\/\/schema.org\",\"@graph\":[{\"@type\":\"WebPage\",\"@id\":\"https:\/\/vittra.se\/lidingo\/\",\"url\":\"https:\/\/vittra.se\/lidingo\/\",\"name\":\"Vittra | Skola p\u00e5 Liding\u00f6\",\"isPartOf\":{\"@id\":\"https:\/\/vittra.se\/lidingo\/#website\"},\"datePublished\":\"2020-09-01T20:03:42+00:00\",\"dateModified\":\"2024-08-20T14:37:59+00:00\",\"description\":\"Vittra \u00e4r en skola p\u00e5 Liding\u00f6. Vi har engagerade pedagoger som s\u00e4tter tydliga strukturer och motiverar eleverna till l\u00e4rande och utveckling.\",\"breadcrumb\":{\"@id\":\"https:\/\/vittra.se\/lidingo\/#breadcrumb\"},\"inLanguage\":\"sv-SE\",\"potentialAction\":[{\"@type\":\"ReadAction\",\"target\":[\"https:\/\/vittra.se\/lidingo\/\"]}]},{\"@type\":\"BreadcrumbList\",\"@id\":\"https:\/\/vittra.se\/lidingo\/#breadcrumb\",\"itemListElement\":[{\"@type\":\"ListItem\",\"position\":1,\"name\":\"Start\",\"item\":\"https:\/\/vittra.se\/lidingo\/\"},{\"@type\":\"ListItem\",\"position\":2,\"name\":\"Startsida\"}]},{\"@type\":\"WebSite\",\"@id\":\"https:\/\/vittra.se\/lidingo\/#website\",\"url\":\"https:\/\/vittra.se\/lidingo\/\",\"name\":\"Liding\u00f6\",\"description\":\"Kunskap att f\u00f6r\u00e4ndra. Mod att p\u00e5verka.\",\"potentialAction\":[{\"@type\":\"SearchAction\",\"target\":{\"@type\":\"EntryPoint\",\"urlTemplate\":\"https:\/\/vittra.se\/lidingo\/?s={search_term_string}\"},\"query-input\":\"required name=search_term_string\"}],\"inLanguage\":\"sv-SE\"}]}<\/script>\n<!-- \/ Yoast SEO plugin. -->","yoast_head_json":{"title":"Vittra | Skola p\u00e5 Liding\u00f6","description":"Vittra \u00e4r en skola p\u00e5 Liding\u00f6. Vi har engagerade pedagoger som s\u00e4tter tydliga strukturer och motiverar eleverna till l\u00e4rande och utveckling.","robots":{"index":"index","follow":"follow","max-snippet":"max-snippet:-1","max-image-preview":"max-image-preview:large","max-video-preview":"max-video-preview:-1"},"canonical":"https:\/\/vittra.se\/lidingo\/","og_locale":"sv_SE","og_type":"article","og_title":"Vittra | Skola p\u00e5 Liding\u00f6","og_description":"Vittra \u00e4r en skola p\u00e5 Liding\u00f6. Vi har engagerade pedagoger som s\u00e4tter tydliga strukturer och motiverar eleverna till l\u00e4rande och utveckling.","og_url":"https:\/\/vittra.se\/lidingo\/","og_site_name":"Liding\u00f6","article_modified_time":"2024-08-20T14:37:59+00:00","twitter_card":"summary_large_image","twitter_title":"Vittra | Skola p\u00e5 Liding\u00f6","twitter_description":"Vittra \u00e4r en skola p\u00e5 Liding\u00f6. Vi har engagerade pedagoger som s\u00e4tter tydliga strukturer och motiverar eleverna till l\u00e4rande och utveckling.","schema":{"@context":"https:\/\/schema.org","@graph":[{"@type":"WebPage","@id":"https:\/\/vittra.se\/lidingo\/","url":"https:\/\/vittra.se\/lidingo\/","name":"Vittra | Skola p\u00e5 Liding\u00f6","isPartOf":{"@id":"https:\/\/vittra.se\/lidingo\/#website"},"datePublished":"2020-09-01T20:03:42+00:00","dateModified":"2024-08-20T14:37:59+00:00","description":"Vittra \u00e4r en skola p\u00e5 Liding\u00f6. Vi har engagerade pedagoger som s\u00e4tter tydliga strukturer och motiverar eleverna till l\u00e4rande och utveckling.","breadcrumb":{"@id":"https:\/\/vittra.se\/lidingo\/#breadcrumb"},"inLanguage":"sv-SE","potentialAction":[{"@type":"ReadAction","target":["https:\/\/vittra.se\/lidingo\/"]}]},{"@type":"BreadcrumbList","@id":"https:\/\/vittra.se\/lidingo\/#breadcrumb","itemListElement":[{"@type":"ListItem","position":1,"name":"Start","item":"https:\/\/vittra.se\/lidingo\/"},{"@type":"ListItem","position":2,"name":"Startsida"}]},{"@type":"WebSite","@id":"https:\/\/vittra.se\/lidingo\/#website","url":"https:\/\/vittra.se\/lidingo\/","name":"Liding\u00f6","description":"Kunskap att f\u00f6r\u00e4ndra. Mod att p\u00e5verka.","potentialAction":[{"@type":"SearchAction","target":{"@type":"EntryPoint","urlTemplate":"https:\/\/vittra.se\/lidingo\/?s={search_term_string}"},"query-input":"required name=search_term_string"}],"inLanguage":"sv-SE"}]}},"_links":{"self":[{"href":"https:\/\/vittra.se\/lidingo\/wp-json\/wp\/v2\/pages\/5"}],"collection":[{"href":"https:\/\/vittra.se\/lidingo\/wp-json\/wp\/v2\/pages"}],"about":[{"href":"https:\/\/vittra.se\/lidingo\/wp-json\/wp\/v2\/types\/page"}],"author":[{"embeddable":true,"href":"https:\/\/vittra.se\/lidingo\/wp-json\/wp\/v2\/users\/1"}],"replies":[{"embeddable":true,"href":"https:\/\/vittra.se\/lidingo\/wp-json\/wp\/v2\/comments?post=5"}],"version-history":[{"count":11,"href":"https:\/\/vittra.se\/lidingo\/wp-json\/wp\/v2\/pages\/5\/revisions"}],"predecessor-version":[{"id":1733,"href":"https:\/\/vittra.se\/lidingo\/wp-json\/wp\/v2\/pages\/5\/revisions\/1733"}],"wp:attachment":[{"href":"https:\/\/vittra.se\/lidingo\/wp-json\/wp\/v2\/media?parent=5"}],"curies":[{"name":"wp","href":"https:\/\/api.w.org\/{rel}","templated":true}]}}