{"id":25,"date":"2020-09-01T22:07:07","date_gmt":"2020-09-01T20:07:07","guid":{"rendered":"https:\/\/vittra.se\/kopieringsunderlag\/?page_id=25"},"modified":"2026-03-11T15:16:57","modified_gmt":"2026-03-11T14:16:57","slug":"grundskola","status":"publish","type":"page","link":"https:\/\/vittra.se\/halmstad\/om\/grundskola\/","title":{"rendered":"Grundskola"},"content":{"rendered":"\n\t\n\t\n\t\n\n\t\n\t\n\t\t\n<section  class=\"c-block l-stacked  \" data-color-scheme=\"\">\n\t<div class=\"ams-fifty ams-fifty--container ams-fifty--right ams-fifty--bottom l-container u-pt-fluid-2xl-4xl u-pb-fluid-md-xl\">\n\t\t<div class=\"ams-fifty__content l-stack l-stack-xl is-left is-left@lg\">\n\t\t\t<div class=\"ams-fifty__text l-stack l-stack-lg\">\n\t\t\t\t\t\n\t<h2\n\tclass=\"c-heading u-font-title-1 \"\n\tstyle=\"\">\n\t\t\n\t\t\t\t\t\t\t\t\tVittra Halmstad\n\t\t\t\t<span class=\"c-heading__sub is-below u-font-title-3\">\n\t\t\t\t\tF\u00f6rskoleklass till \u00e5rskurs 9\n\t\t\t\t<\/span>\n\t\t\t\t\t\t\t\n\t<\/h2>\n\n\t\t\t\t\t\t\t\t\t<div class=\"text l-stack u-font-body\">\n\t\t\t\t\t\t<p><span style=\"font-weight: 400;\">P\u00e5 Vittra Halmstads grundskola g\u00e5r elever fr\u00e5n f\u00f6rskoleklass upp till \u00e5rskurs 9. Vi delar in v\u00e5ra \u00e5rskurser i miniorer som motsvarar l\u00e5gstadiet, juniorer som motsvarar mellanstadiet och seniorer som motsvarar h\u00f6gstadiet.<\/span><\/p>\n<p><span style=\"font-weight: 400;\">Hos oss st\u00e5r det medvetna l\u00e4randet i fokus \u2013 att eleverna f\u00f6rst blir medvetna om sig sj\u00e4lva och sin utveckling, f\u00f6r att d\u00e4refter l\u00e4ra sig om samh\u00e4llet och hur de kan p\u00e5verka det. H\u00e4r kan du l\u00e4sa mer om vad det inneb\u00e4r.<\/span><\/p>\n\n\t\t\t\t\t<\/div>\n\t\t\t\t\t\t\t<\/div>\n\n\t\t\t\t\t<\/div>\n\n\t\t <div class=\"ams-fifty__media u-ratio-landscape\">\n\t\t \t\t\t\t\t<img decoding=\"async\" width=\"600\" height=\"400\" src=\"https:\/\/vittra.se\/wp-content\/uploads\/sites\/9\/2026\/03\/vittrasamset202506fsk97-600x400.jpg\" class=\"attachment-md size-md\" alt=\"barn h\u00e4nger i kl\u00e4tterst\u00e4llning\" sizes=\"(min-width: 64em) 600px, calc(100vw - 160px)\" srcset=\"https:\/\/vittra.se\/wp-content\/uploads\/sites\/9\/2026\/03\/vittrasamset202506fsk97-600x400.jpg 600w, https:\/\/vittra.se\/wp-content\/uploads\/sites\/9\/2026\/03\/vittrasamset202506fsk97-300x200.jpg 300w, https:\/\/vittra.se\/wp-content\/uploads\/sites\/9\/2026\/03\/vittrasamset202506fsk97-400x267.jpg 400w, https:\/\/vittra.se\/wp-content\/uploads\/sites\/9\/2026\/03\/vittrasamset202506fsk97-800x534.jpg 800w, https:\/\/vittra.se\/wp-content\/uploads\/sites\/9\/2026\/03\/vittrasamset202506fsk97.jpg 1000w\" \/>\n\t\t\t\n\t\t\t\n\t\t\t\t\t<\/div>\n\t<\/div>\n\n\t\t\n\n<\/section>\n\n\n\n\t\n\t\n\t\n\n\t\n\t\n\t\t\n<section  class=\"c-block l-stacked  \" data-color-scheme=\"primar2\">\n\t<div class=\"ams-fifty ams-fifty--container ams-fifty--right ams-fifty--bottom l-container u-pt-fluid-2xl-4xl u-pb-fluid-2xl-4xl\">\n\t\t<div class=\"ams-fifty__content l-stack l-stack-xl is-left is-left@lg\">\n\t\t\t<div class=\"ams-fifty__text l-stack l-stack-lg\">\n\t\t\t\t\t\n\t<h1\n\tclass=\"c-heading u-font-title-1 \"\n\tstyle=\"\">\n\t\t\n\t\t\t\t\t\t\t\t\tEn vanlig dag \n\t\t\t\t<span class=\"c-heading__sub is-below u-font-title-3\">\n\t\t\t\t\tP\u00e5 v\u00e5rt l\u00e5g- och mellanstadium\n\t\t\t\t<\/span>\n\t\t\t\t\t\t\t\n\t<\/h1>\n\n\t\t\t\t\t\t\t\t\t<div class=\"text l-stack u-font-body\">\n\t\t\t\t\t\t<p><b>Vi b\u00f6rjar med Vittrasamling<\/b><span style=\"font-weight: 400;\"><br \/>\n<\/span><span style=\"font-weight: 400;\">Varje morgon p\u00e5 Vittra Halmstad b\u00f6rjar i hemklassrummet tillsammans med ansvarspedagogen. Innan lektionerna drar ig\u00e5ng har vi Vittrasamling \u2013 en stund som ligger utanf\u00f6r timplan vilket ger m\u00f6jlighet att skapa struktur f\u00f6r dagen, reflektera \u00f6ver stora och sm\u00e5 h\u00e4ndelser i samh\u00e4llet och arbeta med v\u00e4rdegrunds\u00f6vningar. Med bildst\u00f6d och samtal f\u00e5r eleverna en tydlig bild \u00f6ver hur dagen kommer se ut och en trygg start.<\/span><\/p>\n<p><b>Lektionstid och raster<\/b><span style=\"font-weight: 400;\"><br \/>\n<\/span><span style=\"font-weight: 400;\">Under skoldagen varvas lektioner med utevistelse, d\u00e4r b\u00e5de fri lek och l\u00e4rarledda aktiviteter skapar r\u00f6relsegl\u00e4dje och gemenskap. I \u00e5rskurs 3\u20135 f\u00e5r eleverna ocks\u00e5 st\u00f6d av \u00e4mnesl\u00e4rare i de estetiska \u00e4mnena, vilket ger en bred och stimulerande undervisning.<\/span><\/p>\n<p><b>N\u00e5got lite extra <\/b><span style=\"font-weight: 400;\"><br \/>\n<\/span><span style=\"font-weight: 400;\">P\u00e5 fredagar blir dagen extra speciell n\u00e4r eleverna i \u00e5rskurs 4 och 5 f\u00e5r bes\u00f6ka v\u00e5rt caf\u00e9 \u2013 en uppskattad tradition som fr\u00e4mjar b\u00e5de sj\u00e4lvst\u00e4ndighet och samspel.<\/span><\/p>\n<p><b>Heldagsl\u00e4rande<\/b><span style=\"font-weight: 400;\"><br \/>\n<\/span><span style=\"font-weight: 400;\">Tack vare ett n\u00e4ra samarbete mellan fritids och skola skapar vi ett heldagsl\u00e4rande, d\u00e4r medvetet l\u00e4rande, mod och delaktighet genomsyrar varje del av dagen.<\/span><\/p>\n<p><b>H\u00e4r f\u00e5r eleverna p\u00e5verka sin skolg\u00e5ng<\/b><span style=\"font-weight: 400;\"><br \/>\n<\/span><span style=\"font-weight: 400;\">N\u00e5got eleverna uppskattar hos oss \u00e4r de n\u00e4ra relationerna med alla vuxna p\u00e5 skolan d\u00e4r de f\u00e5r m\u00f6jlighet att p\u00e5verka och bidra med sina egna tankar och id\u00e9er kring sitt l\u00e4rande.<\/span><\/p>\n\n\t\t\t\t\t<\/div>\n\t\t\t\t\t\t\t<\/div>\n\n\t\t\t\t\t<\/div>\n\n\t\t <div class=\"ams-fifty__media u-ratio-square\">\n\t\t \t\t\t\t\t<img decoding=\"async\" width=\"600\" height=\"400\" src=\"https:\/\/vittra.se\/wp-content\/uploads\/sites\/9\/2025\/04\/vittravanliga-dagmellanstadiet-600x400.jpeg\" class=\"attachment-md size-md\" alt=\"Sex glada elever g\u00e5r i Vittras korridorer\" sizes=\"(min-width: 64em) 600px, calc(100vw - 160px)\" srcset=\"https:\/\/vittra.se\/wp-content\/uploads\/sites\/9\/2025\/04\/vittravanliga-dagmellanstadiet-600x400.jpeg 600w, https:\/\/vittra.se\/wp-content\/uploads\/sites\/9\/2025\/04\/vittravanliga-dagmellanstadiet-300x200.jpeg 300w, https:\/\/vittra.se\/wp-content\/uploads\/sites\/9\/2025\/04\/vittravanliga-dagmellanstadiet-400x267.jpeg 400w, https:\/\/vittra.se\/wp-content\/uploads\/sites\/9\/2025\/04\/vittravanliga-dagmellanstadiet-800x533.jpeg 800w, https:\/\/vittra.se\/wp-content\/uploads\/sites\/9\/2025\/04\/vittravanliga-dagmellanstadiet-1024x683.jpeg 1024w, https:\/\/vittra.se\/wp-content\/uploads\/sites\/9\/2025\/04\/vittravanliga-dagmellanstadiet-1200x800.jpeg 1200w, https:\/\/vittra.se\/wp-content\/uploads\/sites\/9\/2025\/04\/vittravanliga-dagmellanstadiet.jpeg 1980w\" \/>\n\t\t\t\n\t\t\t\n\t\t\t\t\t<\/div>\n\t<\/div>\n\n\t\t\n\n<\/section>\n\n\n\n\t\n\t\n\t\n\n\t\n\t\n\t\t\n<section  class=\"c-block l-stacked  \" data-color-scheme=\"primar2\">\n\t<div class=\"ams-fifty ams-fifty--container ams-fifty--left ams-fifty--bottom l-container u-pt-fluid-2xl-4xl u-pb-fluid-2xl-4xl\">\n\t\t<div class=\"ams-fifty__content l-stack l-stack-xl is-left is-left@lg\">\n\t\t\t<div class=\"ams-fifty__text l-stack l-stack-lg\">\n\t\t\t\t\t\n\t<h1\n\tclass=\"c-heading u-font-title-1 \"\n\tstyle=\"\">\n\t\t\n\t\t\t\t\t\t\t\t\tEn vanlig dag \n\t\t\t\t<span class=\"c-heading__sub is-below u-font-title-3\">\n\t\t\t\t\tP\u00e5 v\u00e5rt h\u00f6gstadium\n\t\t\t\t<\/span>\n\t\t\t\t\t\t\t\n\t<\/h1>\n\n\t\t\t\t\t\t\t\t\t<div class=\"text l-stack u-font-body\">\n\t\t\t\t\t\t<p><b>Vi inleder med Vittrasamling och v\u00e4rdegrund<\/b><span style=\"font-weight: 400;\"><br \/>\n<\/span><span style=\"font-weight: 400;\">Skoldagen b\u00f6rjar i hemklassrummet, d\u00e4r eleverna l\u00e4mnar in sina mobiltelefoner f\u00f6r att skapa fokus och n\u00e4rvaro i l\u00e4randet. Dagen inleds med Vittrasamlingen, en viktig stund utanf\u00f6r timplan d\u00e4r vi g\u00e5r igenom schemat, reflekterar \u00f6ver aktuella samh\u00e4llsfr\u00e5gor och arbetar med v\u00e4rdegrund.<\/span><\/p>\n<p><b>Undervisning med fokus och variation<\/b><b><br \/>\n<\/b><span style=\"font-weight: 400;\">Under dagen f\u00f6ljer eleverna sitt schema och undervisas i \u00e4mnesklassrum, d\u00e4r de m\u00f6ter engagerade l\u00e4rare i en inspirerande l\u00e4rmilj\u00f6. Mellan lektionerna har de mobilfria raster med b\u00e5de fria och l\u00e4rarledda aktiviteter, d\u00e4r de kan r\u00f6ra p\u00e5 sig, umg\u00e5s och ladda om inf\u00f6r n\u00e4sta lektion.<\/span><\/p>\n<p><b>En uppskattad paus i vardagen<\/b><b><br \/>\n<\/b><span style=\"font-weight: 400;\">F\u00f6r den som vill finns \u00e4ven v\u00e5rt elevcaf\u00e9, en uppskattad samlingsplats d\u00e4r eleverna kan ta en paus, umg\u00e5s och f\u00e5 ny energi under dagen. H\u00e4r skapar vi en skolmilj\u00f6 d\u00e4r fokus, delaktighet och gemenskap st\u00e5r i centrum \u2013 varje dag.<\/span><\/p>\n\n\t\t\t\t\t<\/div>\n\t\t\t\t\t\t\t<\/div>\n\n\t\t\t\t\t<\/div>\n\n\t\t <div class=\"ams-fifty__media u-ratio-square\">\n\t\t \t\t\t\t\t<img decoding=\"async\" width=\"600\" height=\"400\" src=\"https:\/\/vittra.se\/wp-content\/uploads\/sites\/9\/2025\/04\/vittravanlig-daghogstadiet-600x400.jpeg\" class=\"attachment-md size-md\" alt=\"En pedagog hj\u00e4lper elever som sitter med sina skoldatorer och g\u00f6r skolarbete.\" sizes=\"(min-width: 64em) 600px, calc(100vw - 160px)\" srcset=\"https:\/\/vittra.se\/wp-content\/uploads\/sites\/9\/2025\/04\/vittravanlig-daghogstadiet-600x400.jpeg 600w, https:\/\/vittra.se\/wp-content\/uploads\/sites\/9\/2025\/04\/vittravanlig-daghogstadiet-300x200.jpeg 300w, https:\/\/vittra.se\/wp-content\/uploads\/sites\/9\/2025\/04\/vittravanlig-daghogstadiet-400x267.jpeg 400w, https:\/\/vittra.se\/wp-content\/uploads\/sites\/9\/2025\/04\/vittravanlig-daghogstadiet-800x533.jpeg 800w, https:\/\/vittra.se\/wp-content\/uploads\/sites\/9\/2025\/04\/vittravanlig-daghogstadiet-1024x683.jpeg 1024w, https:\/\/vittra.se\/wp-content\/uploads\/sites\/9\/2025\/04\/vittravanlig-daghogstadiet-1200x800.jpeg 1200w, https:\/\/vittra.se\/wp-content\/uploads\/sites\/9\/2025\/04\/vittravanlig-daghogstadiet.jpeg 1980w\" \/>\n\t\t\t\n\t\t\t\n\t\t\t\t\t<\/div>\n\t<\/div>\n\n\t\t\n\n<\/section>\n\n\n\n\n<section  class=\"ams-cta ams-cta--stacked c-block l-stacked\">\n\t<div class=\"l-container l-stack l-stack-fluid-2xl u-pt-fluid-2xl-4xl u-pb-fluid-2xl-4xl is-center is-center@md\">\n\t\t\t\t\t<div class=\"ams-cta__intro l-stack l-stack-lg\">\n\t\t\t\t\t\n\t<h2\n\tclass=\"c-heading u-font-title-1 \"\n\tstyle=\"\">\n\t\t\n\t\t\t\t\tVill du l\u00e4sa mer om hur vi jobbar?\n\t\t\t\t\n\t<\/h2>\n\n\t\t\t\t\t\t\t<\/div>\n\t\t\n\t\t\n\t\t\t<div class=\"ams-cta__action u-inline-items\">\n\t\t\t\t\t\t\t\n\n\n<a href=\"https:\/\/vittra.se\/halmstad\/om\/\"\n\t\n\tclass=\"c-btn \"\n\tdata-style=\"round\"\n\tdata-size=\"md\"\n\tdata-width=\"full-mobile\"\n\tdata-variant=\"default\"\n\ttarget=\"_self\">\n\t\t\t<span class=\"label\"> Om skolan och v\u00e5r pedagogik<\/span>\n\t\t\t<\/a>\n\t\t\t<\/div>\n\t<\/div>\n\n\t\t\n\n<\/section>\n","protected":false},"excerpt":{"rendered":"","protected":false},"author":1,"featured_media":0,"parent":20,"menu_order":0,"comment_status":"closed","ping_status":"closed","template":"","meta":{"footnotes":""},"yoast_head":"<!-- This site is optimized with the Yoast SEO plugin v22.0 - https:\/\/yoast.com\/wordpress\/plugins\/seo\/ -->\n<title>Vittra | Grundskola i Halmstad<\/title>\n<meta name=\"description\" content=\"Vittra \u00e4r en grundskola i Halmstad. Vi har akademisk standard med struktur och medvetet l\u00e4rande som st\u00e4rker elevens personliga utveckling.\" \/>\n<meta name=\"robots\" content=\"index, follow, max-snippet:-1, max-image-preview:large, max-video-preview:-1\" \/>\n<link rel=\"canonical\" href=\"https:\/\/vittra.se\/halmstad\/om\/grundskola\/\" \/>\n<meta property=\"og:locale\" content=\"sv_SE\" \/>\n<meta property=\"og:type\" content=\"article\" \/>\n<meta property=\"og:title\" content=\"Vittra | Grundskola i Halmstad\" \/>\n<meta property=\"og:description\" content=\"Vittra \u00e4r en grundskola i Halmstad. Vi har akademisk standard med struktur och medvetet l\u00e4rande som st\u00e4rker elevens personliga utveckling.\" \/>\n<meta property=\"og:url\" content=\"https:\/\/vittra.se\/halmstad\/om\/grundskola\/\" \/>\n<meta property=\"og:site_name\" content=\"Halmstad\" \/>\n<meta property=\"article:modified_time\" content=\"2026-03-11T14:16:57+00:00\" \/>\n<meta name=\"twitter:card\" content=\"summary_large_image\" \/>\n<meta name=\"twitter:title\" content=\"Vittra | Grundskola i Halmstad\" \/>\n<meta name=\"twitter:description\" content=\"Vittra \u00e4r en grundskola i Halmstad. Vi har akademisk standard med struktur och medvetet l\u00e4rande som st\u00e4rker elevens personliga utveckling.\" \/>\n<script type=\"application\/ld+json\" class=\"yoast-schema-graph\">{\"@context\":\"https:\/\/schema.org\",\"@graph\":[{\"@type\":\"WebPage\",\"@id\":\"https:\/\/vittra.se\/halmstad\/om\/grundskola\/\",\"url\":\"https:\/\/vittra.se\/halmstad\/om\/grundskola\/\",\"name\":\"Vittra | Grundskola i Halmstad\",\"isPartOf\":{\"@id\":\"https:\/\/vittra.se\/halmstad\/#website\"},\"datePublished\":\"2020-09-01T20:07:07+00:00\",\"dateModified\":\"2026-03-11T14:16:57+00:00\",\"description\":\"Vittra \u00e4r en grundskola i Halmstad. Vi har akademisk standard med struktur och medvetet l\u00e4rande som st\u00e4rker elevens personliga utveckling.\",\"breadcrumb\":{\"@id\":\"https:\/\/vittra.se\/halmstad\/om\/grundskola\/#breadcrumb\"},\"inLanguage\":\"sv-SE\",\"potentialAction\":[{\"@type\":\"ReadAction\",\"target\":[\"https:\/\/vittra.se\/halmstad\/om\/grundskola\/\"]}]},{\"@type\":\"BreadcrumbList\",\"@id\":\"https:\/\/vittra.se\/halmstad\/om\/grundskola\/#breadcrumb\",\"itemListElement\":[{\"@type\":\"ListItem\",\"position\":1,\"name\":\"Start\",\"item\":\"https:\/\/vittra.se\/halmstad\/\"},{\"@type\":\"ListItem\",\"position\":2,\"name\":\"Om skolan\",\"item\":\"https:\/\/vittra.se\/halmstad\/om\/\"},{\"@type\":\"ListItem\",\"position\":3,\"name\":\"Grundskola\"}]},{\"@type\":\"WebSite\",\"@id\":\"https:\/\/vittra.se\/halmstad\/#website\",\"url\":\"https:\/\/vittra.se\/halmstad\/\",\"name\":\"Halmstad\",\"description\":\"Kunskap att f\u00f6r\u00e4ndra. Mod att p\u00e5verka.\",\"potentialAction\":[{\"@type\":\"SearchAction\",\"target\":{\"@type\":\"EntryPoint\",\"urlTemplate\":\"https:\/\/vittra.se\/halmstad\/?s={search_term_string}\"},\"query-input\":\"required name=search_term_string\"}],\"inLanguage\":\"sv-SE\"}]}<\/script>\n<!-- \/ Yoast SEO plugin. -->","yoast_head_json":{"title":"Vittra | Grundskola i Halmstad","description":"Vittra \u00e4r en grundskola i Halmstad. Vi har akademisk standard med struktur och medvetet l\u00e4rande som st\u00e4rker elevens personliga utveckling.","robots":{"index":"index","follow":"follow","max-snippet":"max-snippet:-1","max-image-preview":"max-image-preview:large","max-video-preview":"max-video-preview:-1"},"canonical":"https:\/\/vittra.se\/halmstad\/om\/grundskola\/","og_locale":"sv_SE","og_type":"article","og_title":"Vittra | Grundskola i Halmstad","og_description":"Vittra \u00e4r en grundskola i Halmstad. Vi har akademisk standard med struktur och medvetet l\u00e4rande som st\u00e4rker elevens personliga utveckling.","og_url":"https:\/\/vittra.se\/halmstad\/om\/grundskola\/","og_site_name":"Halmstad","article_modified_time":"2026-03-11T14:16:57+00:00","twitter_card":"summary_large_image","twitter_title":"Vittra | Grundskola i Halmstad","twitter_description":"Vittra \u00e4r en grundskola i Halmstad. Vi har akademisk standard med struktur och medvetet l\u00e4rande som st\u00e4rker elevens personliga utveckling.","schema":{"@context":"https:\/\/schema.org","@graph":[{"@type":"WebPage","@id":"https:\/\/vittra.se\/halmstad\/om\/grundskola\/","url":"https:\/\/vittra.se\/halmstad\/om\/grundskola\/","name":"Vittra | Grundskola i Halmstad","isPartOf":{"@id":"https:\/\/vittra.se\/halmstad\/#website"},"datePublished":"2020-09-01T20:07:07+00:00","dateModified":"2026-03-11T14:16:57+00:00","description":"Vittra \u00e4r en grundskola i Halmstad. Vi har akademisk standard med struktur och medvetet l\u00e4rande som st\u00e4rker elevens personliga utveckling.","breadcrumb":{"@id":"https:\/\/vittra.se\/halmstad\/om\/grundskola\/#breadcrumb"},"inLanguage":"sv-SE","potentialAction":[{"@type":"ReadAction","target":["https:\/\/vittra.se\/halmstad\/om\/grundskola\/"]}]},{"@type":"BreadcrumbList","@id":"https:\/\/vittra.se\/halmstad\/om\/grundskola\/#breadcrumb","itemListElement":[{"@type":"ListItem","position":1,"name":"Start","item":"https:\/\/vittra.se\/halmstad\/"},{"@type":"ListItem","position":2,"name":"Om skolan","item":"https:\/\/vittra.se\/halmstad\/om\/"},{"@type":"ListItem","position":3,"name":"Grundskola"}]},{"@type":"WebSite","@id":"https:\/\/vittra.se\/halmstad\/#website","url":"https:\/\/vittra.se\/halmstad\/","name":"Halmstad","description":"Kunskap att f\u00f6r\u00e4ndra. Mod att p\u00e5verka.","potentialAction":[{"@type":"SearchAction","target":{"@type":"EntryPoint","urlTemplate":"https:\/\/vittra.se\/halmstad\/?s={search_term_string}"},"query-input":"required name=search_term_string"}],"inLanguage":"sv-SE"}]}},"_links":{"self":[{"href":"https:\/\/vittra.se\/halmstad\/wp-json\/wp\/v2\/pages\/25"}],"collection":[{"href":"https:\/\/vittra.se\/halmstad\/wp-json\/wp\/v2\/pages"}],"about":[{"href":"https:\/\/vittra.se\/halmstad\/wp-json\/wp\/v2\/types\/page"}],"author":[{"embeddable":true,"href":"https:\/\/vittra.se\/halmstad\/wp-json\/wp\/v2\/users\/1"}],"replies":[{"embeddable":true,"href":"https:\/\/vittra.se\/halmstad\/wp-json\/wp\/v2\/comments?post=25"}],"version-history":[{"count":9,"href":"https:\/\/vittra.se\/halmstad\/wp-json\/wp\/v2\/pages\/25\/revisions"}],"predecessor-version":[{"id":1619,"href":"https:\/\/vittra.se\/halmstad\/wp-json\/wp\/v2\/pages\/25\/revisions\/1619"}],"up":[{"embeddable":true,"href":"https:\/\/vittra.se\/halmstad\/wp-json\/wp\/v2\/pages\/20"}],"wp:attachment":[{"href":"https:\/\/vittra.se\/halmstad\/wp-json\/wp\/v2\/media?parent=25"}],"curies":[{"name":"wp","href":"https:\/\/api.w.org\/{rel}","templated":true}]}}