{"id":3781,"date":"2024-04-05T15:28:20","date_gmt":"2024-04-05T13:28:20","guid":{"rendered":"https:\/\/vittra.se\/distans\/?page_id=3781"},"modified":"2024-08-26T11:23:09","modified_gmt":"2024-08-26T09:23:09","slug":"grundskolor-i-helsingborg","status":"publish","type":"page","link":"https:\/\/vittra.se\/distans\/grundskolor-i-helsingborg\/","title":{"rendered":"Grundskolor i Helsingborg"},"content":{"rendered":"\n\n<section  class=\"ams-cta ams-cta--stacked c-block l-stacked\" data-color-scheme=\"transparent\">\n\t<div class=\"l-container l-stack l-stack-fluid-2xl u-pt-fluid-3xl-6xl u-pb-fluid-3xl-6xl is-center is-center@md\">\n\t\t\t\t\t<div class=\"ams-cta__intro l-stack l-stack-lg\">\n\t\t\t\t\t\n\t<h1\n\tclass=\"c-heading u-font-title-1 \"\n\tstyle=\"\">\n\t\t\n\t\t\t\t\tVittras grundskolor i Helsingborg\n\t\t\t\t\n\t<\/h1>\n\n\t\t\t\t\t\t\t\t\t<div class=\"c-text l-stack u-cs-xl u-font-body\">\n\t\t\t\t\t\t<p>Vittra har tv\u00e5 grundskolor i Helsingborg &#8211; <a href=\"https:\/\/vittra.se\/distans\/landborgen\/\">Vittra Landborgen<\/a> och <a href=\"https:\/\/vittra.se\/distans\/adolfsberg\/\">Vittra Adolfsberg<\/a>. V\u00e5rt m\u00e5l \u00e4r att varje barn ska bli medveten om sig sj\u00e4lv och v\u00e4rlden omkring oss. Vi f\u00f6rbereder dem med kunskap och mod f\u00f6r att de ska k\u00e4nna att de kan vara med och p\u00e5verka samh\u00e4llet till det b\u00e4ttre.<\/p>\n\n\t\t\t\t\t<\/div>\n\t\t\t\t\t\t\t<\/div>\n\t\t\n\t\t\n\t\t\t<\/div>\n\n\t\t\n\n<\/section>\n\n\n\n\n<section  class=\"ams-info-card c-block l-stacked\" data-color-scheme=\"nyans1_av_cta-hover-standard\">\n\t<div class=\"l-container l-stack l-stack-fluid-2xl u-pt-fluid-3xl-6xl u-pb-fluid-3xl-6xl is-center is-center@md\">\n\t\t\t\t\t<div class=\"ams-info-card__intro l-stack l-stack-lg\">\n\t\t\t\t\t\n\t<h2\n\tclass=\"c-heading u-font-title-1 \"\n\tstyle=\"\">\n\t\t\n\t\t\t\t\tL\u00e4s mer om v\u00e5ra skolor i Helsingborg\n\t\t\t\t\n\t<\/h2>\n\n\t\t\t\t\t\t\t<\/div>\n\t\t\n\t\t\t\t\t\n<ul class=\"ams-info-card__list l-grid u-gap-2xl\">\n\t\t\t<li class=\"l-col-6@md l-col-4@lg\">\n\t\t\t<article\n\t\t\t\tclass=\"\n\t\t\t\tc-card\n\t\t\t\t\n\t\t\t\thas-media-zoom\n\t\t\t\t\n\t\t\t\t\"\n\t\t\t\tdata-variant=\"space\"\n\t\t\t\tdata-style=\"square\"\n\t\t\t\t data-click-area\n\t\t\t\t\n\t\t\t\t\n\t\t\t\t>\n\t\t\t\t<div class=\"c-card__content l-stack l-stack-sm is-left is-left@md\">\n\t\t\t\t\t\t\t\t\t\t\t<h3 class=\"c-card__title u-font-title-3\">\n\t\t\t\t\t\t\t\t\t\t\t\t\t\t\t<a class=\"c-card__link\" href=\"https:\/\/vittra.se\/distans\/landborgen\/\" target=\"_self\">\n\t\t\t\t\t\t\t\t\tVittra Landborgen &#8211; f\u00f6rskoleklass till \u00e5rskurs 9\n\t\t\t\t\t\t\t\t<\/a>\n\t\t\t\t\t\t\t\t\t\t\t\t\t<\/h3>\n\t\t\t\t\t\n\t\t\t\t\t\t\t\t\t\t\t<div class=\"c-card__text l-stack-xs u-font-body\">\n\t\t\t\t\t\t\t<p>P\u00e5 Vittra Landborgen samarbetar v\u00e5ra elever \u00f6ver \u00e5ldrar i projekt med v\u00e5r partnerskola i Kenya och lokala akt\u00f6rer utifr\u00e5n FN:s 17 globala m\u00e5l. Samarbetet skapar en trygghet och k\u00e4nnedom om sig sj\u00e4lv som g\u00f6r att v\u00e5ra elever l\u00e4r sig om och v\u00e5gar p\u00e5verka samh\u00e4llet.<\/p>\n\n\t\t\t\t\t\t<\/div>\n\t\t\t\t\t\n\t\t\t\t\t\t\t\t\t\t\t<div class=\"c-card__icon c-card__icon--nl\">\n\t\t\t\t\t\t\t\t\t\t\t\t\t\t<svg class=\"ams-icon ams-icon--arrow-right\" width=\"32\" height=\"32\" viewbox=\"0 0 32 32\" fill=\"currentColor\" aria-hidden=\"true\" xmlns=\"http:\/\/www.w3.org\/2000\/svg\">\n\t\t\t\t\t\t\t\t\t\t\t\t\t\t\t\t<path d=\"M15.4617 0.252159L14.9567 0.75931C14.6219 1.09545 14.6219 1.64048 14.9567 1.97669L27.7062 14.7806H0.857144C0.383786 14.7806 0 15.166 0 15.6414V16.3587C0 16.8341 0.383786 17.2195 0.857144 17.2195H27.7062L14.9567 30.0234C14.6219 30.3595 14.6219 30.9045 14.9567 31.2407L15.4617 31.7479C15.7964 32.084 16.3392 32.084 16.6739 31.7479L31.749 16.6087C32.0837 16.2725 32.0837 15.7275 31.749 15.3913L16.6739 0.252159C16.3392 -0.084053 15.7964 -0.084053 15.4617 0.252159Z\"\/>\n\t\t\t\t\t\t\t\n\t\t\t\t\t\t\t<\/svg>\n\t\t\t\t\t\t<\/div>\n\t\t\t\t\t\t\t\t\t<\/div>\n\n\t\t\t\t\t\t\t\t\t<div class=\"c-card__media \" style=\" \">\n\t\t\t\t\t\t<img decoding=\"async\" width=\"400\" height=\"267\" src=\"https:\/\/vittra.se\/wp-content\/uploads\/sites\/31\/2020\/10\/vittra-elevhalsa-grundskola-202205-400x267.jpg\" class=\"\" alt=\"L\u00e4rare hj\u00e4lper en elev med skolarbete runt ett bord med fler elever.\" sizes=\"(min-width: 64em) 300px, (min-width: 48em) calc(.50 * (100vw - 304px)), calc(100vw - 208px)\" srcset=\"https:\/\/vittra.se\/wp-content\/uploads\/sites\/31\/2020\/10\/vittra-elevhalsa-grundskola-202205-400x267.jpg 400w, https:\/\/vittra.se\/wp-content\/uploads\/sites\/31\/2020\/10\/vittra-elevhalsa-grundskola-202205-300x200.jpg 300w, https:\/\/vittra.se\/wp-content\/uploads\/sites\/31\/2020\/10\/vittra-elevhalsa-grundskola-202205-600x400.jpg 600w, https:\/\/vittra.se\/wp-content\/uploads\/sites\/31\/2020\/10\/vittra-elevhalsa-grundskola-202205-800x533.jpg 800w, https:\/\/vittra.se\/wp-content\/uploads\/sites\/31\/2020\/10\/vittra-elevhalsa-grundskola-202205-1024x683.jpg 1024w, https:\/\/vittra.se\/wp-content\/uploads\/sites\/31\/2020\/10\/vittra-elevhalsa-grundskola-202205-1200x800.jpg 1200w, https:\/\/vittra.se\/wp-content\/uploads\/sites\/31\/2020\/10\/vittra-elevhalsa-grundskola-202205.jpg 1980w\" \/>\n\t\t\t\t\t<\/div>\n\t\t\t\t\t\t\t<\/article>\n\t\t<\/li>\n\t\t\t<li class=\"l-col-6@md l-col-4@lg\">\n\t\t\t<article\n\t\t\t\tclass=\"\n\t\t\t\tc-card\n\t\t\t\t\n\t\t\t\thas-media-zoom\n\t\t\t\t\n\t\t\t\t\"\n\t\t\t\tdata-variant=\"space\"\n\t\t\t\tdata-style=\"square\"\n\t\t\t\t data-click-area\n\t\t\t\t\n\t\t\t\t\n\t\t\t\t>\n\t\t\t\t<div class=\"c-card__content l-stack l-stack-sm is-left is-left@md\">\n\t\t\t\t\t\t\t\t\t\t\t<h3 class=\"c-card__title u-font-title-3\">\n\t\t\t\t\t\t\t\t\t\t\t\t\t\t\t<a class=\"c-card__link\" href=\"https:\/\/vittra.se\/distans\/adolfsberg\/\" target=\"_self\">\n\t\t\t\t\t\t\t\t\tVittra Adolfsberg &#8211; f\u00f6rskola till \u00e5rskurs 9\n\t\t\t\t\t\t\t\t<\/a>\n\t\t\t\t\t\t\t\t\t\t\t\t\t<\/h3>\n\t\t\t\t\t\n\t\t\t\t\t\t\t\t\t\t\t<div class=\"c-card__text l-stack-xs u-font-body\">\n\t\t\t\t\t\t\t<p>Hos oss p\u00e5 Vittra Adolfsberg har vi en alla-k\u00e4nner-alla-st\u00e4mning d\u00e4r varje elev blir sedd. Med goda relationer mellan elever och pedagoger och tydliga ordningsregler skapar vi de b\u00e4sta f\u00f6ruts\u00e4ttningarna f\u00f6r v\u00e5ra elever att l\u00e4ra k\u00e4nna sig sj\u00e4lva och utvecklas.<\/p>\n\n\t\t\t\t\t\t<\/div>\n\t\t\t\t\t\n\t\t\t\t\t\t\t\t\t\t\t<div class=\"c-card__icon c-card__icon--nl\">\n\t\t\t\t\t\t\t\t\t\t\t\t\t\t<svg class=\"ams-icon ams-icon--arrow-right\" width=\"32\" height=\"32\" viewbox=\"0 0 32 32\" fill=\"currentColor\" aria-hidden=\"true\" xmlns=\"http:\/\/www.w3.org\/2000\/svg\">\n\t\t\t\t\t\t\t\t\t\t\t\t\t\t\t\t<path d=\"M15.4617 0.252159L14.9567 0.75931C14.6219 1.09545 14.6219 1.64048 14.9567 1.97669L27.7062 14.7806H0.857144C0.383786 14.7806 0 15.166 0 15.6414V16.3587C0 16.8341 0.383786 17.2195 0.857144 17.2195H27.7062L14.9567 30.0234C14.6219 30.3595 14.6219 30.9045 14.9567 31.2407L15.4617 31.7479C15.7964 32.084 16.3392 32.084 16.6739 31.7479L31.749 16.6087C32.0837 16.2725 32.0837 15.7275 31.749 15.3913L16.6739 0.252159C16.3392 -0.084053 15.7964 -0.084053 15.4617 0.252159Z\"\/>\n\t\t\t\t\t\t\t\n\t\t\t\t\t\t\t<\/svg>\n\t\t\t\t\t\t<\/div>\n\t\t\t\t\t\t\t\t\t<\/div>\n\n\t\t\t\t\t\t\t\t\t<div class=\"c-card__media \" style=\" \">\n\t\t\t\t\t\t<img decoding=\"async\" width=\"400\" height=\"267\" src=\"https:\/\/vittra.se\/wp-content\/uploads\/sites\/31\/2024\/03\/vittra-grundskola-202204-400x267.jpg\" class=\"\" alt=\"En elev i f\u00f6rskoleklass p\u00e5 Vittra skriver i en bok under en lektion.\" sizes=\"(min-width: 64em) 300px, (min-width: 48em) calc(.50 * (100vw - 304px)), calc(100vw - 208px)\" srcset=\"https:\/\/vittra.se\/wp-content\/uploads\/sites\/31\/2024\/03\/vittra-grundskola-202204-400x267.jpg 400w, https:\/\/vittra.se\/wp-content\/uploads\/sites\/31\/2024\/03\/vittra-grundskola-202204-300x200.jpg 300w, https:\/\/vittra.se\/wp-content\/uploads\/sites\/31\/2024\/03\/vittra-grundskola-202204-600x400.jpg 600w, https:\/\/vittra.se\/wp-content\/uploads\/sites\/31\/2024\/03\/vittra-grundskola-202204-800x533.jpg 800w, https:\/\/vittra.se\/wp-content\/uploads\/sites\/31\/2024\/03\/vittra-grundskola-202204-1024x683.jpg 1024w, https:\/\/vittra.se\/wp-content\/uploads\/sites\/31\/2024\/03\/vittra-grundskola-202204-1200x800.jpg 1200w, https:\/\/vittra.se\/wp-content\/uploads\/sites\/31\/2024\/03\/vittra-grundskola-202204.jpg 1980w\" \/>\n\t\t\t\t\t<\/div>\n\t\t\t\t\t\t\t<\/article>\n\t\t<\/li>\n\t<\/ul>\n\t\n\t\t\t<\/div>\n\n\t\t\n\n<\/section>\n\n\n\n\t\n\t\n<section  class=\"ams-map ams-map--fifty c-block  media-bottom media-right \" data-color-scheme=\"map-ljusbla\" data-locations=\"[{&quot;id&quot;:&quot;299&quot;,&quot;county&quot;:&quot;Sk\\u00e5ne&quot;,&quot;city&quot;:&quot;Helsingborg&quot;,&quot;school&quot;:&quot;Adolfsberg (Helsingborg, \\u00f6stra)&quot;,&quot;title&quot;:&quot;Vittra Adolfsberg (Helsingborg, \\u00f6stra)&quot;,&quot;phone&quot;:&quot;0424907070&quot;,&quot;phone_formatted&quot;:&quot;042-4907070&quot;,&quot;email&quot;:&quot;&quot;,&quot;visiting_address&quot;:{&quot;address&quot;:&quot; S\\u00f6dra Hunnetorpsv\\u00e4gen 52&quot;,&quot;zip_code&quot;:&quot;256 62&quot;,&quot;city&quot;:&quot;Helsingborg&quot;},&quot;postal_address&quot;:{&quot;address&quot;:&quot; S\\u00f6dra Hunnetorpsv\\u00e4gen 52&quot;,&quot;zip_code&quot;:&quot;256 62&quot;,&quot;city&quot;:&quot;Helsingborg&quot;},&quot;address_map&quot;:&quot;Vittra Adolfsberg, S\\u00f6dra Hunnetorpsv\\u00e4gen, Helsingborg, Sverige&quot;,&quot;lat&quot;:56.0457678,&quot;lng&quot;:12.7437116,&quot;link&quot;:{&quot;url&quot;:&quot;\\\/adolfsberg&quot;,&quot;text&quot;:&quot;L\\u00e4s mer om skolan&quot;}},{&quot;id&quot;:&quot;309&quot;,&quot;county&quot;:&quot;Sk\\u00e5ne&quot;,&quot;city&quot;:&quot;Helsingborg&quot;,&quot;school&quot;:&quot;Landborgen (Helsingborg, centrum)&quot;,&quot;title&quot;:&quot;Vittra Landborgen (Helsingborg, centrum)&quot;,&quot;phone&quot;:&quot;042198470&quot;,&quot;phone_formatted&quot;:&quot;042-198470&quot;,&quot;email&quot;:&quot;&quot;,&quot;visiting_address&quot;:{&quot;address&quot;:&quot;Bergaliden 9&quot;,&quot;zip_code&quot;:&quot;252 23&quot;,&quot;city&quot;:&quot;Helsingborg&quot;},&quot;postal_address&quot;:{&quot;address&quot;:&quot;Bergaliden 9,&quot;,&quot;zip_code&quot;:&quot;252 23&quot;,&quot;city&quot;:&quot;Helsingborg&quot;},&quot;address_map&quot;:&quot;Vittra Landborgen, Bergaliden, Helsingborg, Sverige&quot;,&quot;lat&quot;:56.0457544,&quot;lng&quot;:12.7011161,&quot;link&quot;:{&quot;url&quot;:&quot;\\\/landborgen&quot;,&quot;text&quot;:&quot;L\\u00e4s mer om skolan&quot;}}]\">\n\t<div class=\"ams-map__content u-pt-fluid-3xl-6xl u-pb-fluid-3xl-6xl l-stack l-stack-fluid-xl is-left is-left@lg\">\n\t\t\t\n\t<h2\n\tclass=\"c-heading u-font-title-1 \"\n\tstyle=\"\">\n\t\t\n\t\t\t\t\tV\u00e5ra skolor i Helsingborg\n\t\t\t\t\n\t<\/h2>\n\n\t\t\t\t\t<div class=\"c-text l-stack u-cs-xl u-font-body\">\n\t\t\t\t<h4><strong>Vittra Landborgen<\/strong><\/h4>\n<p>Bergaliden 9<br \/>\n252 23 Helsingborg<\/p>\n<h4><strong>Kontakt<\/strong><\/h4>\n<p><a href=\"tel:042198470\">042-19 84 70<\/a><br \/>\n<a href=\"mailto:landborgen@vittra.se\/distans\">landborgen@vittra.se\/distans<\/a><\/p>\n\n\t\t\t<\/div>\n\t\t\n\t\t\t\t\t<div class=\"contact-info l-stack\">\n\t\t\t\t\t\t\t\t\t<div class=\"contact-info__item\">\n\t\t\t\t\t\t<p class=\"contact-info__heading u-font-title-4\">\n\t\t\t\t\t\t\tVittra Adolfsberg\n\t\t\t\t\t\t<\/p>\n\t\t\t\t\t\t<p>\n\t\t\t\t\t\t\t\t\t\t\t\t\t\t\t S\u00f6dra Hunnetorpsv\u00e4gen 52<br \/>\n\t\t\t\t\t\t\t\t\t\t\t\t\t\t256 62 Helsingborg\n\t\t\t\t\t\t<\/p>\n\t\t\t\t\t<\/div>\n\t\t\t\t\n\t\t\t\t\n\t\t\t\t\t\t\t\t\t<div class=\"contact-info__item\">\n\t\t\t\t\t\t<p class=\"contact-info__heading u-font-title-4\">\n\t\t\t\t\t\t\tKontakt\n\t\t\t\t\t\t<\/p>\n\t\t\t\t\t\t<p>\n\t\t\t\t\t\t\t\t\t\t\t\t\t\t\t<a href=\"tel:0424907070\">042-4907070<\/a><br \/>\n\t\t\t\t\t\t\t\t\t\t\t\t\t\t\t\t\t\t\t\t<\/p>\n\t\t\t\t\t<\/div>\n\t\t\t\t\t\t\t<\/div>\n\t\t\t<\/div>\n\n\t<div class=\"ams-map__media\">\n\t<\/div>\n<\/section>\n","protected":false},"excerpt":{"rendered":"","protected":false},"author":58,"featured_media":0,"parent":0,"menu_order":0,"comment_status":"closed","ping_status":"closed","template":"","meta":{"footnotes":""},"yoast_head":"<!-- This site is optimized with the Yoast SEO plugin v22.0 - https:\/\/yoast.com\/wordpress\/plugins\/seo\/ -->\n<title>Distans<\/title>\n<meta name=\"description\" content=\"Vittra har tv\u00e5 grundskolor i Helsingborg. V\u00e5rt m\u00e5l \u00e4r att varje barn ska bli medveten om sig sj\u00e4lv och v\u00e4rlden omkring oss.\" \/>\n<meta name=\"robots\" content=\"index, follow, max-snippet:-1, max-image-preview:large, max-video-preview:-1\" \/>\n<link rel=\"canonical\" href=\"https:\/\/vittra.se\/distans\/grundskolor-i-helsingborg\/\" \/>\n<meta property=\"og:locale\" content=\"sv_SE\" \/>\n<meta property=\"og:type\" content=\"article\" \/>\n<meta property=\"og:description\" content=\"Vittra har tv\u00e5 grundskolor i Helsingborg. V\u00e5rt m\u00e5l \u00e4r att varje barn ska bli medveten om sig sj\u00e4lv och v\u00e4rlden omkring oss.\" \/>\n<meta property=\"og:url\" content=\"https:\/\/vittra.se\/distans\/grundskolor-i-helsingborg\/\" \/>\n<meta property=\"og:site_name\" content=\"Distans\" \/>\n<meta property=\"article:modified_time\" content=\"2024-08-26T09:23:09+00:00\" \/>\n<meta name=\"twitter:card\" content=\"summary_large_image\" \/>\n<meta name=\"twitter:description\" content=\"Vittra har tv\u00e5 grundskolor i Helsingborg. V\u00e5rt m\u00e5l \u00e4r att varje barn ska bli medveten om sig sj\u00e4lv och v\u00e4rlden omkring oss.\" \/>\n<script type=\"application\/ld+json\" class=\"yoast-schema-graph\">{\"@context\":\"https:\/\/schema.org\",\"@graph\":[{\"@type\":\"WebPage\",\"@id\":\"https:\/\/vittra.se\/distans\/grundskolor-i-helsingborg\/\",\"url\":\"https:\/\/vittra.se\/distans\/grundskolor-i-helsingborg\/\",\"name\":\"Grundskolor i Helsingborg - Distans\",\"isPartOf\":{\"@id\":\"https:\/\/vittra.se\/distans\/#website\"},\"datePublished\":\"2024-04-05T13:28:20+00:00\",\"dateModified\":\"2024-08-26T09:23:09+00:00\",\"description\":\"Vittra har tv\u00e5 grundskolor i Helsingborg. V\u00e5rt m\u00e5l \u00e4r att varje barn ska bli medveten om sig sj\u00e4lv och v\u00e4rlden omkring oss.\",\"breadcrumb\":{\"@id\":\"https:\/\/vittra.se\/distans\/grundskolor-i-helsingborg\/#breadcrumb\"},\"inLanguage\":\"sv-SE\",\"potentialAction\":[{\"@type\":\"ReadAction\",\"target\":[\"https:\/\/vittra.se\/distans\/grundskolor-i-helsingborg\/\"]}]},{\"@type\":\"BreadcrumbList\",\"@id\":\"https:\/\/vittra.se\/distans\/grundskolor-i-helsingborg\/#breadcrumb\",\"itemListElement\":[{\"@type\":\"ListItem\",\"position\":1,\"name\":\"Start\",\"item\":\"https:\/\/vittra.se\/distans\/\"},{\"@type\":\"ListItem\",\"position\":2,\"name\":\"Grundskolor i Helsingborg\"}]},{\"@type\":\"WebSite\",\"@id\":\"https:\/\/vittra.se\/distans\/#website\",\"url\":\"https:\/\/vittra.se\/distans\/\",\"name\":\"Distans\",\"description\":\"Kunskap att f\u00f6r\u00e4ndra. Mod att p\u00e5verka.\",\"potentialAction\":[{\"@type\":\"SearchAction\",\"target\":{\"@type\":\"EntryPoint\",\"urlTemplate\":\"https:\/\/vittra.se\/distans\/?s={search_term_string}\"},\"query-input\":\"required name=search_term_string\"}],\"inLanguage\":\"sv-SE\"}]}<\/script>\n<!-- \/ Yoast SEO plugin. -->","yoast_head_json":{"title":"Distans","description":"Vittra har tv\u00e5 grundskolor i Helsingborg. V\u00e5rt m\u00e5l \u00e4r att varje barn ska bli medveten om sig sj\u00e4lv och v\u00e4rlden omkring oss.","robots":{"index":"index","follow":"follow","max-snippet":"max-snippet:-1","max-image-preview":"max-image-preview:large","max-video-preview":"max-video-preview:-1"},"canonical":"https:\/\/vittra.se\/distans\/grundskolor-i-helsingborg\/","og_locale":"sv_SE","og_type":"article","og_description":"Vittra har tv\u00e5 grundskolor i Helsingborg. V\u00e5rt m\u00e5l \u00e4r att varje barn ska bli medveten om sig sj\u00e4lv och v\u00e4rlden omkring oss.","og_url":"https:\/\/vittra.se\/distans\/grundskolor-i-helsingborg\/","og_site_name":"Distans","article_modified_time":"2024-08-26T09:23:09+00:00","twitter_card":"summary_large_image","twitter_description":"Vittra har tv\u00e5 grundskolor i Helsingborg. V\u00e5rt m\u00e5l \u00e4r att varje barn ska bli medveten om sig sj\u00e4lv och v\u00e4rlden omkring oss.","schema":{"@context":"https:\/\/schema.org","@graph":[{"@type":"WebPage","@id":"https:\/\/vittra.se\/distans\/grundskolor-i-helsingborg\/","url":"https:\/\/vittra.se\/distans\/grundskolor-i-helsingborg\/","name":"Grundskolor i Helsingborg - Distans","isPartOf":{"@id":"https:\/\/vittra.se\/distans\/#website"},"datePublished":"2024-04-05T13:28:20+00:00","dateModified":"2024-08-26T09:23:09+00:00","description":"Vittra har tv\u00e5 grundskolor i Helsingborg. V\u00e5rt m\u00e5l \u00e4r att varje barn ska bli medveten om sig sj\u00e4lv och v\u00e4rlden omkring oss.","breadcrumb":{"@id":"https:\/\/vittra.se\/distans\/grundskolor-i-helsingborg\/#breadcrumb"},"inLanguage":"sv-SE","potentialAction":[{"@type":"ReadAction","target":["https:\/\/vittra.se\/distans\/grundskolor-i-helsingborg\/"]}]},{"@type":"BreadcrumbList","@id":"https:\/\/vittra.se\/distans\/grundskolor-i-helsingborg\/#breadcrumb","itemListElement":[{"@type":"ListItem","position":1,"name":"Start","item":"https:\/\/vittra.se\/distans\/"},{"@type":"ListItem","position":2,"name":"Grundskolor i Helsingborg"}]},{"@type":"WebSite","@id":"https:\/\/vittra.se\/distans\/#website","url":"https:\/\/vittra.se\/distans\/","name":"Distans","description":"Kunskap att f\u00f6r\u00e4ndra. Mod att p\u00e5verka.","potentialAction":[{"@type":"SearchAction","target":{"@type":"EntryPoint","urlTemplate":"https:\/\/vittra.se\/distans\/?s={search_term_string}"},"query-input":"required name=search_term_string"}],"inLanguage":"sv-SE"}]}},"_links":{"self":[{"href":"https:\/\/vittra.se\/distans\/wp-json\/wp\/v2\/pages\/3781"}],"collection":[{"href":"https:\/\/vittra.se\/distans\/wp-json\/wp\/v2\/pages"}],"about":[{"href":"https:\/\/vittra.se\/distans\/wp-json\/wp\/v2\/types\/page"}],"author":[{"embeddable":true,"href":"https:\/\/vittra.se\/distans\/wp-json\/wp\/v2\/users\/58"}],"replies":[{"embeddable":true,"href":"https:\/\/vittra.se\/distans\/wp-json\/wp\/v2\/comments?post=3781"}],"version-history":[{"count":10,"href":"https:\/\/vittra.se\/distans\/wp-json\/wp\/v2\/pages\/3781\/revisions"}],"predecessor-version":[{"id":3874,"href":"https:\/\/vittra.se\/distans\/wp-json\/wp\/v2\/pages\/3781\/revisions\/3874"}],"wp:attachment":[{"href":"https:\/\/vittra.se\/distans\/wp-json\/wp\/v2\/media?parent=3781"}],"curies":[{"name":"wp","href":"https:\/\/api.w.org\/{rel}","templated":true}]}}