{"id":1896,"date":"2026-03-05T15:20:08","date_gmt":"2026-03-05T14:20:08","guid":{"rendered":"https:\/\/vittra.se\/brotorp\/?page_id=1896"},"modified":"2026-03-05T15:20:08","modified_gmt":"2026-03-05T14:20:08","slug":"om-var-forskola","status":"publish","type":"page","link":"https:\/\/vittra.se\/brotorp\/om-var-forskola\/","title":{"rendered":"Om v\u00e5r f\u00f6rskola"},"content":{"rendered":"","protected":false},"excerpt":{"rendered":"","protected":false},"author":93,"featured_media":0,"parent":0,"menu_order":0,"comment_status":"closed","ping_status":"closed","template":"","meta":{"footnotes":""},"yoast_head":"<!-- This site is optimized with the Yoast SEO plugin v22.0 - https:\/\/yoast.com\/wordpress\/plugins\/seo\/ -->\n<title>Brotorp<\/title>\n<meta name=\"robots\" content=\"index, follow, max-snippet:-1, max-image-preview:large, max-video-preview:-1\" \/>\n<link rel=\"canonical\" href=\"https:\/\/vittra.se\/brotorp\/om-var-forskola\/\" \/>\n<meta property=\"og:locale\" content=\"sv_SE\" \/>\n<meta property=\"og:type\" content=\"article\" \/>\n<meta property=\"og:url\" content=\"https:\/\/vittra.se\/brotorp\/om-var-forskola\/\" \/>\n<meta property=\"og:site_name\" content=\"Brotorp\" \/>\n<meta name=\"twitter:card\" content=\"summary_large_image\" \/>\n<script type=\"application\/ld+json\" class=\"yoast-schema-graph\">{\"@context\":\"https:\/\/schema.org\",\"@graph\":[{\"@type\":\"WebPage\",\"@id\":\"https:\/\/vittra.se\/brotorp\/om-var-forskola\/\",\"url\":\"https:\/\/vittra.se\/brotorp\/om-var-forskola\/\",\"name\":\"Om v\u00e5r f\u00f6rskola - Brotorp\",\"isPartOf\":{\"@id\":\"https:\/\/vittra.se\/brotorp\/#website\"},\"datePublished\":\"2026-03-05T14:20:08+00:00\",\"dateModified\":\"2026-03-05T14:20:08+00:00\",\"breadcrumb\":{\"@id\":\"https:\/\/vittra.se\/brotorp\/om-var-forskola\/#breadcrumb\"},\"inLanguage\":\"sv-SE\",\"potentialAction\":[{\"@type\":\"ReadAction\",\"target\":[\"https:\/\/vittra.se\/brotorp\/om-var-forskola\/\"]}]},{\"@type\":\"BreadcrumbList\",\"@id\":\"https:\/\/vittra.se\/brotorp\/om-var-forskola\/#breadcrumb\",\"itemListElement\":[{\"@type\":\"ListItem\",\"position\":1,\"name\":\"Start\",\"item\":\"https:\/\/vittra.se\/brotorp\/\"},{\"@type\":\"ListItem\",\"position\":2,\"name\":\"Om v\u00e5r f\u00f6rskola\"}]},{\"@type\":\"WebSite\",\"@id\":\"https:\/\/vittra.se\/brotorp\/#website\",\"url\":\"https:\/\/vittra.se\/brotorp\/\",\"name\":\"Brotorp\",\"description\":\"Kunskap att f\u00f6r\u00e4ndra. Mod att p\u00e5verka.\",\"potentialAction\":[{\"@type\":\"SearchAction\",\"target\":{\"@type\":\"EntryPoint\",\"urlTemplate\":\"https:\/\/vittra.se\/brotorp\/?s={search_term_string}\"},\"query-input\":\"required name=search_term_string\"}],\"inLanguage\":\"sv-SE\"}]}<\/script>\n<!-- \/ Yoast SEO plugin. -->","yoast_head_json":{"title":"Brotorp","robots":{"index":"index","follow":"follow","max-snippet":"max-snippet:-1","max-image-preview":"max-image-preview:large","max-video-preview":"max-video-preview:-1"},"canonical":"https:\/\/vittra.se\/brotorp\/om-var-forskola\/","og_locale":"sv_SE","og_type":"article","og_url":"https:\/\/vittra.se\/brotorp\/om-var-forskola\/","og_site_name":"Brotorp","twitter_card":"summary_large_image","schema":{"@context":"https:\/\/schema.org","@graph":[{"@type":"WebPage","@id":"https:\/\/vittra.se\/brotorp\/om-var-forskola\/","url":"https:\/\/vittra.se\/brotorp\/om-var-forskola\/","name":"Om v\u00e5r f\u00f6rskola - Brotorp","isPartOf":{"@id":"https:\/\/vittra.se\/brotorp\/#website"},"datePublished":"2026-03-05T14:20:08+00:00","dateModified":"2026-03-05T14:20:08+00:00","breadcrumb":{"@id":"https:\/\/vittra.se\/brotorp\/om-var-forskola\/#breadcrumb"},"inLanguage":"sv-SE","potentialAction":[{"@type":"ReadAction","target":["https:\/\/vittra.se\/brotorp\/om-var-forskola\/"]}]},{"@type":"BreadcrumbList","@id":"https:\/\/vittra.se\/brotorp\/om-var-forskola\/#breadcrumb","itemListElement":[{"@type":"ListItem","position":1,"name":"Start","item":"https:\/\/vittra.se\/brotorp\/"},{"@type":"ListItem","position":2,"name":"Om v\u00e5r f\u00f6rskola"}]},{"@type":"WebSite","@id":"https:\/\/vittra.se\/brotorp\/#website","url":"https:\/\/vittra.se\/brotorp\/","name":"Brotorp","description":"Kunskap att f\u00f6r\u00e4ndra. Mod att p\u00e5verka.","potentialAction":[{"@type":"SearchAction","target":{"@type":"EntryPoint","urlTemplate":"https:\/\/vittra.se\/brotorp\/?s={search_term_string}"},"query-input":"required name=search_term_string"}],"inLanguage":"sv-SE"}]}},"_links":{"self":[{"href":"https:\/\/vittra.se\/brotorp\/wp-json\/wp\/v2\/pages\/1896"}],"collection":[{"href":"https:\/\/vittra.se\/brotorp\/wp-json\/wp\/v2\/pages"}],"about":[{"href":"https:\/\/vittra.se\/brotorp\/wp-json\/wp\/v2\/types\/page"}],"author":[{"embeddable":true,"href":"https:\/\/vittra.se\/brotorp\/wp-json\/wp\/v2\/users\/93"}],"replies":[{"embeddable":true,"href":"https:\/\/vittra.se\/brotorp\/wp-json\/wp\/v2\/comments?post=1896"}],"version-history":[{"count":2,"href":"https:\/\/vittra.se\/brotorp\/wp-json\/wp\/v2\/pages\/1896\/revisions"}],"predecessor-version":[{"id":1904,"href":"https:\/\/vittra.se\/brotorp\/wp-json\/wp\/v2\/pages\/1896\/revisions\/1904"}],"wp:attachment":[{"href":"https:\/\/vittra.se\/brotorp\/wp-json\/wp\/v2\/media?parent=1896"}],"curies":[{"name":"wp","href":"https:\/\/api.w.org\/{rel}","templated":true}]}}