{"id":2420,"date":"2026-03-03T12:04:07","date_gmt":"2026-03-03T10:04:07","guid":{"rendered":"https:\/\/vittra.se\/adolfsberg\/?page_id=2420"},"modified":"2026-03-03T12:04:08","modified_gmt":"2026-03-03T10:04:08","slug":"inskolning-pa-forskolan","status":"publish","type":"page","link":"https:\/\/vittra.se\/adolfsberg\/inskolning-pa-forskolan\/","title":{"rendered":"Inskolning p\u00e5 f\u00f6rskolan"},"content":{"rendered":"\n\t\n\t\n\t\n\n\t\n\t\n\t\t\n<section  class=\"c-block l-stacked  \" data-color-scheme=\"\">\n\t<div class=\"ams-fifty ams-fifty--container ams-fifty--right ams-fifty--bottom l-container u-pt-fluid-2xl-4xl u-pb-fluid-md-xl\">\n\t\t<div class=\"ams-fifty__content l-stack l-stack-xl is-left is-left@lg\">\n\t\t\t<div class=\"ams-fifty__text l-stack l-stack-lg\">\n\t\t\t\t\t\n\t<h2\n\tclass=\"c-heading u-font-title-1 \"\n\tstyle=\"\">\n\t\t\n\t\t\t\t\tInskolning p\u00e5 f\u00f6rskolan\n\t\t\t\t\n\t<\/h2>\n\n\t\t\t\t\t\t\t\t\t<div class=\"text l-stack u-font-body\">\n\t\t\t\t\t\t<p data-start=\"224\" data-end=\"401\">Att b\u00f6rja f\u00f6rskolan \u00e4r en stor h\u00e4ndelse, b\u00e5de f\u00f6r barn och v\u00e5rdnadshavare. D\u00e4rf\u00f6r l\u00e4gger vi stor vikt vid att inskolningen ska k\u00e4nnas trygg, lugn och anpassad efter varje barn.<\/p>\n<h3 data-start=\"224\" data-end=\"401\">Datum och tider<\/h3>\n<p data-start=\"403\" data-end=\"655\">Datum f\u00f6r f\u00f6rsta inskolningsdag varierar. Sj\u00e4lva inskolningen p\u00e5g\u00e5r vanligtvis i tv\u00e5 veckor, men vi anpassar alltid uppl\u00e4gget efter barnets behov. Har ditt barn g\u00e5tt p\u00e5 f\u00f6rskola tidigare kan inskolningen ibland g\u00e5 lite snabbare och ta omkring en vecka.<\/p>\n<p data-start=\"657\" data-end=\"997\">Under de tre f\u00f6rsta dagarna \u00e4r du som v\u00e5rdnadshavare med hela dagen, klockan 9.00\u201314.00. Det ger ditt barn m\u00f6jlighet att uppt\u00e4cka sin nya milj\u00f6 med dig som trygg punkt. D\u00e4refter \u00f6nskar vi att n\u00e5gon av er finns tillg\u00e4nglig p\u00e5 stand-by under inskolningsperioden, om behov skulle uppst\u00e5. Tillsammans skapar vi en mjuk och tillitsfull \u00f6verg\u00e5ng.<\/p>\n\n\t\t\t\t\t<\/div>\n\t\t\t\t\t\t\t<\/div>\n\n\t\t\t\t\t<\/div>\n\n\t\t <div class=\"ams-fifty__media u-ratio-landscape\">\n\t\t \t\t\t\t\t<img decoding=\"async\" width=\"600\" height=\"400\" src=\"https:\/\/vittra.se\/wp-content\/uploads\/sites\/2\/2024\/03\/vittra-forskola-adolfsberg-helsingborg202204-600x400.jpg\" class=\"attachment-md size-md\" alt=\"Ett barn p\u00e5 Vittras f\u00f6rskola sitter p\u00e5 golvet och leker med tr\u00e4klossar.\" sizes=\"(min-width: 64em) 600px, calc(100vw - 160px)\" srcset=\"https:\/\/vittra.se\/wp-content\/uploads\/sites\/2\/2024\/03\/vittra-forskola-adolfsberg-helsingborg202204-600x400.jpg 600w, https:\/\/vittra.se\/wp-content\/uploads\/sites\/2\/2024\/03\/vittra-forskola-adolfsberg-helsingborg202204-300x200.jpg 300w, https:\/\/vittra.se\/wp-content\/uploads\/sites\/2\/2024\/03\/vittra-forskola-adolfsberg-helsingborg202204-400x267.jpg 400w, https:\/\/vittra.se\/wp-content\/uploads\/sites\/2\/2024\/03\/vittra-forskola-adolfsberg-helsingborg202204-800x533.jpg 800w, https:\/\/vittra.se\/wp-content\/uploads\/sites\/2\/2024\/03\/vittra-forskola-adolfsberg-helsingborg202204-1024x683.jpg 1024w, https:\/\/vittra.se\/wp-content\/uploads\/sites\/2\/2024\/03\/vittra-forskola-adolfsberg-helsingborg202204-1200x800.jpg 1200w, https:\/\/vittra.se\/wp-content\/uploads\/sites\/2\/2024\/03\/vittra-forskola-adolfsberg-helsingborg202204.jpg 1980w\" \/>\n\t\t\t\n\t\t\t\n\t\t\t\t\t<\/div>\n\t<\/div>\n\n\t\t\n\n<\/section>\n\n\n\n\t\n\t\n\t\n\n\t\n\t\n\t\t\n<section  class=\"c-block l-stacked  \" data-color-scheme=\"\">\n\t<div class=\"ams-fifty ams-fifty--container ams-fifty--left ams-fifty--bottom l-container u-pt-fluid-md-xl u-pb-fluid-2xl-4xl\">\n\t\t<div class=\"ams-fifty__content l-stack l-stack-xl is-left is-left@lg\">\n\t\t\t<div class=\"ams-fifty__text l-stack l-stack-lg\">\n\t\t\t\t\t\n\t<h2\n\tclass=\"c-heading u-font-title-1 \"\n\tstyle=\"\">\n\t\t\n\t\t\t\t\tDet h\u00e4r \u00e4r bra att ha med\n\t\t\t\t\n\t<\/h2>\n\n\t\t\t\t\t\t\t\t\t<div class=\"text l-stack u-font-body\">\n\t\t\t\t\t\t<p data-start=\"1030\" data-end=\"1088\">F\u00f6r att dagarna ska fungera smidigt \u00e4r det bra att ta med:<\/p>\n<ul>\n<li data-start=\"1092\" data-end=\"1112\">Bl\u00f6jor (vid behov).<\/li>\n<li data-start=\"1092\" data-end=\"1112\">Extrakl\u00e4der, till exempel regnkl\u00e4der och gummist\u00f6vlar.<\/li>\n<li data-start=\"1173\" data-end=\"1231\">Ett ombyte (strumpor, underkl\u00e4der, \u00f6verdel och underdel).<\/li>\n<li>Vagn om ditt barn sover ute under dagen.<\/li>\n<li data-start=\"1276\" data-end=\"1326\">\n<p data-start=\"1278\" data-end=\"1326\">Snuttefilt och napp, om ditt barn anv\u00e4nder det.<\/p>\n<\/li>\n<\/ul>\n<p data-start=\"1328\" data-end=\"1512\" data-is-last-node=\"\" data-is-only-node=\"\">Har du fr\u00e5gor om hur inskolningen g\u00e5r till \u00e4r du alltid varmt v\u00e4lkommen att kontakta oss. Vi ber\u00e4ttar g\u00e4rna mer om hur vi skapar en trygg, nyfiken och omsorgsfull start i f\u00f6rskolan.<\/p>\n\n\t\t\t\t\t<\/div>\n\t\t\t\t\t\t\t<\/div>\n\n\t\t\t\t<div class=\"ams-fifty__action u-inline-items\">\n\t\t\t\t\t\t\t\n\n\n<a href=\"https:\/\/vittra.se\/adolfsberg\/kontakt\/\"\n\t\n\tclass=\"c-btn \"\n\tdata-style=\"round\"\n\tdata-size=\"md\"\n\tdata-width=\"full-mobile\"\n\tdata-variant=\"default\"\n\ttarget=\"_self\">\n\t\t\t<span class=\"label\"> Kontakta oss<\/span>\n\t\t\t<\/a>\n\t\t\t<\/div>\n\t\t<\/div>\n\n\t\t <div class=\"ams-fifty__media u-ratio-landscape\">\n\t\t \t\t\t\t\t<img decoding=\"async\" width=\"600\" height=\"450\" src=\"https:\/\/vittra.se\/wp-content\/uploads\/sites\/2\/2025\/12\/forskola-600x450.jpg\" class=\"attachment-md size-md\" alt=\"BIld p\u00e5 f\u00f6rskolans byggnad\" sizes=\"(min-width: 64em) 600px, calc(100vw - 160px)\" srcset=\"https:\/\/vittra.se\/wp-content\/uploads\/sites\/2\/2025\/12\/forskola-600x450.jpg 600w, https:\/\/vittra.se\/wp-content\/uploads\/sites\/2\/2025\/12\/forskola-300x225.jpg 300w, https:\/\/vittra.se\/wp-content\/uploads\/sites\/2\/2025\/12\/forskola-400x300.jpg 400w, https:\/\/vittra.se\/wp-content\/uploads\/sites\/2\/2025\/12\/forskola-800x600.jpg 800w, https:\/\/vittra.se\/wp-content\/uploads\/sites\/2\/2025\/12\/forskola-1024x768.jpg 1024w, https:\/\/vittra.se\/wp-content\/uploads\/sites\/2\/2025\/12\/forskola-1200x900.jpg 1200w, https:\/\/vittra.se\/wp-content\/uploads\/sites\/2\/2025\/12\/forskola-768x576.jpg 768w\" \/>\n\t\t\t\n\t\t\t\n\t\t\t\t\t<\/div>\n\t<\/div>\n\n\t\t\n\n<\/section>\n\n\n\n\n<section  class=\"ams-cta ams-cta--stacked c-block l-stacked\" data-color-scheme=\"primar2\">\n\t<div class=\"l-container l-stack l-stack-fluid-2xl u-pt-fluid-2xl-4xl u-pb-fluid-2xl-4xl is-center is-center@md\">\n\t\t\t\t\t<div class=\"ams-cta__intro l-stack l-stack-lg\">\n\t\t\t\t\t\n\t<h2\n\tclass=\"c-heading u-font-title-1 \"\n\tstyle=\"\">\n\t\t\n\t\t\t\t\tTillbaka till f\u00f6rskolesidan\n\t\t\t\t\n\t<\/h2>\n\n\t\t\t\t\t\t\t<\/div>\n\t\t\n\t\t\n\t\t\t<div class=\"ams-cta__action u-inline-items\">\n\t\t\t\t\t\t\t\n\n\n<a href=\"https:\/\/vittra.se\/adolfsberg\/om-oss\/forskola\/\"\n\t\n\tclass=\"c-btn \"\n\tdata-style=\"round\"\n\tdata-size=\"md\"\n\tdata-width=\"full-mobile\"\n\tdata-variant=\"default\"\n\ttarget=\"_self\">\n\t\t\t<span class=\"label\"> Om v\u00e5r f\u00f6rskola<\/span>\n\t\t\t<\/a>\n\t\t\t<\/div>\n\t<\/div>\n\n\t\t\n\n<\/section>\n","protected":false},"excerpt":{"rendered":"","protected":false},"author":90,"featured_media":0,"parent":0,"menu_order":0,"comment_status":"closed","ping_status":"closed","template":"","meta":{"footnotes":""},"yoast_head":"<!-- This site is optimized with the Yoast SEO plugin v22.0 - https:\/\/yoast.com\/wordpress\/plugins\/seo\/ -->\n<title>S\u00e5 fungerar inskolningen p\u00e5 v\u00e5r f\u00f6rskola | Vittra Adolfberg<\/title>\n<meta name=\"description\" content=\"Hur g\u00e5r inskolningen till p\u00e5 Vittra Adolfberg i Helsingborg? L\u00e4s om v\u00e5r trygga och individuellt anpassade start i f\u00f6rskolan.\" \/>\n<meta name=\"robots\" content=\"index, follow, max-snippet:-1, max-image-preview:large, max-video-preview:-1\" \/>\n<link rel=\"canonical\" href=\"https:\/\/vittra.se\/adolfsberg\/inskolning-pa-forskolan\/\" \/>\n<meta property=\"og:locale\" content=\"sv_SE\" \/>\n<meta property=\"og:type\" content=\"article\" \/>\n<meta property=\"og:title\" content=\"S\u00e5 fungerar inskolningen p\u00e5 v\u00e5r f\u00f6rskola | Vittra Adolfberg\" \/>\n<meta property=\"og:description\" content=\"Hur g\u00e5r inskolningen till p\u00e5 Vittra Adolfberg i Helsingborg? L\u00e4s om v\u00e5r trygga och individuellt anpassade start i f\u00f6rskolan.\" \/>\n<meta property=\"og:url\" content=\"https:\/\/vittra.se\/adolfsberg\/inskolning-pa-forskolan\/\" \/>\n<meta property=\"og:site_name\" content=\"Adolfsberg\" \/>\n<meta property=\"article:modified_time\" content=\"2026-03-03T10:04:08+00:00\" \/>\n<meta name=\"twitter:card\" content=\"summary_large_image\" \/>\n<meta name=\"twitter:title\" content=\"S\u00e5 fungerar inskolningen p\u00e5 v\u00e5r f\u00f6rskola | Vittra Adolfberg\" \/>\n<meta name=\"twitter:description\" content=\"Hur g\u00e5r inskolningen till p\u00e5 Vittra Adolfberg i Helsingborg? L\u00e4s om v\u00e5r trygga och individuellt anpassade start i f\u00f6rskolan.\" \/>\n<script type=\"application\/ld+json\" class=\"yoast-schema-graph\">{\"@context\":\"https:\/\/schema.org\",\"@graph\":[{\"@type\":\"WebPage\",\"@id\":\"https:\/\/vittra.se\/adolfsberg\/inskolning-pa-forskolan\/\",\"url\":\"https:\/\/vittra.se\/adolfsberg\/inskolning-pa-forskolan\/\",\"name\":\"S\u00e5 fungerar inskolningen p\u00e5 v\u00e5r f\u00f6rskola | Vittra Adolfberg\",\"isPartOf\":{\"@id\":\"https:\/\/vittra.se\/adolfsberg\/#website\"},\"datePublished\":\"2026-03-03T10:04:07+00:00\",\"dateModified\":\"2026-03-03T10:04:08+00:00\",\"description\":\"Hur g\u00e5r inskolningen till p\u00e5 Vittra Adolfberg i Helsingborg? L\u00e4s om v\u00e5r trygga och individuellt anpassade start i f\u00f6rskolan.\",\"breadcrumb\":{\"@id\":\"https:\/\/vittra.se\/adolfsberg\/inskolning-pa-forskolan\/#breadcrumb\"},\"inLanguage\":\"sv-SE\",\"potentialAction\":[{\"@type\":\"ReadAction\",\"target\":[\"https:\/\/vittra.se\/adolfsberg\/inskolning-pa-forskolan\/\"]}]},{\"@type\":\"BreadcrumbList\",\"@id\":\"https:\/\/vittra.se\/adolfsberg\/inskolning-pa-forskolan\/#breadcrumb\",\"itemListElement\":[{\"@type\":\"ListItem\",\"position\":1,\"name\":\"Start\",\"item\":\"https:\/\/vittra.se\/adolfsberg\/\"},{\"@type\":\"ListItem\",\"position\":2,\"name\":\"Inskolning p\u00e5 f\u00f6rskolan\"}]},{\"@type\":\"WebSite\",\"@id\":\"https:\/\/vittra.se\/adolfsberg\/#website\",\"url\":\"https:\/\/vittra.se\/adolfsberg\/\",\"name\":\"Adolfsberg\",\"description\":\"Kunskap att f\u00f6r\u00e4ndra. Mod att p\u00e5verka.\",\"potentialAction\":[{\"@type\":\"SearchAction\",\"target\":{\"@type\":\"EntryPoint\",\"urlTemplate\":\"https:\/\/vittra.se\/adolfsberg\/?s={search_term_string}\"},\"query-input\":\"required name=search_term_string\"}],\"inLanguage\":\"sv-SE\"}]}<\/script>\n<!-- \/ Yoast SEO plugin. -->","yoast_head_json":{"title":"S\u00e5 fungerar inskolningen p\u00e5 v\u00e5r f\u00f6rskola | Vittra Adolfberg","description":"Hur g\u00e5r inskolningen till p\u00e5 Vittra Adolfberg i Helsingborg? L\u00e4s om v\u00e5r trygga och individuellt anpassade start i f\u00f6rskolan.","robots":{"index":"index","follow":"follow","max-snippet":"max-snippet:-1","max-image-preview":"max-image-preview:large","max-video-preview":"max-video-preview:-1"},"canonical":"https:\/\/vittra.se\/adolfsberg\/inskolning-pa-forskolan\/","og_locale":"sv_SE","og_type":"article","og_title":"S\u00e5 fungerar inskolningen p\u00e5 v\u00e5r f\u00f6rskola | Vittra Adolfberg","og_description":"Hur g\u00e5r inskolningen till p\u00e5 Vittra Adolfberg i Helsingborg? L\u00e4s om v\u00e5r trygga och individuellt anpassade start i f\u00f6rskolan.","og_url":"https:\/\/vittra.se\/adolfsberg\/inskolning-pa-forskolan\/","og_site_name":"Adolfsberg","article_modified_time":"2026-03-03T10:04:08+00:00","twitter_card":"summary_large_image","twitter_title":"S\u00e5 fungerar inskolningen p\u00e5 v\u00e5r f\u00f6rskola | Vittra Adolfberg","twitter_description":"Hur g\u00e5r inskolningen till p\u00e5 Vittra Adolfberg i Helsingborg? L\u00e4s om v\u00e5r trygga och individuellt anpassade start i f\u00f6rskolan.","schema":{"@context":"https:\/\/schema.org","@graph":[{"@type":"WebPage","@id":"https:\/\/vittra.se\/adolfsberg\/inskolning-pa-forskolan\/","url":"https:\/\/vittra.se\/adolfsberg\/inskolning-pa-forskolan\/","name":"S\u00e5 fungerar inskolningen p\u00e5 v\u00e5r f\u00f6rskola | Vittra Adolfberg","isPartOf":{"@id":"https:\/\/vittra.se\/adolfsberg\/#website"},"datePublished":"2026-03-03T10:04:07+00:00","dateModified":"2026-03-03T10:04:08+00:00","description":"Hur g\u00e5r inskolningen till p\u00e5 Vittra Adolfberg i Helsingborg? L\u00e4s om v\u00e5r trygga och individuellt anpassade start i f\u00f6rskolan.","breadcrumb":{"@id":"https:\/\/vittra.se\/adolfsberg\/inskolning-pa-forskolan\/#breadcrumb"},"inLanguage":"sv-SE","potentialAction":[{"@type":"ReadAction","target":["https:\/\/vittra.se\/adolfsberg\/inskolning-pa-forskolan\/"]}]},{"@type":"BreadcrumbList","@id":"https:\/\/vittra.se\/adolfsberg\/inskolning-pa-forskolan\/#breadcrumb","itemListElement":[{"@type":"ListItem","position":1,"name":"Start","item":"https:\/\/vittra.se\/adolfsberg\/"},{"@type":"ListItem","position":2,"name":"Inskolning p\u00e5 f\u00f6rskolan"}]},{"@type":"WebSite","@id":"https:\/\/vittra.se\/adolfsberg\/#website","url":"https:\/\/vittra.se\/adolfsberg\/","name":"Adolfsberg","description":"Kunskap att f\u00f6r\u00e4ndra. Mod att p\u00e5verka.","potentialAction":[{"@type":"SearchAction","target":{"@type":"EntryPoint","urlTemplate":"https:\/\/vittra.se\/adolfsberg\/?s={search_term_string}"},"query-input":"required name=search_term_string"}],"inLanguage":"sv-SE"}]}},"_links":{"self":[{"href":"https:\/\/vittra.se\/adolfsberg\/wp-json\/wp\/v2\/pages\/2420"}],"collection":[{"href":"https:\/\/vittra.se\/adolfsberg\/wp-json\/wp\/v2\/pages"}],"about":[{"href":"https:\/\/vittra.se\/adolfsberg\/wp-json\/wp\/v2\/types\/page"}],"author":[{"embeddable":true,"href":"https:\/\/vittra.se\/adolfsberg\/wp-json\/wp\/v2\/users\/90"}],"replies":[{"embeddable":true,"href":"https:\/\/vittra.se\/adolfsberg\/wp-json\/wp\/v2\/comments?post=2420"}],"version-history":[{"count":11,"href":"https:\/\/vittra.se\/adolfsberg\/wp-json\/wp\/v2\/pages\/2420\/revisions"}],"predecessor-version":[{"id":2463,"href":"https:\/\/vittra.se\/adolfsberg\/wp-json\/wp\/v2\/pages\/2420\/revisions\/2463"}],"wp:attachment":[{"href":"https:\/\/vittra.se\/adolfsberg\/wp-json\/wp\/v2\/media?parent=2420"}],"curies":[{"name":"wp","href":"https:\/\/api.w.org\/{rel}","templated":true}]}}